INSERT INTO `files` (`id`, `user_id`, `filename`, `disk`, `path`, `extension`, `mime`, `size`, `created_at`, `updated_at`) VALUES
(1230, 1, 'New-Spring-Summer-Thin-Casual-Jacket-Mens-Fashion-Stand-Collar-Business-Jackets-Coat-Pockets-Windproof-Mens (1).jpg', 'public_storage', 'media/XPOcfrJgw8VPPlyCpe2tsvh0pz6aEsAqr1rO66GK.jpeg', 'jpeg', 'image/jpeg', '204076', '2020-05-09 05:32:57', '2020-05-09 05:32:57'),
(1231, 1, 'New-Spring-Summer-Thin-Casual-Jacket-Mens-Fashion-Stand-Collar-Business-Jacketsdsadas-Coat-Pockets-Windproof-Mens.jpg', 'public_storage', 'media/NCYCPPcYdqx6HlOvyoE9wYLWNR5CFAjd8uFrDtU7.webp', 'jpeg', 'image/jpeg', '48940', '2020-05-09 05:32:57', '2020-05-09 05:32:57'),
(1232, 1, 'New-Spring-Summer-Thin-Casual-Jacket-Mens-Fashion-Standsadasd-Collar-Business-Jackets-Coat-Pockets-Windproof-Mens.jpg', 'public_storage', 'media/XUYcRgNRmftwRfyBybBRJZsOAxCyn2bJRDKhrTII.webp', 'jpeg', 'image/jpeg', '53930', '2020-05-09 05:32:57', '2020-05-09 05:32:57'),
(1233, 1, 'Hot-Mens-Parka-Coats-Men-Winter-Warmdsada-Hooded-Fur-Collar-Men-Jackets-Casual-Padded-Male-Overcoats.jpg', 'public_storage', 'media/A5gyeRPTAlypEKW4DwSKqtBn6kE9FwpCY7Prk6kl.webp', 'jpeg', 'image/jpeg', '61960', '2020-05-09 05:34:25', '2020-05-09 05:34:25'),
(1234, 1, 'Hot-Mens-Parka-Coats-Men-Winter-Warm-Hooddsadased-Fur-Collar-Men-Jackets-Casual-Padded-Male-Overcoats.jpg', 'public_storage', 'media/MmyFGY9CN8vxPOlsR2GGDiWPN34syp2NKUAACeKk.webp', 'jpeg', 'image/jpeg', '51980', '2020-05-09 05:34:34', '2020-05-09 05:34:34'),
(1235, 1, 'H44301ebed2214f18a7e68a65230a3622m.jpg', 'public_storage', 'media/SECgFYrrSpC2bLSsL3hUAnzKhnFwAXOsRcQJKh35.webp', 'jpeg', 'image/jpeg', '145272', '2020-05-09 05:34:44', '2020-05-09 05:34:44'),
(1236, 1, 'H82fb62071dec4990a6c2fc8f3d9145c5b.jpg', 'public_storage', 'media/PB2khzC9L7qXkpJjxLF1FdVtWaAgvRk2fNrGLpH2.jpeg', 'jpeg', 'image/jpeg', '207257', '2020-05-09 05:35:07', '2020-05-09 05:35:07'),
(1237, 1, 'H38fb0f0ba43d44e7bb0ebd10fec39958a.jpg', 'public_storage', 'media/cJnQFJSLoSujJXMTmbDGKjx4diDwneZ4Rmg14uDT.webp', 'jpeg', 'image/jpeg', '158492', '2020-05-09 05:35:20', '2020-05-09 05:35:20'),
(1238, 1, 'H16704fdf482e48ee98d11647346f80fcS.jpg', 'public_storage', 'media/WsjufDKdOjsE1RhUwka7HsOFaDEt1QCbqtoH7bYb.webp', 'jpeg', 'image/jpeg', '71916', '2020-05-09 05:35:35', '2020-05-09 05:35:35'),
(1239, 1, 'Hot-Mens-Parka-Coats-Men-Winter-Warmdsada-Hooded-Fur-Collar-Men-Jackets-Casual-Padded-Male-Overcoats.jpg', 'public_storage', 'media/cDHT1GUHIBsQdNknvAiB5MEUvX5EdN2uDtuV2X60.webp', 'jpeg', 'image/jpeg', '61960', '2020-05-09 05:36:25', '2020-05-09 05:36:25'),
(1240, 1, 'Hot-Mens-Parka-Coats-Men-Winter-Warm-Hooddsadased-Fur-Collar-Men-Jackets-Casual-Padded-Male-Overcoats.jpg', 'public_storage', 'media/QgdKYPumIqadvJEfiuU0lULhI1WrX4VDMLHVh2S8.webp', 'jpeg', 'image/jpeg', '51980', '2020-05-09 05:36:25', '2020-05-09 05:36:25'),
(1241, 1, 'Hot-Mens-Parka-Coats-Men-Winter-Warm-Hooded-Fur-Collar-Men-dsadsaJackets-Casual-Padded-Male-Overcoats.jpg', 'public_storage', 'media/WdwZiJqxwq3mHkSdd2FK940ahSxKj8zv4znTgRZB.webp', 'jpeg', 'image/jpeg', '76014', '2020-05-09 05:36:26', '2020-05-09 05:36:26'),
(1242, 1, 'Hot-Mens-Parka-Coats-Men-Winter-Warm-Hooded-Fdsadsadur-Collar-Men-Jackets-Casual-Padded-Male-Overcoats.jpg', 'public_storage', 'media/Wr2V4ds4Ymqse06rBe4SCliGFTA6EesLO9OD9fZ2.webp', 'jpeg', 'image/jpeg', '76516', '2020-05-09 05:36:26', '2020-05-09 05:36:26'),
(1243, 1, 'Hot-Mens-Parka-Coats-Men-Winter-Warm-Hooded-Fur-Collar-Men-Jackets-Casualdsada-Padded-Male-Overcoats.jpg', 'public_storage', 'media/fzzW0Ddgn3n5EfQPhDxgxMvGQ40nmBjDsDybcMgp.webp', 'jpeg', 'image/jpeg', '88764', '2020-05-09 05:36:26', '2020-05-09 05:36:26'),
(1244, 1, 'Hot-Mens-Parka-Coats-Men-Winter-Warm-Hooded-Fur-Collar-Men-Jackets-Casual-Padded-Male-Overcoats.jpg', 'public_storage', 'media/CGWwf1CcWmd64CIQEstNO1IclH5UWUZJMjWnYGlv.jpeg', 'jpeg', 'image/jpeg', '404306', '2020-05-09 05:36:28', '2020-05-09 05:36:28'),
(1245, 1, 'dc99a5ff-d124-4563-8699-6f73bb9d1b01._CR0,0,1464,600_PT0_SX1464__.jpg', 'public_storage', 'media/sBbbPgKzoVN3Qci84NdPqfCvRaUu2ILDRFsIUxrE.jpeg', 'jpeg', 'image/jpeg', '498452', '2020-05-09 05:38:24', '2020-05-09 05:38:24'),
(1246, 1, 'db495ae9-ad38-4d4d-8c68-5cd41d9cdf84._CR0,0,1464,600_PT0_SX1464__.jpg', 'public_storage', 'media/jhSEBMkgJTa4ipEeAwTbF5zkfJObgUBTT415LlUG.jpeg', 'jpeg', 'image/jpeg', '291134', '2020-05-09 05:38:39', '2020-05-09 05:38:39'),
(1247, 1, '94772aaf-c0ee-4ab9-94e6-a2614f6e9352._CR0,0,1464,600_PT0_SX1464__.jpg', 'public_storage', 'media/uuulXGimD0VvQjFvwr37OmRzQOQYXgIEkG214yDJ.jpeg', 'jpeg', 'image/jpeg', '187436', '2020-05-09 05:38:55', '2020-05-09 05:38:55'),
(1248, 1, '59329ac0-fb5c-48be-8bfe-a496745cdcef._CR0,0,1464,600_PT0_SX1464__.jpg', 'public_storage', 'media/RlRmjl8lBLPnCW3MsHpzNZ3UQBzcoaOXRuhEFzjp.jpeg', 'jpeg', 'image/jpeg', '507880', '2020-05-09 05:39:06', '2020-05-09 05:39:06'),
(1249, 1, '81epgr8cbaL._AC_SX355_.jpg', 'public_storage', 'media/NMcWYkxwXrxfnoDTH5Ap8dpElelDVuSLmXpOQafe.jpeg', 'jpeg', 'image/jpeg', '13402', '2020-05-09 05:40:38', '2020-05-09 05:40:38'),
(1250, 1, '61PXHiVznfL._AC_SY450_.jpg', 'public_storage', 'media/YiYBIrdvVRfBORH1LoCsdpd2DbDW3Z5ICqxmW4uQ.jpeg', 'jpeg', 'image/jpeg', '4792', '2020-05-09 05:40:38', '2020-05-09 05:40:38'),
(1251, 1, '81rWJX8RrhL._AC_SX355_.jpg', 'public_storage', 'media/SazZLNwFMFJUv3O6s62j7eGcEXEWdyUAH22eMemd.jpeg', 'jpeg', 'image/jpeg', '9769', '2020-05-09 05:40:39', '2020-05-09 05:40:39'),
(1252, 1, '81t8g5FEeDL._AC_SX355_.jpg', 'public_storage', 'media/6xy2atpzhs2zfnXqv1oy4yDk2vZyOX9ixUB60tZJ.jpeg', 'jpeg', 'image/jpeg', '6404', '2020-05-09 05:40:39', '2020-05-09 05:40:39'),
(1253, 1, '81jDAXbBuQL._AC_SX679_.jpg', 'public_storage', 'media/yIcgdIA3quvIXnh5MZWd85ebkezvyZGSRzWBTsoJ.jpeg', 'jpeg', 'image/jpeg', '52706', '2020-05-09 05:40:39', '2020-05-09 05:40:39'),
(1254, 1, 'A1r8ImebtuL._AC_SX679_.jpg', 'public_storage', 'media/mvAaJUVURekJ7KdNUsRgEvR0ML1v2kbbIiSRVEaH.jpeg', 'jpeg', 'image/jpeg', '96176', '2020-05-09 05:47:44', '2020-05-09 05:47:44'),
(1255, 1, '71pWjMLbGRL._AC_SX355_.jpg', 'public_storage', 'media/EMSSU6oraCTvlPynsC9q4NlDPexYr2s8jRQrjsM1.jpeg', 'jpeg', 'image/jpeg', '5596', '2020-05-09 05:47:57', '2020-05-09 05:47:57'),
(1256, 1, 'A1Ci7Iaj+eL._AC_SX355_.jpg', 'public_storage', 'media/s9RV2CoY5JM8hrnQQjIWifVTyZEY4qYHj4IIqYXs.jpeg', 'jpeg', 'image/jpeg', '23905', '2020-05-09 05:49:15', '2020-05-09 05:49:15'),
(1257, 1, '61G-+wZjCiL._AC_SY355_.jpg', 'public_storage', 'media/yfJEgQoQGZ9jkVQ3RIbHYb8zp0GP6CR2b97FwO6X.jpeg', 'jpeg', 'image/jpeg', '1930', '2020-05-09 05:49:53', '2020-05-09 05:49:53'),
(1258, 1, 'Pro_Display_Desktop_US_01._CB444732905_.jpg', 'public_storage', 'media/iTuGsPhg45NNy1BjYBAijlpQF7ThpQiZIA527YYt.jpeg', 'jpeg', 'image/jpeg', '261848', '2020-05-10 08:53:43', '2020-05-10 08:53:43'),
(1259, 1, 'Pro_Display_Desktop_US_02._CB444732905_.jpg', 'public_storage', 'media/oohXvnbcwoxhKk92rUoVoKhRg69UWq9yMXTaXu1L.jpeg', 'jpeg', 'image/jpeg', '177242', '2020-05-10 08:54:00', '2020-05-10 08:54:00'),
(1260, 1, 'Pro_Display_Desktop_US_03._CB444732905_.jpg', 'public_storage', 'media/AbhtHxwIc7IsPPnAM6MPS5jmhqM4l4s31w9VzTCi.jpeg', 'jpeg', 'image/jpeg', '136766', '2020-05-10 08:54:14', '2020-05-10 08:54:14'),
(1261, 1, 'Pro_Display_Desktop_US_04._CB444732905_.jpg', 'public_storage', 'media/IGs0n8Ab1LTtJXjs5EERn8yR9s3IbNgzNK7UfmJM.jpeg', 'jpeg', 'image/jpeg', '108760', '2020-05-10 08:54:30', '2020-05-10 08:54:30'),
(1262, 1, 'Pro_Display_Desktop_US_05._CB444732905_.jpg', 'public_storage', 'media/Dd0reK2TRIYveu11c1SiVt17GM0hCAB2yFLqV25d.jpeg', 'jpeg', 'image/jpeg', '137220', '2020-05-10 08:54:39', '2020-05-10 08:54:39'),
(1263, 1, 'Pro_Display_Desktop_US_06._CB444732905_.jpg', 'public_storage', 'media/pqSpQde3RuSatFb9gIZ5aYELRyEvoMDzki9LecAz.jpeg', 'jpeg', 'image/jpeg', '230176', '2020-05-10 08:54:51', '2020-05-10 08:54:51'),
(1264, 1, '61A5xDVn0pL._AC_SX342_.jpg', 'public_storage', 'media/IvEmhRYTjuglHL2CSzpY8l9se3r2c23fbFp7Inj4.jpeg', 'jpeg', 'image/jpeg', '7879', '2020-05-10 08:59:29', '2020-05-10 08:59:29'),
(1265, 1, '71pEQi2sX3L._AC_SX522_.jpg', 'public_storage', 'media/2phZ8djxgS146EagAtDpEuGLrDwaxgSTlQ77YQbv.jpeg', 'jpeg', 'image/jpeg', '50687', '2020-05-10 08:59:30', '2020-05-10 08:59:30'),
(1266, 1, '81oEIytsw8L._AC_SX342_.jpg', 'public_storage', 'media/LC90b0GYA8fqq8Quwg6YwqmAbSOChFAJ6UBxQgH4.jpeg', 'jpeg', 'image/jpeg', '23024', '2020-05-10 08:59:30', '2020-05-10 08:59:30'),
(1267, 1, '81bXhzq2zqL._AC_SX342_.jpg', 'public_storage', 'media/3UJg6IwuIGRCqXSsLl3aWjsiMX3UFCxJ1m1J1xHT.jpeg', 'jpeg', 'image/jpeg', '64660', '2020-05-10 08:59:30', '2020-05-10 08:59:30'),
(1268, 1, '91H09dcM9nL._AC_SX342_.jpg', 'public_storage', 'media/44SvvCAXL5dP0jh7RuyRsFEIQshEDZ2F9k7y790R.jpeg', 'jpeg', 'image/jpeg', '33643', '2020-05-10 08:59:30', '2020-05-10 08:59:30'),
(1269, 1, '91ZzUCz4FpL._AC_SX342_.jpg', 'public_storage', 'media/Ezc7xVPC1cNk1HIg4yoJr4KblPT6Yw43x99wHJSS.jpeg', 'jpeg', 'image/jpeg', '22773', '2020-05-10 08:59:31', '2020-05-10 08:59:31'),
(1270, 1, 'mac_mini_OVERVIEW_1._CB479649376_.jpg', 'public_storage', 'media/d1ozzIORjADACJK58ve3jE2XdmnAK7dSVry06UCv.jpeg', 'jpeg', 'image/jpeg', '40478', '2020-05-10 09:01:13', '2020-05-10 09:01:13'),
(1271, 1, 'mac_mini_OVERVIEW_3._CB479649376_.jpg', 'public_storage', 'media/II8z8mdxyg8AIfQvgvje7jaJDGKY0gN6JpJHmWIn.jpeg', 'jpeg', 'image/jpeg', '76790', '2020-05-10 09:01:30', '2020-05-10 09:01:30'),
(1272, 1, 'mac_mini_OVERVIEW_4._CB479649376_.jpg', 'public_storage', 'media/7YRC0xB4CPhuqlynEz6XoYysJryQ4G4YlKQlixKG.jpeg', 'jpeg', 'image/jpeg', '41812', '2020-05-10 09:01:40', '2020-05-10 09:01:40'),
(1273, 1, 'mac_mini_OVERVIEW_8._CB479649462_.jpg', 'public_storage', 'media/elV8uMPvr5YQmVuXOXhhaBmRM5CZGq9cwBW8fGsS.jpeg', 'jpeg', 'image/jpeg', '94343', '2020-05-10 09:01:53', '2020-05-10 09:01:53'),
(1274, 1, 'mac_mini_OVERVIEW_10._CB479649408_.jpg', 'public_storage', 'media/o3cRhJ7zptmbhuqcBXmP9iHAPEmKW7DMfttBYe96.jpeg', 'jpeg', 'image/jpeg', '98579', '2020-05-10 09:02:03', '2020-05-10 09:02:03'),
(1275, 1, 'mac_mini_OVERVIEW_11._CB479649408_.jpg', 'public_storage', 'media/AQYhloKCGkXhtRQdootulIisZ1FvK2e8dmonF5R6.jpeg', 'jpeg', 'image/jpeg', '94861', '2020-05-10 09:02:12', '2020-05-10 09:02:12'),
(1276, 1, '71+SpzdTlmL._AC_SX342_.jpg', 'public_storage', 'media/mylRoXJsqXIWgqCaPWW1TkFV0shHp8gbkk8A0oDm.jpeg', 'jpeg', 'image/jpeg', '3068', '2020-05-10 09:03:24', '2020-05-10 09:03:24'),
(1277, 1, '71+SpzdTlmL._AC_SX522_.jpg', 'public_storage', 'media/iM8dIw3foG8jd8JweXwl9vOKGKhFV0L1J70LXXqc.jpeg', 'jpeg', 'image/jpeg', '5245', '2020-05-10 09:03:24', '2020-05-10 09:03:24'),
(1278, 1, '71TwiznhcML._AC_SX342_.jpg', 'public_storage', 'media/W7xRcQeyQVq5mmt400Qh6roUow24yr34xWRBZn4m.jpeg', 'jpeg', 'image/jpeg', '2156', '2020-05-10 09:03:24', '2020-05-10 09:03:24'),
(1279, 1, '91Ums-XEfoL._AC_SX342_.jpg', 'public_storage', 'media/2ITgUML9FBBri7PiKv3VGeyV12MHOGBsS5D8cOAE.jpeg', 'jpeg', 'image/jpeg', '6966', '2020-05-10 09:03:24', '2020-05-10 09:03:24'),
(1280, 1, '91jPmffyaSL._AC_SX342_.jpg', 'public_storage', 'media/9CnClTHPnjCglf5Ru5bAbgesYIneUub0c4L0WCDR.jpeg', 'jpeg', 'image/jpeg', '5341', '2020-05-10 09:03:25', '2020-05-10 09:03:25'),
(1281, 1, '61fzaK+xkhL._AC_UX522_.jpg', 'public_storage', 'media/j7CK4bmuI8y1kGK9Hc6ZDAHbnwhZkuJxHmFzalL7.jpeg', 'jpeg', 'image/jpeg', '44909', '2020-05-10 09:06:42', '2020-05-10 09:06:42'),
(1282, 1, '61JOq3h-Z7L._AC_UY500_ (1).jpg', 'public_storage', 'media/1MTlx357tdkn2QARveIjCbTCvctA8sdUTYAx253f.jpeg', 'jpeg', 'image/jpeg', '40393', '2020-05-10 09:06:43', '2020-05-10 09:06:43'),
(1283, 1, '61JOq3h-Z7L._AC_UY500_.jpg', 'public_storage', 'media/TsWtfJfIVNbHB2BFcYJ11KJOu7cKtNCZhY7JH07t.jpeg', 'jpeg', 'image/jpeg', '40393', '2020-05-10 09:06:43', '2020-05-10 09:06:43'),
(1284, 1, '71ce13fZdAL._AC_UY741_.jpg', 'public_storage', 'media/YNwjRRdm8RyQRq6jF4JUdwJaCMWFvKBaeqed78Vg.jpeg', 'jpeg', 'image/jpeg', '62177', '2020-05-10 09:06:43', '2020-05-10 09:06:43'),
(1285, 1, '81EcsqqLF0L._AC_UX522_.jpg', 'public_storage', 'media/9SUYkFIgojR89Wq5J0wgVvr94YgVZy83NNO2o3uf.jpeg', 'jpeg', 'image/jpeg', '64880', '2020-05-10 09:06:44', '2020-05-10 09:06:44'),
(1286, 1, 'cbe2f7e5-56d2-4c5b-932f-07a789a1faaa.__CR0,0,1464,600_PT0_SX1464_V1___.jpg', 'public_storage', 'media/1ARMUzSfLl5OgTg5kjkvz85dJQfqKlavd2hmQ9w6.jpeg', 'jpeg', 'image/jpeg', '191937', '2020-05-10 13:57:35', '2020-05-10 13:57:35'),
(1287, 1, '83d492e6-3959-42f9-a406-c50feb20b97c.__CR0,0,1464,600_PT0_SX1464_V1___.jpg', 'public_storage', 'media/LNitFUHC8GPLu3TtXHYrvwYFDUFW1eoh8I1J0kus.jpeg', 'jpeg', 'image/jpeg', '163581', '2020-05-10 13:57:48', '2020-05-10 13:57:48'),
(1288, 1, 'ba20787b-c9e8-40b6-8f6b-ea0d98d11177.__CR0,0,1464,600_PT0_SX1464_V1___.jpg', 'public_storage', 'media/ekLjQe3FD2y6pxAoekVRVyWgUk61MkiZtvgfCTpf.jpeg', 'jpeg', 'image/jpeg', '184779', '2020-05-10 13:58:01', '2020-05-10 13:58:01'),
(1289, 1, '61hQz-NtuUL._SX522_.jpg', 'public_storage', 'media/AFuem7166l4WkNbo57dG5x7HDHkDu7v2PJFRzLT9.jpeg', 'jpeg', 'image/jpeg', '7789', '2020-05-10 14:00:03', '2020-05-10 14:00:03'),
(1290, 1, '71byGcUN9iL._SX522_.jpg', 'public_storage', 'media/hXSVJf4mY4iwRN5J1ZxAGK9cAPs8LHGzrmGgX3kY.jpeg', 'jpeg', 'image/jpeg', '9205', '2020-05-10 14:00:03', '2020-05-10 14:00:03'),
(1291, 1, '71rKrBA2eDL._SX522_.jpg', 'public_storage', 'media/7ZfkKetVvFbOzrXdwRESmz7TjQhxBYPHXztYyrfs.jpeg', 'jpeg', 'image/jpeg', '11873', '2020-05-10 14:00:03', '2020-05-10 14:00:03'),
(1292, 1, '71URNvzoWqL._SX522_.jpg', 'public_storage', 'media/1EBHxsOmi23rkvCURdRddD9n8REOMb4R3MliK6MA.jpeg', 'jpeg', 'image/jpeg', '9453', '2020-05-10 14:00:03', '2020-05-10 14:00:03'),
(1293, 1, '71vFBR0SMRL._SX522_.jpg', 'public_storage', 'media/NUrigIAXE4dgUklJqvEM3eYJeg9UzOqpfbRJ5p55.jpeg', 'jpeg', 'image/jpeg', '7586', '2020-05-10 14:00:03', '2020-05-10 14:00:03'),
(1294, 1, '71WtgfRInqL._SX522_.jpg', 'public_storage', 'media/bDsjoRITUCNLt7nxxcX08vZHF31kE38eNmlHpOfj.jpeg', 'jpeg', 'image/jpeg', '8311', '2020-05-10 14:00:03', '2020-05-10 14:00:03'),
(1295, 1, '716-fayZAQL._SX522_.jpg', 'public_storage', 'media/h0MiJzQBDJIrDVYzvjev33BtLYJN6IxLkCq844EZ.jpeg', 'jpeg', 'image/jpeg', '11490', '2020-05-10 14:00:04', '2020-05-10 14:00:04'),
(1296, 1, 'Macbook_Pro_DESKTOP_US_01._CB462829217_.jpg', 'public_storage', 'media/N6nId5NOP7e9GODBWgtTRADWF0g54vNEneySdJzJ.jpeg', 'jpeg', 'image/jpeg', '144552', '2020-05-11 05:34:12', '2020-05-11 05:34:12'),
(1297, 1, 'Macbook_Pro_DESKTOP_US_02._CB462829217_.jpg', 'public_storage', 'media/XbP2OOs5f6Ouz7SFojXIsDocK7voYCMZLoLoMvo4.jpeg', 'jpeg', 'image/jpeg', '153990', '2020-05-11 05:34:24', '2020-05-11 05:34:24'),
(1298, 1, 'Macbook_Pro_DESKTOP_US_03._CB462829216_.jpg', 'public_storage', 'media/uJWTTFHG93018uuCqxjzFm6tXLE9PRxFi28nbZ6u.jpeg', 'jpeg', 'image/jpeg', '156632', '2020-05-11 05:34:33', '2020-05-11 05:34:33'),
(1299, 1, 'Macbook_Pro_DESKTOP_US_04._CB462829217_.jpg', 'public_storage', 'media/HfxUy8r6ncbEJ9GZ6znsMxFlN61kvSvzboYEH5OS.jpeg', 'jpeg', 'image/jpeg', '228143', '2020-05-11 05:34:43', '2020-05-11 05:34:43'),
(1302, 1, 'Brand 01 – 16@3x-min.png', 'public_storage', 'media/cpX550XTke137wP71XC4bd6vGf68l6emVynXq3HJ.png', 'png', 'image/png', '1726', '2020-05-14 03:04:13', '2020-05-14 03:04:13'),
(1303, 1, 'Brand 01@3x-min.png', 'public_storage', 'media/Quysi8IloZADWNe2ZxeK98PN4FgHpoQWBXSnhlQV.png', 'png', 'image/png', '3129', '2020-05-14 03:04:37', '2020-05-14 03:04:37'),
(1304, 1, 'Brand 01 – 2@3x-min.png', 'public_storage', 'media/DbwfoaPYxERzjV8qsFUSpS9UMjskuZ5yauWC3Wtn.png', 'png', 'image/png', '2358', '2020-05-14 03:05:37', '2020-05-14 03:05:37'),
(1305, 1, 'Brand 01 – 1@3x-min.png', 'public_storage', 'media/H0BnQ6XoB6vBb1YAkRg22mncLS76Yv0zGz4T4M04.png', 'png', 'image/png', '3310', '2020-05-14 03:06:10', '2020-05-14 03:06:10'),
(1306, 1, 'Brand 01 – 4@3x-min.png', 'public_storage', 'media/3IcUp71JfyiH3wkWU0omhlcs0xqgdWzmY3Z4imMO.png', 'png', 'image/png', '6668', '2020-05-14 03:06:39', '2020-05-14 03:06:39'),
(1307, 1, 'Brand 01 – 13@3x-min.png', 'public_storage', 'media/P9UF8sprnzBNqEnbAd2j82UA4b0fzk85uIZp4H4s.png', 'png', 'image/png', '2585', '2020-05-14 03:07:22', '2020-05-14 03:07:22'),
(1308, 1, 'Brand 01 – 12@3x-min.png', 'public_storage', 'media/8DfT3LNUhYbei3YrhJ1FscMVKiPPQi43LdCY29Am.png', 'png', 'image/png', '6081', '2020-05-14 03:07:55', '2020-05-14 03:07:55'),
(1309, 1, 'Brand 01 – 15@3x-min.png', 'public_storage', 'media/RlQnH51zyXArkeBhIT0BCaJiyqAIcdCHCNjnsiZW.png', 'png', 'image/png', '3332', '2020-05-14 03:08:32', '2020-05-14 03:08:32'),
(1310, 1, 'Brand 01 – 14@3x-min.png', 'public_storage', 'media/vW30vojYODrqYBs9x3ToIpBHm1zyrKU7ZhmD9SQG.png', 'png', 'image/png', '3583', '2020-05-14 03:09:14', '2020-05-14 03:09:14'),
(1311, 1, 'Brand 01 – 17@3x-min.png', 'public_storage', 'media/HSvr36xBFke3Jh6mbDaeAG8jJZ4RH78ousrLr1i2.png', 'png', 'image/png', '5036', '2020-05-14 03:09:34', '2020-05-14 03:09:34'),
(1312, 1, 'Brand 01 – 7@3x-min.png', 'public_storage', 'media/JnH5uK3QY3mOamQ8NsHCbtqj0xULHsjOTHtHTbeO.png', 'png', 'image/png', '2152', '2020-05-14 03:10:00', '2020-05-14 03:10:00'),
(1313, 1, 'Brand 01 – 6@3x-min.png', 'public_storage', 'media/rCfwklCfNTBKz4JGeloPqqI7BTS8PdYibzEkB8mS.png', 'png', 'image/png', '3281', '2020-05-14 03:10:24', '2020-05-14 03:10:24'),
(1314, 1, 'Brand 01 – 9@3x-min.png', 'public_storage', 'media/8bmlnpJluQBwAAJolyS708652aY6Kj8dEmYQ7woo.png', 'png', 'image/png', '1682', '2020-05-14 03:10:48', '2020-05-14 03:10:48'),
(1315, 1, 'Brand 01 – 10@3x-min.png', 'public_storage', 'media/j2WP3lfi8JTanXQsxrNDclJAb2RHKxBOtlQwlK2g.png', 'png', 'image/png', '2383', '2020-05-14 03:11:16', '2020-05-14 03:11:16'),
(1316, 1, 'Brand 01 – 3@3x-min.png', 'public_storage', 'media/JwT1Wydv8ADuSHBh7ZtCaWLkuO2Jy9WYZRovQW1W.png', 'png', 'image/png', '2131', '2020-05-14 03:11:48', '2020-05-14 03:11:48'),
(1317, 1, 'Brand 01 – 5@3x-min.png', 'public_storage', 'media/SbgS1CCecSpvvnBeBmG6xP49q2NymXQzJpiHbMAi.png', 'png', 'image/png', '6518', '2020-05-14 03:12:39', '2020-05-14 03:12:39'),
(1318, 1, 'Brand 01 – 8@3x-min.png', 'public_storage', 'media/nshpkDL124reDq8apPXBcpVrnV8ABDzC88R5gg3K.png', 'png', 'image/png', '2341', '2020-05-14 03:13:00', '2020-05-14 03:13:00'),
(1319, 1, 'Brand 01 – 11@3x-min.png', 'public_storage', 'media/jZG1juhijMhWSrn8B4jgsX5x4Vb8dOTdZTtGNACo.png', 'png', 'image/png', '2998', '2020-05-14 03:13:25', '2020-05-14 03:13:25'),
(1320, 1, '13@3x-min.png', 'public_storage', 'media/AqrwjTUau7Cmbdiee3A2S1f2u1lwj9IjXhhqR1Hi.png', 'png', 'image/png', '60533', '2020-05-14 04:07:57', '2020-05-14 04:07:57'),
(1322, 1, '20@3x-min.png', 'public_storage', 'media/IgJok4wjecUqeyWNgsVPwFWxmnO6VOLNCzrGGFvP.png', 'png', 'image/png', '67007', '2020-05-14 04:17:21', '2020-05-14 04:17:21'),
(1323, 1, '15@3x-min.png', 'public_storage', 'media/txsKtAr43dI9aBTlfh4WhLMw4VGx8HUnLxawDpol.png', 'png', 'image/png', '54901', '2020-05-14 04:20:17', '2020-05-14 04:20:17'),
(1324, 1, '14@3x-min.png', 'public_storage', 'media/CyoJXQkx2GGTE2WVKM9trMVFM3WPobiEDlYgXslC.png', 'png', 'image/png', '66086', '2020-05-14 04:21:30', '2020-05-14 04:21:30'),
(1325, 1, '21@3x-min.png', 'public_storage', 'media/JXLqFHkNsJWLkon6Tmm1mHFepAlj11LIBoj2AVnW.png', 'png', 'image/png', '53699', '2020-05-14 04:27:29', '2020-05-14 04:27:29'),
(1326, 1, '17@3x-min.png', 'public_storage', 'media/ID3lGBAHgUWNfYvh7idp4YPviEXvN6623QNh7bzi.png', 'png', 'image/png', '48593', '2020-05-14 04:28:34', '2020-05-14 04:28:34'),
(1327, 1, '16@3x-min.png', 'public_storage', 'media/FZOXKIk4KKgGYfejBlQY6fng7eA7Z4ovnWhCNI4m.png', 'png', 'image/png', '47827', '2020-05-14 04:35:19', '2020-05-14 04:35:19'),
(1328, 1, '19@3x-min.png', 'public_storage', 'media/4XsgMSFJkUxQjTLK8GPMwnQiZ1FC1doxJQb8tiXh.png', 'png', 'image/png', '55747', '2020-05-14 04:37:10', '2020-05-14 04:37:10'),
(1329, 1, '18@3x-min.png', 'public_storage', 'media/8Ntu2QD7zkzzlpmag8rKpr9nPQ9tYVp3NN7n0xbX.png', 'png', 'image/png', '67680', '2020-05-14 04:38:20', '2020-05-14 04:38:20'),
(1330, 1, 'mobile-145x145.png', 'public_storage', 'media/UAP07Ygha9iXNfG1Rh6DYWrwVQ3HfkuqetLaLc6M.jpeg', 'png', 'image/png', '2362', '2020-05-14 07:31:53', '2020-05-14 07:31:53'),
(1331, 1, 'laptop-145x145-min.png', 'public_storage', 'media/2cZfkz85nXxlSTySz6R8m34u5UQLfiRQVyKjF8hm.png', 'png', 'image/png', '4290', '2020-05-14 07:32:29', '2020-05-14 07:32:29'),
(1332, 1, 'sunglass-145x145.png', 'public_storage', 'media/4vy12UtugCqB76AoWvy0cAHlzKb1HZsklmkOQ6hK.jpeg', 'png', 'image/png', '1898', '2020-05-14 07:33:21', '2020-05-14 07:33:21'),
(1333, 1, 'watch-145x145.png', 'public_storage', 'media/0Ae4WkaGunLTgTDf24i2ui0hhGB2kZPRVS5k7rn8.jpeg', 'png', 'image/png', '1648', '2020-05-14 07:33:47', '2020-05-14 07:33:47'),
(1334, 1, 'television-145x145-min.png', 'public_storage', 'media/sjBHD1SNqe4BgkqmvqmWAB7U759HOZPVJRvV1Qbr.png', 'png', 'image/png', '9304', '2020-05-14 07:34:45', '2020-05-14 07:34:45'),
(1335, 1, 'tablet-145x145.png', 'public_storage', 'media/dzeszBwEcUnjWoixHvGYJD7uD2j6BWsy7TBK7tcJ.jpeg', 'png', 'image/png', '2722', '2020-05-14 07:40:45', '2020-05-14 07:40:45'),
(1336, 1, 'about-1-1395x464-min.jpg', 'public_storage', 'media/HmOKyObsMLWvxahqNqsnvjox2PYfZJMPNxuHMs29.jpeg', 'jpeg', 'image/jpeg', '65482', '2020-05-14 12:48:27', '2020-05-14 12:48:27'),
(1338, 1, '07 – 1@3x-min.png', 'public_storage', 'media/VVyvSfw4dAZI57qelPofORurzNNc7rDlsxVbTO5m.png', 'png', 'image/png', '24919', '2020-05-16 06:05:06', '2020-05-16 06:05:06'),
(1339, 1, '06 – 1@3x-min.png', 'public_storage', 'media/kSSkGodUfAKYy1UVZ8CicO8oay5PKO4L3DdEE9Tw.png', 'png', 'image/png', '39162', '2020-05-16 06:19:26', '2020-05-16 06:19:26'),
(1342, 1, 'Logo@2x-min.png', 'public_storage', 'media/o7Z3fzwifjBga5shBOeoFJoLl9p3v9Nl12YIhMlE.png', 'png', 'image/png', '3706', '2020-05-16 16:18:42', '2020-05-16 16:18:42'),
(1344, 1, 'Group 1948.png', 'public_storage', 'media/oAtEJJgk1FWZv9MNjcmR1I9pNCrbGI2C7W0LXKDP.png', 'png', 'image/png', '725', '2020-05-16 16:36:29', '2020-05-16 16:36:29'),
(1345, 1, '31g5ORo9YsL._SX38_SY50_CR,0,0,38,50_.jpg', 'public_storage', 'media/t2sKagsQ9Q45TiuO9wOUX1DwjRNdaMoClyJECqtd.jpg', 'jpg', 'image/jpeg', '864', '2023-12-02 09:08:04', '2023-12-02 09:08:04'),
(1346, 1, '31nRSM9K41L._SX38_SY50_CR,0,0,38,50_.jpg', 'public_storage', 'media/KwQNDJ9HOvetFS494X2EKt05hUKHNcpxlYNell8W.jpg', 'jpg', 'image/jpeg', '879', '2023-12-02 09:08:04', '2023-12-02 09:08:04'),
(1347, 1, '41cJByxIHXL._SX38_SY50_CR,0,0,38,50_.jpg', 'public_storage', 'media/FxEkk9FBD8xFtb5oHI3kYog4SE3c6ChDJUYtitAy.jpg', 'jpg', 'image/jpeg', '864', '2023-12-02 09:08:05', '2023-12-02 09:08:05'),
(1348, 1, '41KgdLuAkzL._SX38_SY50_CR,0,0,38,50_.jpg', 'public_storage', 'media/hInpmQHJx61AqrUSDgsAKYDSs9uO8v3cx3vgNS9p.jpg', 'jpg', 'image/jpeg', '925', '2023-12-02 09:08:05', '2023-12-02 09:08:05'),
(1349, 1, '319fIk1s7FL._SX38_SY50_CR,0,0,38,50_.jpg', 'public_storage', 'media/GBkAbvNUSYkJAHAigfx9PJkVvPcToM2XUMZx2uch.jpg', 'jpg', 'image/jpeg', '702', '2023-12-02 09:08:05', '2023-12-02 09:08:05'),
(1350, 1, '41lGyogIQnL._SX38_SY50_CR,0,0,38,50_.jpg', 'public_storage', 'media/srxv0FwvsDsBYQl93giMmjLWseryBcZxEmk3hFR6.jpg', 'jpg', 'image/jpeg', '1022', '2023-12-02 09:08:05', '2023-12-02 09:08:05'),
(1351, 1, '41vk8nhNGML._SX38_SY50_CR,0,0,38,50_.jpg', 'public_storage', 'media/b9uXgeQhGWYEH8OwPUyuRorJptMpggZkTjOYxI23.jpg', 'jpg', 'image/jpeg', '871', '2023-12-02 09:09:21', '2023-12-02 09:09:21'),
(1352, 1, '31uS93y+NsL._SX38_SY50_CR,0,0,38,50_.jpg', 'public_storage', 'media/lkdwhnlYSQjUAlOUMnKxpIqZMny3UCFc35jvkUC8.jpg', 'jpg', 'image/jpeg', '862', '2023-12-02 09:10:12', '2023-12-02 09:10:12');

-- --------------------------------------------------------

--
-- Table structure for table `flash_sales`
--

CREATE TABLE `flash_sales` (
  `id` int UNSIGNED NOT NULL,
  `created_at` timestamp NULL DEFAULT NULL,
  `updated_at` timestamp NULL DEFAULT NULL
) ENGINE=InnoDB DEFAULT CHARSET=utf8mb4 COLLATE=utf8mb4_unicode_ci;

--
-- Dumping data for table `flash_sales`
--

INSERT INTO `flash_sales` (`id`, `created_at`, `updated_at`) VALUES
(1, '2020-05-15 12:30:19', '2020-05-15 12:30:19'),
(2, '2020-05-15 12:47:07', '2020-05-15 12:47:07');

-- --------------------------------------------------------

--
-- Table structure for table `flash_sale_products`
--

CREATE TABLE `flash_sale_products` (
  `id` int UNSIGNED NOT NULL,
  `flash_sale_id` int UNSIGNED NOT NULL,
  `product_id` int UNSIGNED NOT NULL,
  `end_date` date NOT NULL,
  `price` decimal(18,4) UNSIGNED NOT NULL,
  `qty` int NOT NULL,
  `position` int NOT NULL
) ENGINE=InnoDB DEFAULT CHARSET=utf8mb4 COLLATE=utf8mb4_unicode_ci;

--
-- Dumping data for table `flash_sale_products`
--

INSERT INTO `flash_sale_products` (`id`, `flash_sale_id`, `product_id`, `end_date`, `price`, `qty`, `position`) VALUES
(1, 1, 2, '2024-05-01', '450.0000', 15, 0),
(2, 1, 94, '2024-05-01', '49.0000', 55, 1),
(3, 1, 95, '2024-05-01', '155.0000', 22, 2),
(4, 1, 116, '2024-05-01', '15.2000', 34, 3),
(5, 2, 82, '2024-05-01', '17.0000', 10, 0),
(6, 2, 84, '2024-05-01', '15.0000', 34, 1),
(7, 2, 135, '2024-05-01', '19.0000', 25, 2);

-- --------------------------------------------------------

--
-- Table structure for table `flash_sale_product_orders`
--

CREATE TABLE `flash_sale_product_orders` (
  `flash_sale_product_id` int UNSIGNED NOT NULL,
  `order_id` int UNSIGNED NOT NULL,
  `qty` int NOT NULL
) ENGINE=InnoDB DEFAULT CHARSET=utf8mb4 COLLATE=utf8mb4_unicode_ci;

--
-- Dumping data for table `flash_sale_product_orders`
--

INSERT INTO `flash_sale_product_orders` (`flash_sale_product_id`, `order_id`, `qty`) VALUES
(1, 4, 11),
(2, 4, 21),
(3, 4, 8),
(4, 4, 14);

-- --------------------------------------------------------

--
-- Table structure for table `flash_sale_translations`
--

CREATE TABLE `flash_sale_translations` (
  `id` int UNSIGNED NOT NULL,
  `flash_sale_id` int UNSIGNED NOT NULL,
  `locale` varchar(191) CHARACTER SET utf8mb4 COLLATE utf8mb4_unicode_ci NOT NULL,
  `campaign_name` varchar(191) CHARACTER SET utf8mb4 COLLATE utf8mb4_unicode_ci NOT NULL
) ENGINE=InnoDB DEFAULT CHARSET=utf8mb4 COLLATE=utf8mb4_unicode_ci;

--
-- Dumping data for table `flash_sale_translations`
--

INSERT INTO `flash_sale_translations` (`id`, `flash_sale_id`, `locale`, `campaign_name`) VALUES
(1, 1, 'en', 'Flash Sale'),
(2, 2, 'en', 'Winter Sale');

-- --------------------------------------------------------

--
-- Table structure for table `menus`
--

CREATE TABLE `menus` (
  `id` int UNSIGNED NOT NULL,
  `is_active` tinyint(1) NOT NULL,
  `created_at` timestamp NULL DEFAULT NULL,
  `updated_at` timestamp NULL DEFAULT NULL
) ENGINE=InnoDB DEFAULT CHARSET=utf8mb4 COLLATE=utf8mb4_unicode_ci;

--
-- Dumping data for table `menus`
--

INSERT INTO `menus` (`id`, `is_active`, `created_at`, `updated_at`) VALUES
(1, 1, '2020-04-27 12:17:45', '2020-04-27 12:17:45'),
(2, 1, '2020-04-28 11:47:07', '2020-04-28 11:47:07'),
(3, 1, '2020-05-07 07:19:23', '2020-05-07 07:19:23'),
(4, 1, '2020-05-07 08:00:34', '2020-05-07 08:00:34');

-- --------------------------------------------------------

--
-- Table structure for table `menu_items`
--

CREATE TABLE `menu_items` (
  `id` int UNSIGNED NOT NULL,
  `menu_id` int UNSIGNED NOT NULL,
  `parent_id` int UNSIGNED DEFAULT NULL,
  `category_id` int UNSIGNED DEFAULT NULL,
  `page_id` int UNSIGNED DEFAULT NULL,
  `type` varchar(191) CHARACTER SET utf8mb4 COLLATE utf8mb4_unicode_ci NOT NULL,
  `url` varchar(191) CHARACTER SET utf8mb4 COLLATE utf8mb4_unicode_ci DEFAULT NULL,
  `icon` varchar(191) CHARACTER SET utf8mb4 COLLATE utf8mb4_unicode_ci DEFAULT NULL,
  `target` varchar(191) CHARACTER SET utf8mb4 COLLATE utf8mb4_unicode_ci NOT NULL,
  `position` int UNSIGNED DEFAULT NULL,
  `is_root` tinyint(1) NOT NULL DEFAULT '0',
  `is_fluid` tinyint(1) NOT NULL,
  `is_active` tinyint(1) NOT NULL,
  `created_at` timestamp NULL DEFAULT NULL,
  `updated_at` timestamp NULL DEFAULT NULL
) ENGINE=InnoDB DEFAULT CHARSET=utf8mb4 COLLATE=utf8mb4_unicode_ci;

--
-- Dumping data for table `menu_items`
--

INSERT INTO `menu_items` (`id`, `menu_id`, `parent_id`, `category_id`, `page_id`, `type`, `url`, `icon`, `target`, `position`, `is_root`, `is_fluid`, `is_active`, `created_at`, `updated_at`) VALUES
(1, 1, NULL, NULL, NULL, 'URL', NULL, NULL, '_self', 0, 1, 0, 1, '2020-04-27 12:17:45', '2020-04-27 12:17:45'),
(3, 2, NULL, NULL, NULL, 'URL', NULL, NULL, '_self', 0, 1, 0, 1, '2020-04-28 11:47:08', '2020-04-28 11:47:08'),
(5, 1, 1, NULL, 2, 'page', '#', NULL, '_self', 3, 0, 0, 1, '2020-05-05 11:30:40', '2020-05-14 13:08:47'),
(6, 1, 1, NULL, 4, 'page', '#', NULL, '_self', 4, 0, 0, 1, '2020-05-05 11:31:20', '2020-05-15 11:43:48'),
(7, 1, 1, NULL, 1, 'url', 'https://codecanyon.net/item/fleetcart-laravel-ecommerce-system/23014826', NULL, '_blank', 5, 0, 0, 1, '2020-05-05 11:31:49', '2020-05-15 11:43:48'),
(8, 1, 1, NULL, 3, 'url', '/products', NULL, '_self', 0, 0, 0, 1, '2020-05-05 11:44:28', '2020-05-15 21:56:34'),
(9, 1, 1, NULL, 5, 'page', NULL, NULL, '_self', 2, 0, 0, 1, '2020-05-05 11:46:44', '2020-05-14 13:08:47'),
(10, 2, 3, 181, NULL, 'category', NULL, 'las la-car-battery', '_self', 0, 0, 1, 1, '2020-05-05 12:13:02', '2020-05-05 13:15:53'),
(11, 2, 3, 12, NULL, 'category', NULL, 'las la-tshirt', '_self', 1, 0, 1, 1, '2020-05-05 13:03:30', '2020-05-05 13:11:47'),
(12, 2, 3, NULL, NULL, 'url', '/categories/laptops/products', 'las la-laptop', '_self', 2, 0, 0, 1, '2020-05-05 13:05:57', '2020-05-15 23:43:14'),
(13, 2, 3, NULL, NULL, 'url', '/categories/mobiles/products', 'las la-mobile', '_self', 3, 0, 0, 1, '2020-05-05 13:06:48', '2020-05-15 23:44:27'),
(14, 2, 3, 181, NULL, 'category', NULL, 'las la-microchip', '_self', 4, 0, 1, 1, '2020-05-05 13:10:43', '2020-05-05 13:11:47'),
(15, 2, 3, NULL, NULL, 'url', '/categories/televisions/products', 'las la-tv', '_self', 5, 0, 0, 1, '2020-05-05 13:14:34', '2020-05-15 23:44:56'),
(16, 2, 3, NULL, NULL, 'url', '/categories/watches/products', 'lar la-clock', '_self', 6, 0, 0, 1, '2020-05-05 13:27:43', '2020-05-15 23:45:07'),
(17, 2, 3, NULL, NULL, 'url', '/categories/mens-fashion/products', 'las la-tshirt', '_self', 7, 0, 0, 1, '2020-05-05 13:29:21', '2020-05-15 23:45:17'),
(18, 2, 17, NULL, NULL, 'url', '/categories/mens-fashion/products', NULL, '_self', 0, 0, 0, 1, '2020-05-05 13:31:18', '2020-05-15 23:45:26'),
(19, 2, 17, NULL, NULL, 'url', '/categories/womens-fashion/products', NULL, '_self', 1, 0, 0, 1, '2020-05-05 13:33:34', '2020-05-15 23:45:35'),
(20, 2, 3, NULL, NULL, 'url', '/categories/backpacks/products', 'las la-suitcase-rolling', '_self', 8, 0, 0, 1, '2020-05-05 13:40:14', '2020-05-15 23:45:45'),
(21, 2, 12, NULL, NULL, 'url', '/brands/hp/products', NULL, '_self', 0, 0, 0, 1, '2020-05-05 13:42:46', '2020-05-15 23:43:32'),
(22, 2, 12, NULL, NULL, 'url', '/brands/asus/products', NULL, '_self', 2, 0, 0, 1, '2020-05-05 13:43:03', '2020-05-15 23:43:53'),
(23, 2, 12, NULL, NULL, 'url', '/brands/apple/products', NULL, '_self', 3, 0, 0, 1, '2020-05-05 13:43:21', '2020-05-15 23:44:12'),
(24, 2, 12, NULL, NULL, 'url', '/categories/huawei/products', NULL, '_self', 1, 0, 0, 1, '2020-05-05 13:44:05', '2020-05-15 23:43:43'),
(27, 2, 3, NULL, NULL, 'url', '/categories/tablets/products', 'las la-tablet', '_self', 9, 0, 0, 1, '2020-05-05 13:57:40', '2020-05-15 23:45:59'),
(28, 2, 3, NULL, NULL, 'url', '/categories/mobile-headphones/products', 'las la-headphones', '_self', 10, 0, 0, 1, '2020-05-05 15:03:45', '2020-05-15 23:46:20'),
(29, 3, NULL, NULL, NULL, 'URL', NULL, NULL, '_self', 0, 1, 0, 1, '2020-05-07 07:19:23', '2020-05-07 07:19:23'),
(30, 3, 29, NULL, 4, 'page', '#', NULL, '_self', 2, 0, 0, 1, '2020-05-07 07:41:00', '2020-05-14 13:05:14'),
(31, 3, 29, NULL, 1, 'page', '#', NULL, '_self', 3, 0, 0, 1, '2020-05-07 07:41:23', '2020-05-14 13:06:43'),
(32, 3, 29, NULL, 5, 'page', '#', NULL, '_self', 0, 0, 0, 1, '2020-05-07 07:41:39', '2020-05-14 13:06:51'),
(33, 3, 29, NULL, 2, 'page', '#', NULL, '_self', 4, 0, 0, 1, '2020-05-07 07:42:03', '2020-05-14 13:05:14'),
(34, 3, 29, NULL, 3, 'page', 'https://fleetcart.envaysoft.com/en/products', NULL, '_self', 1, 0, 0, 1, '2020-05-07 07:42:46', '2020-05-14 13:06:51'),
(35, 4, NULL, NULL, NULL, 'URL', NULL, NULL, '_self', 0, 1, 0, 1, '2020-05-07 08:00:34', '2020-05-07 08:00:34'),
(36, 4, 35, NULL, NULL, 'url', '/brands/samsung/products', NULL, '_self', 1, 0, 0, 1, '2020-05-07 08:00:53', '2020-05-15 23:42:20'),
(37, 4, 35, NULL, NULL, 'url', '/brands/msi/products', NULL, '_self', 2, 0, 0, 1, '2020-05-07 08:01:08', '2020-05-15 23:42:32'),
(38, 4, 35, NULL, NULL, 'url', '/categories/hot-sale/products', NULL, '_self', 0, 0, 0, 1, '2020-05-07 08:01:24', '2020-05-15 23:42:10'),
(39, 4, 35, NULL, NULL, 'url', '/categories/backpacks/products', NULL, '_self', 3, 0, 0, 1, '2020-05-07 08:02:09', '2020-05-15 23:42:42'),
(40, 4, 35, NULL, NULL, 'url', '/categories/mens-fashion/products', NULL, '_self', NULL, 0, 0, 1, '2020-05-07 08:06:18', '2020-05-15 23:42:52'),
(41, 2, 3, NULL, NULL, 'url', '/categories/hot-sale/products', 'las la-fire', '_blank', 11, 0, 0, 1, '2020-05-14 03:43:52', '2020-05-15 23:46:30'),
(42, 2, 3, NULL, NULL, 'url', '/categories/shoes/products', 'las la-shoe-prints', '_self', 12, 0, 0, 1, '2020-05-14 03:49:54', '2020-05-15 23:46:40'),
(43, 1, 1, 181, NULL, 'url', '/brands', NULL, '_self', 1, 0, 0, 1, '2020-05-14 13:08:36', '2020-05-15 23:41:02');

-- --------------------------------------------------------

--
-- Table structure for table `menu_item_translations`
--

CREATE TABLE `menu_item_translations` (
  `id` int UNSIGNED NOT NULL,
  `menu_item_id` int UNSIGNED NOT NULL,
  `locale` varchar(191) CHARACTER SET utf8mb4 COLLATE utf8mb4_unicode_ci NOT NULL,
  `name` varchar(191) CHARACTER SET utf8mb4 COLLATE utf8mb4_unicode_ci NOT NULL
) ENGINE=InnoDB DEFAULT CHARSET=utf8mb4 COLLATE=utf8mb4_unicode_ci;

--
-- Dumping data for table `menu_item_translations`
--

INSERT INTO `menu_item_translations` (`id`, `menu_item_id`, `locale`, `name`) VALUES
(1, 1, 'en', 'root'),
(3, 3, 'en', 'root'),
(5, 5, 'en', 'Terms Of Use'),
(6, 6, 'en', 'FAQ'),
(7, 7, 'en', 'BUY THEME!'),
(8, 8, 'en', 'Shop'),
(9, 9, 'en', 'About Us'),
(10, 10, 'en', 'Electronics'),
(11, 11, 'en', 'Men\'s Fashion'),
(12, 12, 'en', 'Laptops'),
(13, 13, 'en', 'Mobiles'),
(14, 14, 'en', 'Consumer Electronics'),
(15, 15, 'en', 'Televisions'),
(16, 16, 'en', 'Watches'),
(17, 17, 'en', 'Fashion'),
(18, 18, 'en', 'Men\'s Fashion'),
(19, 19, 'en', 'Women\'s Fashion'),
(20, 20, 'en', 'Backpacks'),
(21, 21, 'en', 'HP'),
(22, 22, 'en', 'Asus'),
(23, 23, 'en', 'Apple'),
(24, 24, 'en', 'Huawei'),
(27, 27, 'en', 'Tablets'),
(28, 28, 'en', 'Headphones'),
(29, 29, 'en', 'root'),
(30, 29, 'ar', 'root'),
(31, 30, 'en', 'FAQ'),
(32, 31, 'en', 'Privacy & Policy'),
(33, 32, 'en', 'About Us'),
(34, 33, 'en', 'Terms Of Use'),
(35, 34, 'en', 'Return Policy'),
(36, 35, 'en', 'root'),
(37, 35, 'ar', 'root'),
(38, 36, 'en', 'Specials'),
(39, 37, 'en', 'Hot Deals'),
(40, 38, 'en', 'New Arrivals'),
(41, 39, 'en', 'Backpacks'),
(42, 40, 'en', 'Men\'s Fashion'),
(43, 41, 'en', 'Hot Sale'),
(44, 42, 'en', 'Shoes'),
(45, 43, 'en', 'Brands');

-- --------------------------------------------------------

--
-- Table structure for table `menu_translations`
--

CREATE TABLE `menu_translations` (
  `id` int UNSIGNED NOT NULL,
  `menu_id` int UNSIGNED NOT NULL,
  `locale` varchar(191) CHARACTER SET utf8mb4 COLLATE utf8mb4_unicode_ci NOT NULL,
  `name` varchar(191) CHARACTER SET utf8mb4 COLLATE utf8mb4_unicode_ci NOT NULL
) ENGINE=InnoDB DEFAULT CHARSET=utf8mb4 COLLATE=utf8mb4_unicode_ci;

--
-- Dumping data for table `menu_translations`
--

INSERT INTO `menu_translations` (`id`, `menu_id`, `locale`, `name`) VALUES
(1, 1, 'en', 'Primary Menu'),
(2, 2, 'en', 'Category Menu'),
(3, 3, 'en', 'Footer Menu 1'),
(4, 4, 'en', 'Footer Menu 2');

-- --------------------------------------------------------

--
-- Table structure for table `meta_data`
--

CREATE TABLE `meta_data` (
  `id` int UNSIGNED NOT NULL,
  `entity_type` varchar(191) CHARACTER SET utf8mb4 COLLATE utf8mb4_unicode_ci NOT NULL,
  `entity_id` bigint UNSIGNED NOT NULL,
  `created_at` timestamp NULL DEFAULT NULL,
  `updated_at` timestamp NULL DEFAULT NULL
) ENGINE=InnoDB DEFAULT CHARSET=utf8mb4 COLLATE=utf8mb4_unicode_ci;

--
-- Dumping data for table `meta_data`
--

INSERT INTO `meta_data` (`id`, `entity_type`, `entity_id`, `created_at`, `updated_at`) VALUES
(1, 'Modules\\Product\\Entities\\Product', 1, '2020-04-25 17:01:38', '2020-04-25 17:01:38'),
(2, 'Modules\\Product\\Entities\\Product', 2, '2020-04-27 06:16:18', '2020-04-27 06:16:18'),
(3, 'Modules\\Product\\Entities\\Product', 3, '2020-04-27 09:22:31', '2020-04-27 09:22:31'),
(4, 'Modules\\Product\\Entities\\Product', 4, '2020-04-27 09:36:59', '2020-04-27 09:36:59'),
(5, 'Modules\\Product\\Entities\\Product', 5, '2020-04-27 09:57:25', '2020-04-27 09:57:25'),
(6, 'Modules\\Product\\Entities\\Product', 6, '2020-04-27 10:01:41', '2020-04-27 10:01:41'),
(7, 'Modules\\Product\\Entities\\Product', 7, '2020-04-27 10:09:34', '2020-04-27 10:09:34'),
(8, 'Modules\\Product\\Entities\\Product', 8, '2020-04-27 10:13:27', '2020-04-27 10:13:27'),
(9, 'Modules\\Product\\Entities\\Product', 9, '2020-04-27 12:26:14', '2020-04-27 12:26:14'),
(10, 'Modules\\Product\\Entities\\Product', 10, '2020-04-27 12:30:57', '2020-04-27 12:30:57'),
(11, 'Modules\\Product\\Entities\\Product', 11, '2020-04-27 12:35:25', '2020-04-27 12:35:25'),
(12, 'Modules\\Product\\Entities\\Product', 12, '2020-04-27 12:40:16', '2020-04-27 12:40:16'),
(13, 'Modules\\Product\\Entities\\Product', 13, '2020-04-27 12:51:35', '2020-04-27 12:51:35'),
(14, 'Modules\\Product\\Entities\\Product', 14, '2020-04-27 13:31:45', '2020-04-27 13:31:45'),
(15, 'Modules\\Product\\Entities\\Product', 15, '2020-04-27 13:36:47', '2020-04-27 13:36:47'),
(16, 'Modules\\Product\\Entities\\Product', 16, '2020-04-27 13:39:40', '2020-04-27 13:39:40'),
(17, 'Modules\\Product\\Entities\\Product', 17, '2020-04-27 13:43:50', '2020-04-27 13:43:50'),
(18, 'Modules\\Product\\Entities\\Product', 18, '2020-04-27 13:48:26', '2020-04-27 13:48:26'),
(19, 'Modules\\Product\\Entities\\Product', 19, '2020-04-27 13:59:29', '2020-04-27 13:59:29'),
(20, 'Modules\\Product\\Entities\\Product', 20, '2020-04-28 08:16:12', '2020-04-28 08:16:12'),
(21, 'Modules\\Product\\Entities\\Product', 21, '2020-04-28 08:18:30', '2020-04-28 08:18:30'),
(22, 'Modules\\Product\\Entities\\Product', 22, '2020-04-28 08:21:10', '2020-04-28 08:21:10'),
(23, 'Modules\\Product\\Entities\\Product', 23, '2020-04-28 08:24:21', '2020-04-28 08:24:21'),
(24, 'Modules\\Product\\Entities\\Product', 24, '2020-04-28 08:28:45', '2020-04-28 08:28:45'),
(25, 'Modules\\Product\\Entities\\Product', 25, '2020-04-28 08:32:00', '2020-04-28 08:32:00'),
(26, 'Modules\\Product\\Entities\\Product', 26, '2020-04-28 08:36:32', '2020-04-28 08:36:32'),
(27, 'Modules\\Product\\Entities\\Product', 27, '2020-04-28 13:20:24', '2020-04-28 13:20:24'),
(28, 'Modules\\Product\\Entities\\Product', 28, '2020-04-28 13:25:26', '2020-04-28 13:25:26'),
(29, 'Modules\\Product\\Entities\\Product', 29, '2020-04-28 13:28:29', '2020-04-28 13:28:29'),
(30, 'Modules\\Product\\Entities\\Product', 30, '2020-04-28 13:32:58', '2020-04-28 13:32:58'),
(31, 'Modules\\Product\\Entities\\Product', 31, '2020-04-28 13:35:34', '2020-04-28 13:35:34'),
(32, 'Modules\\Product\\Entities\\Product', 32, '2020-04-29 05:23:47', '2020-04-29 05:23:47'),
(33, 'Modules\\Product\\Entities\\Product', 33, '2020-04-29 05:27:04', '2020-04-29 05:27:04'),
(34, 'Modules\\Product\\Entities\\Product', 34, '2020-04-29 05:30:33', '2020-04-29 05:30:33'),
(35, 'Modules\\Product\\Entities\\Product', 35, '2020-04-29 05:33:40', '2020-04-29 05:33:40'),
(36, 'Modules\\Product\\Entities\\Product', 36, '2020-04-29 05:37:29', '2020-04-29 05:37:29'),
(37, 'Modules\\Product\\Entities\\Product', 37, '2020-04-29 05:40:54', '2020-04-29 05:40:54'),
(38, 'Modules\\Product\\Entities\\Product', 38, '2020-04-29 05:44:07', '2020-04-29 05:44:07'),
(39, 'Modules\\Product\\Entities\\Product', 39, '2020-04-29 08:32:55', '2020-04-29 08:32:55'),
(40, 'Modules\\Product\\Entities\\Product', 40, '2020-04-29 08:34:43', '2020-04-29 08:34:43'),
(41, 'Modules\\Product\\Entities\\Product', 41, '2020-04-29 08:37:16', '2020-04-29 08:37:16'),
(42, 'Modules\\Product\\Entities\\Product', 42, '2020-04-29 08:40:06', '2020-04-29 08:40:06'),
(43, 'Modules\\Product\\Entities\\Product', 43, '2020-04-29 08:43:00', '2020-04-29 08:43:00'),
(44, 'Modules\\Product\\Entities\\Product', 44, '2020-04-29 08:44:39', '2020-04-29 08:44:39'),
(45, 'Modules\\Product\\Entities\\Product', 45, '2020-04-29 08:48:23', '2020-04-29 08:48:23'),
(46, 'Modules\\Product\\Entities\\Product', 46, '2020-04-30 11:30:42', '2020-04-30 11:30:42'),
(47, 'Modules\\Product\\Entities\\Product', 47, '2020-04-30 11:33:47', '2020-04-30 11:33:47'),
(48, 'Modules\\Product\\Entities\\Product', 48, '2020-04-30 11:35:58', '2020-04-30 11:35:58'),
(49, 'Modules\\Product\\Entities\\Product', 49, '2020-04-30 11:40:55', '2020-04-30 11:40:55'),
(50, 'Modules\\Product\\Entities\\Product', 50, '2020-05-01 11:58:11', '2020-05-01 11:58:11'),
(51, 'Modules\\Product\\Entities\\Product', 51, '2020-05-01 12:09:06', '2020-05-01 12:09:06'),
(52, 'Modules\\Product\\Entities\\Product', 52, '2020-05-01 12:14:35', '2020-05-01 12:14:35'),
(53, 'Modules\\Product\\Entities\\Product', 53, '2020-05-01 12:20:43', '2020-05-01 12:20:43'),
(54, 'Modules\\Product\\Entities\\Product', 54, '2020-05-01 12:29:32', '2020-05-01 12:29:32'),
(55, 'Modules\\Product\\Entities\\Product', 55, '2020-05-02 05:51:00', '2020-05-02 05:51:00'),
(56, 'Modules\\Product\\Entities\\Product', 56, '2020-05-02 06:01:00', '2020-05-02 06:01:00'),
(57, 'Modules\\Product\\Entities\\Product', 57, '2020-05-02 06:06:43', '2020-05-02 06:06:43'),
(58, 'Modules\\Product\\Entities\\Product', 58, '2020-05-02 06:11:56', '2020-05-02 06:11:56'),
(59, 'Modules\\Product\\Entities\\Product', 59, '2020-05-02 06:32:26', '2020-05-02 06:32:26'),
(60, 'Modules\\Product\\Entities\\Product', 60, '2020-05-02 08:39:44', '2020-05-02 08:39:44'),
(61, 'Modules\\Product\\Entities\\Product', 61, '2020-05-02 08:45:54', '2020-05-02 08:45:54'),
(62, 'Modules\\Product\\Entities\\Product', 62, '2020-05-02 08:51:04', '2020-05-02 08:51:04'),
(63, 'Modules\\Product\\Entities\\Product', 63, '2020-05-02 10:11:19', '2020-05-02 10:11:19'),
(64, 'Modules\\Product\\Entities\\Product', 64, '2020-05-03 02:49:25', '2020-05-03 02:49:25'),
(65, 'Modules\\Product\\Entities\\Product', 65, '2020-05-03 03:01:44', '2020-05-03 03:01:44'),
(66, 'Modules\\Product\\Entities\\Product', 66, '2020-05-03 03:14:01', '2020-05-03 03:14:01'),
(67, 'Modules\\Product\\Entities\\Product', 67, '2020-05-03 03:28:21', '2020-05-03 03:28:21'),
(68, 'Modules\\Product\\Entities\\Product', 68, '2020-05-03 03:44:27', '2020-05-03 03:44:27'),
(69, 'Modules\\Product\\Entities\\Product', 69, '2020-05-03 08:42:47', '2020-05-03 08:42:47'),
(70, 'Modules\\Product\\Entities\\Product', 70, '2020-05-03 08:47:47', '2020-05-03 08:47:47'),
(71, 'Modules\\Product\\Entities\\Product', 71, '2020-05-03 08:52:10', '2020-05-03 08:52:10'),
(72, 'Modules\\Product\\Entities\\Product', 72, '2020-05-03 08:56:55', '2020-05-03 08:56:55'),
(73, 'Modules\\Product\\Entities\\Product', 73, '2020-05-03 09:02:34', '2020-05-03 09:02:34'),
(74, 'Modules\\Product\\Entities\\Product', 74, '2020-05-03 09:05:48', '2020-05-03 09:05:48'),
(75, 'Modules\\Product\\Entities\\Product', 75, '2020-05-03 09:13:10', '2020-05-03 09:13:10'),
(76, 'Modules\\Product\\Entities\\Product', 76, '2020-05-03 09:17:58', '2020-05-03 09:17:58'),
(77, 'Modules\\Product\\Entities\\Product', 77, '2020-05-03 09:21:06', '2020-05-03 09:21:06'),
(78, 'Modules\\Product\\Entities\\Product', 78, '2020-05-03 09:27:53', '2020-05-03 09:27:53'),
(79, 'Modules\\Product\\Entities\\Product', 79, '2020-05-03 09:33:44', '2020-05-03 09:33:44'),
(80, 'Modules\\Product\\Entities\\Product', 80, '2020-05-05 05:51:30', '2020-05-05 05:51:30'),
(81, 'Modules\\Product\\Entities\\Product', 81, '2020-05-05 06:03:08', '2020-05-05 06:03:08'),
(82, 'Modules\\Product\\Entities\\Product', 82, '2020-05-05 06:11:16', '2020-05-05 06:11:16'),
(83, 'Modules\\Product\\Entities\\Product', 83, '2020-05-05 06:17:30', '2020-05-05 06:17:30'),
(84, 'Modules\\Product\\Entities\\Product', 84, '2020-05-05 06:25:16', '2020-05-05 06:25:16'),
(85, 'Modules\\Product\\Entities\\Product', 85, '2020-05-05 13:12:06', '2020-05-05 13:12:06'),
(86, 'Modules\\Product\\Entities\\Product', 86, '2020-05-05 13:20:11', '2020-05-05 13:20:11'),
(87, 'Modules\\Product\\Entities\\Product', 87, '2020-05-05 13:30:42', '2020-05-05 13:30:42'),
(88, 'Modules\\Product\\Entities\\Product', 88, '2020-05-05 13:36:23', '2020-05-05 13:36:23'),
(89, 'Modules\\Product\\Entities\\Product', 89, '2020-05-05 13:41:15', '2020-05-05 13:41:15'),
(90, 'Modules\\Product\\Entities\\Product', 90, '2020-05-06 03:46:08', '2020-05-06 03:46:08'),
(91, 'Modules\\Product\\Entities\\Product', 91, '2020-05-06 03:48:11', '2020-05-06 03:48:11'),
(92, 'Modules\\Product\\Entities\\Product', 92, '2020-05-06 03:51:37', '2020-05-06 03:51:37'),
(93, 'Modules\\Product\\Entities\\Product', 93, '2020-05-06 04:11:38', '2020-05-06 04:11:38'),
(94, 'Modules\\Product\\Entities\\Product', 94, '2020-05-06 04:19:25', '2020-05-06 04:19:25'),
(95, 'Modules\\Product\\Entities\\Product', 95, '2020-05-06 04:25:42', '2020-05-06 04:25:42'),
(96, 'Modules\\Product\\Entities\\Product', 96, '2020-05-06 05:37:53', '2020-05-06 05:37:53'),
(97, 'Modules\\Product\\Entities\\Product', 97, '2020-05-06 05:42:24', '2020-05-06 05:42:24'),
(98, 'Modules\\Product\\Entities\\Product', 98, '2020-05-06 05:46:39', '2020-05-06 05:46:39'),
(99, 'Modules\\Product\\Entities\\Product', 99, '2020-05-06 05:50:00', '2020-05-06 05:50:00'),
(100, 'Modules\\Product\\Entities\\Product', 100, '2020-05-06 13:06:36', '2020-05-06 13:06:36'),
(101, 'Modules\\Product\\Entities\\Product', 101, '2020-05-06 13:11:07', '2020-05-06 13:11:07'),
(102, 'Modules\\Product\\Entities\\Product', 102, '2020-05-06 13:15:08', '2020-05-06 13:15:08'),
(103, 'Modules\\Product\\Entities\\Product', 103, '2020-05-06 13:19:24', '2020-05-06 13:19:24'),
(104, 'Modules\\Product\\Entities\\Product', 104, '2020-05-07 04:09:39', '2020-05-07 04:09:39'),
(105, 'Modules\\Product\\Entities\\Product', 105, '2020-05-07 04:14:13', '2020-05-07 04:14:13'),
(106, 'Modules\\Product\\Entities\\Product', 106, '2020-05-07 04:18:43', '2020-05-07 04:18:43'),
(107, 'Modules\\Product\\Entities\\Product', 107, '2020-05-07 04:22:31', '2020-05-07 04:22:31'),
(108, 'Modules\\Product\\Entities\\Product', 108, '2020-05-07 04:29:18', '2020-05-07 04:29:18'),
(109, 'Modules\\Product\\Entities\\Product', 109, '2020-05-07 08:28:37', '2020-05-07 08:28:37'),
(110, 'Modules\\Product\\Entities\\Product', 110, '2020-05-07 08:32:00', '2020-05-07 08:32:00'),
(111, 'Modules\\Product\\Entities\\Product', 111, '2020-05-07 08:34:58', '2020-05-07 08:34:58'),
(112, 'Modules\\Product\\Entities\\Product', 112, '2020-05-07 08:38:51', '2020-05-07 08:38:51'),
(113, 'Modules\\Product\\Entities\\Product', 113, '2020-05-07 08:42:35', '2020-05-07 08:42:35'),
(114, 'Modules\\Product\\Entities\\Product', 114, '2020-05-07 08:46:49', '2020-05-07 08:46:49'),
(115, 'Modules\\Product\\Entities\\Product', 115, '2020-05-07 11:23:13', '2020-05-07 11:23:13'),
(116, 'Modules\\Product\\Entities\\Product', 116, '2020-05-07 11:27:19', '2020-05-07 11:27:19'),
(117, 'Modules\\Product\\Entities\\Product', 117, '2020-05-07 11:29:37', '2020-05-07 11:29:37'),
(118, 'Modules\\Product\\Entities\\Product', 118, '2020-05-07 11:31:34', '2020-05-07 11:31:34'),
(119, 'Modules\\Product\\Entities\\Product', 119, '2020-05-07 11:33:10', '2020-05-07 11:33:10'),
(120, 'Modules\\Product\\Entities\\Product', 120, '2020-05-07 11:38:29', '2020-05-07 11:38:29'),
(121, 'Modules\\Product\\Entities\\Product', 121, '2020-05-08 04:43:18', '2020-05-08 04:43:18'),
(122, 'Modules\\Product\\Entities\\Product', 122, '2020-05-08 04:47:48', '2020-05-08 04:47:48'),
(123, 'Modules\\Product\\Entities\\Product', 123, '2020-05-08 04:55:04', '2020-05-08 04:55:04'),
(124, 'Modules\\Product\\Entities\\Product', 124, '2020-05-08 04:59:01', '2020-05-08 04:59:01'),
(125, 'Modules\\Product\\Entities\\Product', 125, '2020-05-08 05:03:20', '2020-05-08 05:03:20'),
(126, 'Modules\\Product\\Entities\\Product', 126, '2020-05-08 05:05:48', '2020-05-08 05:05:48'),
(127, 'Modules\\Product\\Entities\\Product', 127, '2020-05-08 06:13:15', '2020-05-08 06:13:15'),
(128, 'Modules\\Product\\Entities\\Product', 128, '2020-05-08 06:19:33', '2020-05-08 06:19:33'),
(129, 'Modules\\Product\\Entities\\Product', 129, '2020-05-08 06:22:02', '2020-05-08 06:22:02'),
(130, 'Modules\\Product\\Entities\\Product', 130, '2020-05-08 08:35:15', '2020-05-08 08:35:15'),
(131, 'Modules\\Product\\Entities\\Product', 131, '2020-05-08 08:39:42', '2020-05-08 08:39:42'),
(132, 'Modules\\Product\\Entities\\Product', 132, '2020-05-08 08:42:21', '2020-05-08 08:42:21'),
(133, 'Modules\\Product\\Entities\\Product', 133, '2020-05-08 08:46:03', '2020-05-08 08:46:03'),
(134, 'Modules\\Product\\Entities\\Product', 134, '2020-05-09 05:30:10', '2020-05-09 05:30:10'),
(135, 'Modules\\Product\\Entities\\Product', 135, '2020-05-09 05:33:53', '2020-05-09 05:33:53'),
(136, 'Modules\\Product\\Entities\\Product', 136, '2020-05-09 05:37:46', '2020-05-09 05:37:46'),
(137, 'Modules\\Product\\Entities\\Product', 137, '2020-05-09 05:41:24', '2020-05-09 05:41:24'),
(138, 'Modules\\Product\\Entities\\Product', 138, '2020-05-10 09:04:14', '2020-05-10 09:04:14'),
(139, 'Modules\\Product\\Entities\\Product', 139, '2020-05-10 09:07:33', '2020-05-10 09:07:33'),
(140, 'Modules\\Brand\\Entities\\Brand', 1, '2020-05-10 13:36:27', '2020-05-10 13:36:27'),
(141, 'Modules\\Brand\\Entities\\Brand', 2, '2020-05-10 13:36:44', '2020-05-10 13:36:44'),
(142, 'Modules\\Brand\\Entities\\Brand', 3, '2020-05-10 13:43:34', '2020-05-10 13:43:34'),
(143, 'Modules\\Brand\\Entities\\Brand', 4, '2020-05-10 13:44:38', '2020-05-10 13:44:38'),
(144, 'Modules\\Brand\\Entities\\Brand', 5, '2020-05-10 13:44:49', '2020-05-10 13:44:49'),
(145, 'Modules\\Brand\\Entities\\Brand', 6, '2020-05-10 13:44:57', '2020-05-10 13:44:57'),
(146, 'Modules\\Brand\\Entities\\Brand', 7, '2020-05-10 13:45:31', '2020-05-10 13:45:31'),
(147, 'Modules\\Brand\\Entities\\Brand', 8, '2020-05-10 13:45:40', '2020-05-10 13:45:40'),
(148, 'Modules\\Brand\\Entities\\Brand', 9, '2020-05-10 13:46:04', '2020-05-10 13:46:04'),
(149, 'Modules\\Brand\\Entities\\Brand', 10, '2020-05-10 13:46:24', '2020-05-10 13:46:24'),
(150, 'Modules\\Brand\\Entities\\Brand', 11, '2020-05-10 13:46:31', '2020-05-10 13:46:31'),
(151, 'Modules\\Brand\\Entities\\Brand', 12, '2020-05-10 13:47:07', '2020-05-10 13:47:07'),
(152, 'Modules\\Brand\\Entities\\Brand', 13, '2020-05-10 13:48:10', '2020-05-10 13:48:10'),
(153, 'Modules\\Brand\\Entities\\Brand', 14, '2020-05-10 13:50:03', '2020-05-10 13:50:03'),
(154, 'Modules\\Brand\\Entities\\Brand', 15, '2020-05-10 13:52:54', '2020-05-10 13:52:54'),
(155, 'Modules\\Brand\\Entities\\Brand', 16, '2020-05-10 13:53:43', '2020-05-10 13:53:43'),
(156, 'Modules\\Brand\\Entities\\Brand', 17, '2020-05-10 13:54:03', '2020-05-10 13:54:03'),
(157, 'Modules\\Brand\\Entities\\Brand', 18, '2020-05-10 13:57:18', '2020-05-10 13:57:18'),
(158, 'Modules\\Brand\\Entities\\Brand', 19, '2020-05-10 13:57:36', '2020-05-10 13:57:36'),
(159, 'Modules\\Page\\Entities\\Page', 1, '2020-05-14 07:55:40', '2020-05-14 07:55:40'),
(160, 'Modules\\Page\\Entities\\Page', 2, '2020-05-14 10:15:20', '2020-05-14 10:15:20'),
(161, 'Modules\\Page\\Entities\\Page', 3, '2020-05-14 10:59:27', '2020-05-14 10:59:27'),
(162, 'Modules\\Page\\Entities\\Page', 4, '2020-05-14 11:31:09', '2020-05-14 11:31:09'),
(163, 'Modules\\Page\\Entities\\Page', 5, '2020-05-14 12:52:37', '2020-05-14 12:52:37');

-- --------------------------------------------------------

--
-- Table structure for table `meta_data_translations`
--

CREATE TABLE `meta_data_translations` (
  `id` int UNSIGNED NOT NULL,
  `meta_data_id` int UNSIGNED NOT NULL,
  `locale` varchar(191) CHARACTER SET utf8mb4 COLLATE utf8mb4_unicode_ci NOT NULL,
  `meta_title` varchar(191) CHARACTER SET utf8mb4 COLLATE utf8mb4_unicode_ci DEFAULT NULL,
  `meta_description` text CHARACTER SET utf8mb4 COLLATE utf8mb4_unicode_ci
) ENGINE=InnoDB DEFAULT CHARSET=utf8mb4 COLLATE=utf8mb4_unicode_ci;

--
-- Dumping data for table `meta_data_translations`
--

INSERT INTO `meta_data_translations` (`id`, `meta_data_id`, `locale`, `meta_title`, `meta_description`) VALUES
(1, 1, 'en', NULL, '1.4GHz quad‑core 8th‑generation Intel Core i5 processor, Turbo Boost up to 3.9GHz\r\n8GB 2133MHz LPDDR3 memory, 128GB SSD storage, Retina display with True Tone\r\nIntel Iris Plus Graphics 645, Two Thunderbolt 3 ports, Touch Bar and Touch ID, Backlit Keyboard - US English'),
(2, 2, 'en', NULL, NULL),
(3, 3, 'en', NULL, NULL),
(4, 4, 'en', NULL, NULL),
(5, 5, 'en', NULL, NULL),
(6, 6, 'en', NULL, NULL),
(7, 7, 'en', NULL, NULL),
(8, 8, 'en', NULL, NULL),
(9, 9, 'en', NULL, NULL),
(10, 10, 'en', NULL, NULL),
(11, 11, 'en', NULL, NULL),
(12, 12, 'en', NULL, NULL),
(13, 13, 'en', NULL, NULL),
(14, 14, 'en', NULL, NULL),
(15, 15, 'en', NULL, NULL),
(16, 16, 'en', NULL, NULL),
(17, 17, 'en', NULL, NULL),
(18, 18, 'en', NULL, NULL),
(19, 19, 'en', NULL, NULL),
(20, 20, 'en', NULL, NULL),
(21, 21, 'en', NULL, NULL),
(22, 22, 'en', NULL, NULL),
(23, 23, 'en', NULL, NULL),
(24, 24, 'en', NULL, NULL),
(25, 25, 'en', NULL, NULL),
(26, 26, 'en', NULL, NULL),
(27, 27, 'en', NULL, NULL),
(28, 28, 'en', NULL, NULL),
(29, 29, 'en', NULL, NULL),
(30, 30, 'en', NULL, NULL),
(31, 31, 'en', NULL, NULL),
(32, 32, 'en', NULL, NULL),
(33, 33, 'en', NULL, NULL),
(34, 34, 'en', NULL, NULL),
(35, 35, 'en', NULL, NULL),
(36, 36, 'en', NULL, NULL),
(37, 37, 'en', NULL, NULL),
(38, 38, 'en', NULL, NULL),
(39, 39, 'en', NULL, NULL),
(40, 40, 'en', NULL, NULL),
(41, 41, 'en', NULL, NULL),
(42, 42, 'en', NULL, NULL),
(43, 43, 'en', NULL, NULL),
(44, 44, 'en', NULL, NULL),
(45, 45, 'en', NULL, NULL),
(46, 46, 'en', NULL, NULL),
(47, 47, 'en', NULL, NULL),
(48, 48, 'en', NULL, NULL),
(49, 49, 'en', NULL, NULL),
(50, 50, 'en', NULL, NULL),
(51, 51, 'en', NULL, NULL),
(52, 52, 'en', NULL, NULL),
(53, 53, 'en', NULL, NULL),
(54, 54, 'en', NULL, NULL),
(55, 55, 'en', NULL, NULL),
(56, 56, 'en', NULL, NULL),
(57, 57, 'en', NULL, NULL),
(58, 58, 'en', NULL, NULL),
(59, 59, 'en', NULL, NULL),
(60, 60, 'en', NULL, NULL),
(61, 61, 'en', NULL, NULL),
(62, 62, 'en', NULL, NULL),
(63, 63, 'en', NULL, NULL),
(64, 64, 'en', NULL, NULL),
(65, 65, 'en', NULL, NULL),
(66, 66, 'en', NULL, NULL),
(67, 67, 'en', NULL, NULL),
(68, 68, 'en', NULL, NULL),
(69, 69, 'en', NULL, NULL),
(70, 70, 'en', NULL, NULL),
(71, 71, 'en', NULL, NULL),
(72, 72, 'en', NULL, NULL),
(73, 73, 'en', NULL, NULL),
(74, 74, 'en', NULL, NULL),
(75, 75, 'en', NULL, NULL),
(76, 76, 'en', NULL, NULL),
(77, 77, 'en', NULL, NULL),
(78, 78, 'en', NULL, NULL),
(79, 79, 'en', NULL, NULL),
(80, 80, 'en', NULL, NULL),
(81, 81, 'en', NULL, NULL),
(82, 82, 'en', NULL, NULL),
(83, 83, 'en', NULL, NULL),
(84, 84, 'en', NULL, NULL),
(85, 85, 'en', NULL, NULL),
(86, 86, 'en', NULL, NULL),
(87, 87, 'en', NULL, NULL),
(88, 88, 'en', NULL, NULL),
(89, 89, 'en', NULL, NULL),
(90, 90, 'en', NULL, NULL),
(91, 91, 'en', NULL, NULL),
(92, 92, 'en', NULL, NULL),
(93, 93, 'en', NULL, NULL),
(94, 94, 'en', NULL, NULL),
(95, 95, 'en', NULL, NULL),
(96, 96, 'en', NULL, NULL),
(97, 97, 'en', NULL, NULL),
(98, 98, 'en', NULL, NULL),
(99, 99, 'en', NULL, NULL),
(100, 100, 'en', NULL, NULL),
(101, 101, 'en', NULL, NULL),
(102, 102, 'en', NULL, NULL),
(103, 103, 'en', NULL, NULL),
(104, 104, 'en', NULL, NULL),
(105, 105, 'en', NULL, NULL),
(106, 106, 'en', NULL, NULL),
(107, 107, 'en', NULL, NULL),
(108, 108, 'en', NULL, NULL),
(109, 109, 'en', NULL, NULL),
(110, 110, 'en', NULL, NULL),
(111, 111, 'en', NULL, NULL),
(112, 112, 'en', NULL, NULL),
(113, 113, 'en', NULL, NULL),
(114, 114, 'en', NULL, NULL),
(115, 115, 'en', NULL, NULL),
(116, 116, 'en', NULL, NULL),
(117, 117, 'en', NULL, NULL),
(118, 118, 'en', NULL, NULL),
(119, 119, 'en', NULL, NULL),
(120, 120, 'en', NULL, NULL),
(121, 121, 'en', NULL, NULL),
(122, 122, 'en', NULL, NULL),
(123, 123, 'en', NULL, NULL),
(124, 124, 'en', NULL, NULL),
(125, 125, 'en', NULL, NULL),
(126, 126, 'en', NULL, NULL),
(127, 127, 'en', NULL, NULL),
(128, 128, 'en', NULL, NULL),
(129, 129, 'en', NULL, NULL),
(130, 130, 'en', NULL, NULL),
(131, 131, 'en', NULL, NULL),
(132, 132, 'en', NULL, NULL),
(133, 133, 'en', NULL, NULL),
(134, 134, 'en', NULL, NULL),
(135, 135, 'en', NULL, NULL),
(136, 136, 'en', NULL, NULL),
(137, 137, 'en', NULL, NULL),
(138, 138, 'en', NULL, NULL),
(139, 139, 'en', NULL, NULL),
(140, 140, 'en', NULL, NULL),
(141, 141, 'en', NULL, NULL),
(142, 142, 'en', NULL, NULL),
(143, 143, 'en', NULL, NULL),
(144, 144, 'en', NULL, NULL),
(145, 145, 'en', NULL, NULL),
(146, 146, 'en', NULL, NULL),
(147, 147, 'en', NULL, NULL),
(148, 148, 'en', NULL, NULL),
(149, 149, 'en', NULL, NULL),
(150, 150, 'en', NULL, NULL),
(151, 151, 'en', NULL, NULL),
(152, 152, 'en', NULL, NULL),
(153, 153, 'en', NULL, NULL),
(154, 154, 'en', NULL, NULL),
(155, 155, 'en', NULL, NULL),
(156, 156, 'en', NULL, NULL),
(157, 157, 'en', NULL, NULL),
(158, 158, 'en', NULL, NULL),
(159, 159, 'en', NULL, NULL),
(160, 160, 'en', NULL, NULL),
(161, 161, 'en', NULL, NULL),
(162, 162, 'en', NULL, NULL),
(163, 163, 'en', NULL, NULL);

-- --------------------------------------------------------

--
-- Table structure for table `migrations`
--

CREATE TABLE `migrations` (
  `id` int UNSIGNED NOT NULL,
  `migration` varchar(191) CHARACTER SET utf8mb4 COLLATE utf8mb4_unicode_ci NOT NULL,
  `batch` int NOT NULL
) ENGINE=InnoDB DEFAULT CHARSET=utf8mb4 COLLATE=utf8mb4_unicode_ci;

--
-- Dumping data for table `migrations`
--

INSERT INTO `migrations` (`id`, `migration`, `batch`) VALUES
(1, '2014_07_02_230147_migration_cartalyst_sentinel', 1),
(2, '2014_10_14_200250_create_settings_table', 1),
(3, '2014_10_26_162751_create_files_table', 1),
(4, '2014_10_30_191858_create_pages_table', 1),
(5, '2014_11_31_125848_create_page_translations_table', 1),
(6, '2015_02_27_105241_create_entity_files_table', 1),
(7, '2015_11_20_184604486385_create_translations_table', 1),
(8, '2015_11_20_184604743083_create_translation_translations_table', 1),
(9, '2017_05_29_155126144426_create_products_table', 1),
(10, '2017_05_30_155126416338_create_product_translations_table', 1),
(11, '2017_08_02_153217_create_options_table', 1),
(12, '2017_08_02_153348_create_option_translations_table', 1),
(13, '2017_08_02_153406_create_option_values_table', 1),
(14, '2017_08_02_153736_create_option_value_translations_table', 1),
(15, '2017_08_03_156576_create_product_options_table', 1),
(16, '2017_08_17_170128_create_related_products_table', 1),
(17, '2017_08_17_175236_create_up_sell_products_table', 1),
(18, '2017_08_17_175828_create_cross_sell_products_table', 1),
(19, '2017_11_09_141332910964_create_categories_table', 1),
(20, '2017_11_09_141332931539_create_category_translations_table', 1),
(21, '2017_11_26_083614526622_create_meta_data_table', 1),
(22, '2017_11_26_083614526828_create_meta_data_translations_table', 1),
(23, '2018_01_24_125642_create_product_categories_table', 1),
(24, '2018_02_04_150917488267_create_coupons_table', 1),
(25, '2018_02_04_150917488698_create_coupon_translations_table', 1),
(26, '2018_03_11_181317_create_coupon_products_table', 1),
(27, '2018_03_15_091937_create_coupon_categories_table', 1),
(28, '2018_04_18_154028776225_create_reviews_table', 1),
(29, '2018_05_17_115822452977_create_currency_rates_table', 1),
(30, '2018_07_03_124153537506_create_sliders_table', 1),
(31, '2018_07_03_124153537695_create_slider_translations_table', 1),
(32, '2018_07_03_133107770172_create_slider_slides_table', 1),
(33, '2018_07_03_133107770486_create_slider_slide_translations_table', 1),
(34, '2018_07_28_190524758357_create_attribute_sets_table', 1),
(35, '2018_07_28_190524758497_create_attribute_set_translations_table', 1),
(36, '2018_07_28_190524758646_create_attributes_table', 1),
(37, '2018_07_28_190524758877_create_attribute_translations_table', 1),
(38, '2018_07_28_190524759461_create_product_attributes_table', 1),
(39, '2018_08_01_001919718631_create_tax_classes_table', 1),
(40, '2018_08_01_001919718935_create_tax_class_translations_table', 1),
(41, '2018_08_01_001919723551_create_tax_rates_table', 1),
(42, '2018_08_01_001919723781_create_tax_rate_translations_table', 1),
(43, '2018_08_03_195922206748_create_attribute_values_table', 1),
(44, '2018_08_03_195922207019_create_attribute_value_translations_table', 1),
(45, '2018_08_04_190524764275_create_product_attribute_values_table', 1),
(46, '2018_08_07_135631306565_create_orders_table', 1),
(47, '2018_08_07_135631309451_create_order_products_table', 1),
(48, '2018_08_07_135631309512_create_order_product_options_table', 1),
(49, '2018_08_07_135631309624_create_order_product_option_values_table', 1),
(50, '2018_09_11_213926106353_create_transactions_table', 1),
(51, '2018_09_19_081602135631_create_order_taxes_table', 1),
(52, '2018_09_19_103745_create_setting_translations_table', 1),
(53, '2018_10_01_224852175056_create_wish_lists_table', 1),
(54, '2018_10_04_185608_create_search_terms_table', 1),
(55, '2018_11_03_160015_create_menus_table', 1),
(56, '2018_11_03_160138_create_menu_translations_table', 1),
(57, '2018_11_03_160753_create_menu_items_table', 1),
(58, '2018_11_03_160804_create_menu_item_translation_table', 1),
(59, '2019_02_05_162605_add_position_to_slider_slides_table', 1),
(60, '2019_02_09_164343_remove_file_id_from_slider_slides_table', 1),
(61, '2019_02_09_164434_add_file_id_to_slider_slide_translations_table', 1),
(62, '2019_02_14_103408_create_attribute_categories_table', 1),
(63, '2019_08_09_164759_add_slug_column_to_attributes_table', 1),
(64, '2019_11_01_201511_add_special_price_type_column_to_products_table', 1),
(65, '2019_11_23_193101_add_value_column_to_order_product_options_table', 1),
(66, '2020_01_04_211424_add_icon_column_to_menu_items_table', 1),
(67, '2020_01_05_160502_add_direction_column_to_slider_slide_translations_table', 1),
(68, '2020_01_05_234014_add_speed_column_to_sliders_table', 1),
(69, '2020_01_05_235014_add_fade_column_to_sliders_table', 1),
(70, '2020_01_15_000346259038_create_flash_sales_table', 1),
(71, '2020_01_15_000346259349_create_flash_sale_translations_table', 1),
(72, '2020_01_23_011234_create_flash_sale_products_table', 1),
(73, '2020_01_30_015722_create_flash_sale_product_orders_table', 1),
(74, '2020_02_22_215943_delete_meta_keywords_column_from_meta_data_translations_table', 1),
(75, '2020_03_05_214602901973_create_brands_table', 1),
(76, '2020_03_05_214602902369_create_brand_translations_table', 1),
(77, '2020_03_06_234605_add_brand_id_column_to_products_table', 1),
(78, '2020_04_06_211526_add_order_note_column_to_orders_table', 1),
(79, '2020_04_28_034118164376_create_tags_table', 2),
(80, '2020_04_28_034118164618_create_tag_translations_table', 2),
(81, '2020_04_28_225657_create_product_tags_table', 2),
(82, '2020_04_06_211526_add_note_column_to_orders_table', 3),
(83, '2020_05_10_041616_create_updater_scripts_table', 3),
(84, '2020_10_07_175000_create_addresses_table', 4),
(85, '2020_10_07_175004_create_default_addresses_table', 4),
(86, '2020_11_21_163822_add_downloads_columns_to_products_table', 5),
(87, '2021_01_08_203241_change_shipping_method_column_in_orders_table', 5),
(88, '2021_01_09_172744_add_phone_column_to_users_table', 5),
(89, '2021_01_11_170516_create_order_downloads_table', 5),
(90, '2023_05_04_194556_rename_column_virtual_to_is_virtual', 6),
(91, '2017_08_02_153217_create_variations_table', 7),
(92, '2017_08_02_153348_create_variation_translations_table', 7),
(93, '2017_08_02_153406_create_variation_values_table', 7),
(94, '2017_08_02_153736_create_variation_value_translations_table', 7),
(95, '2023_05_16_156576_create_product_variations_table', 7),
(96, '2023_05_16_170651_create_product_variants_table', 7),
(97, '2023_06_11_150030_create_order_product_variations_table', 7),
(98, '2023_06_11_150044_create_order_product_variation_values_table', 7),
(99, '2023_06_11_150456_add_product_variant_id_column_to_order_products_table', 7),
(100, '2023_11_06_084429_create_carts_table', 7),
(101, '2023_11_07_113308_add_timestamp_columns_to_related_products_table', 7),
(102, '2023_11_07_113325_add_timestamp_columns_to_up_sell_products_table', 7),
(103, '2023_11_07_113341_add_timestamp_columns_to_cross_sell_products_table', 7),
(104, '2023_11_21_164218_make_price_column_in_the_products_table_nullable', 7);

-- --------------------------------------------------------

--
-- Table structure for table `options`
--

CREATE TABLE `options` (
  `id` int UNSIGNED NOT NULL,
  `type` varchar(191) CHARACTER SET utf8mb4 COLLATE utf8mb4_unicode_ci NOT NULL,
  `is_required` tinyint(1) NOT NULL,
  `is_global` tinyint(1) NOT NULL DEFAULT '1',
  `position` int UNSIGNED DEFAULT NULL,
  `deleted_at` timestamp NULL DEFAULT NULL,
  `created_at` timestamp NULL DEFAULT NULL,
  `updated_at` timestamp NULL DEFAULT NULL
) ENGINE=InnoDB DEFAULT CHARSET=utf8mb4 COLLATE=utf8mb4_unicode_ci;

--
-- Dumping data for table `options`
--

INSERT INTO `options` (`id`, `type`, `is_required`, `is_global`, `position`, `deleted_at`, `created_at`, `updated_at`) VALUES
(1, 'radio', 0, 1, NULL, NULL, '2020-05-10 15:06:05', '2020-05-10 15:10:07'),
(2, 'radio', 0, 0, 0, NULL, '2020-05-10 15:08:24', '2020-05-10 15:11:01'),
(3, 'checkbox', 0, 1, NULL, NULL, '2020-05-10 15:16:30', '2020-05-11 05:52:56'),
(4, 'dropdown', 0, 1, NULL, NULL, '2020-05-11 04:15:13', '2020-05-11 04:15:13'),
(5, 'checkbox', 0, 1, NULL, NULL, '2020-05-11 04:16:36', '2020-05-11 04:16:36'),
(6, 'radio', 0, 1, NULL, NULL, '2020-05-11 04:17:22', '2020-05-11 04:17:22'),
(7, 'checkbox', 0, 1, NULL, NULL, '2020-05-11 04:18:27', '2020-05-11 04:18:27'),
(8, 'radio_custom', 0, 1, NULL, NULL, '2020-05-11 04:20:20', '2020-05-11 04:41:03'),
(9, 'checkbox', 0, 1, NULL, NULL, '2020-05-11 04:22:33', '2020-05-11 04:22:33'),
(10, 'checkbox_custom', 0, 1, NULL, NULL, '2020-05-11 04:24:06', '2020-05-11 04:41:12'),
(11, 'multiple_select', 0, 1, NULL, '2020-05-11 04:48:01', '2020-05-11 04:28:34', '2020-05-11 04:48:01'),
(12, 'radio', 0, 1, NULL, NULL, '2020-05-11 04:32:01', '2020-05-11 04:32:01'),
(13, 'radio', 0, 1, NULL, NULL, '2020-05-11 04:37:33', '2020-05-11 04:37:33'),
(14, 'dropdown', 0, 0, 1, NULL, '2020-05-11 05:37:36', '2020-05-11 05:37:36'),
(15, 'checkbox', 0, 0, 2, NULL, '2020-05-11 05:37:36', '2020-05-11 05:37:36'),
(16, 'radio', 0, 0, 3, NULL, '2020-05-11 05:37:36', '2020-05-11 05:37:36'),
(17, 'checkbox', 0, 0, 0, NULL, '2020-05-11 05:42:08', '2020-05-16 13:52:36'),
(18, 'radio_custom', 0, 0, 1, NULL, '2020-05-11 05:42:08', '2020-05-16 13:52:36'),
(19, 'radio', 0, 0, 2, NULL, '2020-05-11 05:42:08', '2020-05-11 05:42:08'),
(20, 'radio', 0, 0, 0, NULL, '2020-05-11 05:44:32', '2020-05-11 05:44:32'),
(21, 'checkbox', 0, 0, 0, NULL, '2020-05-11 05:47:39', '2020-05-16 13:47:08'),
(22, 'radio_custom', 0, 0, 1, NULL, '2020-05-11 05:47:39', '2020-05-16 13:47:08'),
(23, 'radio', 0, 1, NULL, NULL, '2020-05-11 05:50:04', '2020-05-11 05:50:04'),
(24, 'checkbox_custom', 0, 0, 0, NULL, '2020-05-11 05:51:46', '2020-05-16 13:44:23'),
(25, 'radio', 0, 0, 1, NULL, '2020-05-11 05:52:24', '2020-05-11 05:52:24'),
(26, 'checkbox', 0, 0, 0, NULL, '2020-05-11 05:55:40', '2020-05-11 05:55:40'),
(27, 'radio_custom', 0, 0, 1, NULL, '2020-05-11 05:55:40', '2020-05-16 13:42:04'),
(28, 'dropdown', 0, 1, NULL, NULL, '2020-05-11 05:57:03', '2020-05-11 05:57:03'),
(29, 'radio_custom', 0, 0, 0, NULL, '2020-05-12 12:59:25', '2020-05-12 12:59:25'),
(30, 'checkbox', 0, 0, 1, NULL, '2020-05-12 12:59:25', '2020-05-12 12:59:25'),
(31, 'checkbox_custom', 0, 0, 0, NULL, '2020-05-12 13:44:08', '2020-05-12 13:44:08'),
(32, 'checkbox', 0, 0, 1, NULL, '2020-05-12 13:44:08', '2020-05-12 13:44:08'),
(33, 'radio', 0, 0, 2, NULL, '2020-05-12 13:44:08', '2020-05-12 13:44:08'),
(34, 'radio', 0, 0, 0, NULL, '2020-05-12 14:11:48', '2020-05-12 14:11:48'),
(35, 'checkbox_custom', 0, 0, 1, NULL, '2020-05-12 14:11:48', '2020-05-12 14:11:48'),
(36, 'checkbox', 0, 0, 2, NULL, '2020-05-12 14:11:48', '2020-05-12 14:11:48'),
(37, 'radio', 0, 0, 3, NULL, '2020-05-12 14:11:48', '2020-05-12 14:11:48'),
(38, 'checkbox_custom', 0, 0, 0, NULL, '2020-05-12 14:16:02', '2020-05-12 14:16:02'),
(39, 'dropdown', 0, 0, 1, NULL, '2020-05-12 14:16:03', '2020-05-12 14:16:03'),
(40, 'radio', 0, 0, 2, NULL, '2020-05-12 14:16:03', '2020-05-12 14:16:03'),
(41, 'checkbox', 0, 0, 0, NULL, '2020-05-12 14:24:34', '2020-05-12 14:24:34'),
(42, 'radio', 0, 0, 1, NULL, '2020-05-12 14:24:34', '2020-05-12 14:24:34'),
(43, 'radio', 0, 0, 2, NULL, '2020-05-12 14:24:34', '2020-05-12 14:24:34'),
(44, 'checkbox_custom', 0, 0, 0, NULL, '2020-05-12 14:29:36', '2020-05-12 14:29:36'),
(45, 'checkbox', 0, 0, 1, NULL, '2020-05-12 14:29:36', '2020-05-12 14:29:36'),
(46, 'checkbox', 0, 0, 2, NULL, '2020-05-12 14:29:36', '2020-05-12 14:29:36'),
(47, 'checkbox', 0, 0, 0, NULL, '2020-05-12 14:43:48', '2020-05-12 14:43:48'),
(48, 'radio', 0, 0, 1, NULL, '2020-05-12 14:43:48', '2020-05-12 14:43:48'),
(49, 'checkbox_custom', 0, 0, 0, NULL, '2020-05-12 14:52:32', '2020-05-12 14:52:32'),
(50, 'checkbox', 0, 0, 1, NULL, '2020-05-12 14:52:32', '2020-05-12 14:52:32'),
(51, 'radio', 0, 0, 2, NULL, '2020-05-12 14:52:32', '2020-05-12 14:52:32'),
(52, 'checkbox', 0, 0, 0, NULL, '2020-05-13 03:34:30', '2020-05-13 03:34:30'),
(53, 'checkbox_custom', 0, 0, 1, NULL, '2020-05-13 03:34:30', '2020-05-13 03:34:30'),
(54, 'dropdown', 0, 0, 0, NULL, '2020-05-13 03:42:44', '2020-05-13 03:42:44'),
(55, 'checkbox_custom', 0, 0, 1, NULL, '2020-05-13 03:42:44', '2020-05-13 03:42:44'),
(56, 'radio', 0, 0, 2, NULL, '2020-05-13 03:42:44', '2020-05-13 03:42:44'),
(57, 'checkbox', 0, 0, 0, NULL, '2020-05-13 03:51:47', '2020-05-13 03:51:47'),
(58, 'radio_custom', 0, 0, 0, NULL, '2020-05-13 03:58:23', '2020-05-13 03:58:23'),
(59, 'checkbox', 0, 0, 1, NULL, '2020-05-13 03:58:23', '2020-05-13 03:58:23'),
(60, 'checkbox', 0, 0, 0, NULL, '2020-05-13 04:03:37', '2020-05-13 04:03:37'),
(61, 'radio', 0, 0, 0, NULL, '2020-05-13 04:08:38', '2020-05-13 04:08:38'),
(62, 'checkbox_custom', 0, 0, 1, NULL, '2020-05-13 04:08:38', '2020-05-13 04:08:38'),
(63, 'radio_custom', 0, 0, 0, NULL, '2020-05-13 08:14:49', '2020-05-13 08:14:49'),
(64, 'checkbox', 0, 0, 1, NULL, '2020-05-13 08:14:49', '2020-05-13 08:14:49'),
(65, 'radio', 0, 0, 0, NULL, '2020-05-13 08:23:44', '2020-05-13 08:23:44'),
(66, 'checkbox_custom', 0, 0, 0, NULL, '2020-05-13 08:38:13', '2020-05-13 08:38:13'),
(67, 'radio_custom', 0, 0, 0, NULL, '2020-05-13 08:48:20', '2020-05-13 08:48:20'),
(68, 'radio_custom', 0, 0, 0, NULL, '2020-05-13 08:59:00', '2020-05-13 08:59:00'),
(69, 'checkbox', 0, 0, 1, NULL, '2020-05-13 08:59:00', '2020-05-13 08:59:00'),
(70, 'radio', 0, 0, 2, NULL, '2020-05-13 08:59:00', '2020-05-13 08:59:00'),
(71, 'checkbox_custom', 0, 0, 0, NULL, '2020-05-13 09:10:52', '2020-05-13 09:10:52'),
(72, 'radio', 0, 0, 1, NULL, '2020-05-13 09:10:52', '2020-05-13 09:10:52'),
(73, 'radio_custom', 0, 0, 0, NULL, '2020-05-13 13:29:43', '2020-05-13 13:29:43'),
(74, 'radio_custom', 0, 0, 0, NULL, '2020-05-13 13:38:46', '2020-05-13 13:38:46'),
(75, 'radio', 0, 0, 1, NULL, '2020-05-13 13:38:46', '2020-05-13 13:38:46'),
(76, 'checkbox', 0, 0, 0, NULL, '2020-05-13 13:47:46', '2020-05-13 13:47:46'),
(77, 'checkbox_custom', 0, 0, 1, NULL, '2020-05-13 13:47:46', '2020-05-13 13:47:46'),
(78, 'checkbox', 0, 0, 0, NULL, '2020-05-13 13:54:15', '2020-05-13 13:54:15'),
(79, 'radio', 0, 0, 1, NULL, '2020-05-13 13:54:15', '2020-05-13 13:54:15'),
(80, 'radio', 0, 0, 0, NULL, '2020-05-13 14:00:51', '2020-05-13 14:00:51'),
(81, 'checkbox_custom', 0, 0, 0, NULL, '2020-05-14 12:38:16', '2020-05-14 12:38:16'),
(82, 'radio', 0, 0, 0, NULL, '2020-05-14 12:45:50', '2020-05-14 12:45:50'),
(83, 'radio_custom', 0, 0, 0, NULL, '2020-05-14 12:48:27', '2020-05-14 12:48:27'),
(84, 'radio_custom', 0, 0, 0, NULL, '2020-05-14 13:10:52', '2020-05-14 13:10:52'),
(85, 'radio_custom', 0, 0, 0, NULL, '2020-05-14 13:15:32', '2020-05-14 13:15:32'),
(86, 'checkbox', 0, 0, 0, NULL, '2020-05-14 13:21:05', '2020-05-14 13:21:05'),
(87, 'radio_custom', 0, 0, 1, NULL, '2020-05-14 13:21:05', '2020-05-14 13:21:05'),
(88, 'radio_custom', 0, 0, 0, NULL, '2020-05-14 13:26:49', '2020-05-14 13:26:49'),
(89, 'checkbox', 0, 0, 1, NULL, '2020-05-14 13:26:49', '2020-05-14 13:26:49'),
(90, 'radio', 0, 0, 0, NULL, '2020-05-14 13:29:10', '2020-05-14 13:29:10'),
(91, 'checkbox', 0, 0, 1, NULL, '2020-05-14 13:29:10', '2020-05-14 13:29:10'),
(92, 'radio', 0, 0, 0, NULL, '2020-05-14 13:36:26', '2020-05-14 13:36:26'),
(93, 'checkbox', 0, 0, 1, NULL, '2020-05-14 13:36:27', '2020-05-14 13:36:27'),
(94, 'radio_custom', 0, 0, 0, NULL, '2020-05-14 13:49:34', '2020-05-14 13:49:34'),
(95, 'radio', 0, 0, 1, NULL, '2020-05-14 13:49:34', '2020-05-14 13:49:34'),
(96, 'radio', 0, 0, 0, NULL, '2020-05-14 14:22:40', '2020-05-14 14:22:40'),
(97, 'radio_custom', 0, 0, 0, NULL, '2020-05-14 14:30:44', '2020-05-14 14:30:44'),
(98, 'radio_custom', 0, 0, 0, NULL, '2020-05-14 16:34:26', '2020-05-14 16:34:26'),
(99, 'radio', 0, 0, 1, NULL, '2020-05-14 16:34:26', '2020-05-14 16:34:26'),
(100, 'checkbox', 0, 0, 0, NULL, '2020-05-14 16:41:02', '2020-05-14 16:41:02'),
(101, 'radio_custom', 0, 0, 0, NULL, '2020-05-14 16:59:03', '2020-05-14 16:59:03'),
(102, 'radio', 0, 0, 1, NULL, '2020-05-14 16:59:03', '2020-05-14 16:59:03'),
(103, 'radio', 0, 0, 0, NULL, '2020-05-15 04:05:36', '2020-05-15 04:05:36'),
(104, 'checkbox', 0, 0, 1, NULL, '2020-05-15 04:05:36', '2020-05-15 04:05:36'),
(105, 'checkbox', 0, 0, 0, NULL, '2020-05-15 04:14:29', '2020-05-15 04:14:29'),
(106, 'checkbox', 0, 0, 0, NULL, '2020-05-15 04:29:23', '2020-05-15 04:29:23'),
(107, 'radio_custom', 0, 0, 1, NULL, '2020-05-15 04:29:23', '2020-05-15 04:29:23'),
(108, 'radio', 0, 0, 0, NULL, '2020-05-15 07:53:44', '2020-05-15 07:53:44'),
(109, 'radio_custom', 0, 0, 0, NULL, '2020-05-15 07:57:02', '2020-05-15 07:57:02'),
(110, 'radio_custom', 0, 0, 0, NULL, '2020-05-15 08:12:35', '2020-05-15 08:12:35'),
(111, 'checkbox_custom', 0, 0, 0, NULL, '2020-05-15 08:18:57', '2020-05-15 08:18:57'),
(112, 'checkbox', 0, 0, 1, NULL, '2020-05-15 08:18:57', '2020-05-15 08:18:57'),
(113, 'radio_custom', 0, 0, 0, NULL, '2020-05-15 08:21:42', '2020-05-15 08:21:42'),
(114, 'checkbox', 0, 0, 0, NULL, '2020-05-15 08:28:47', '2020-05-15 08:28:47'),
(115, 'radio_custom', 0, 0, 1, NULL, '2020-05-15 08:28:47', '2020-05-15 08:28:47'),
(116, 'checkbox_custom', 0, 0, 0, NULL, '2020-05-15 08:32:03', '2020-05-15 08:32:03'),
(117, 'checkbox', 0, 0, 0, NULL, '2020-05-15 08:38:07', '2020-05-15 08:38:07'),
(118, 'radio_custom', 0, 0, 1, NULL, '2020-05-15 08:38:07', '2020-05-15 08:38:07'),
(119, 'checkbox_custom', 0, 0, 0, NULL, '2020-05-15 08:53:44', '2020-05-15 08:53:44'),
(120, 'checkbox_custom', 0, 0, 0, NULL, '2020-05-15 08:56:56', '2020-05-15 08:56:56'),
(121, 'radio', 0, 0, 0, NULL, '2020-05-15 09:05:20', '2020-05-15 09:05:20'),
(122, 'radio_custom', 0, 0, 0, NULL, '2020-05-15 09:12:22', '2020-05-15 09:12:22'),
(123, 'checkbox_custom', 0, 0, 0, NULL, '2020-05-15 12:27:26', '2020-05-15 12:27:26'),
(124, 'radio', 0, 0, 0, NULL, '2020-05-15 12:49:16', '2020-05-15 12:49:16'),
(125, 'radio_custom', 0, 0, 0, NULL, '2020-05-15 12:56:34', '2020-05-15 12:56:34'),
(126, 'checkbox_custom', 0, 0, 0, NULL, '2020-05-15 13:05:57', '2020-05-15 13:05:57'),
(127, 'radio_custom', 0, 0, 0, NULL, '2020-05-15 13:11:46', '2020-05-15 13:11:46'),
(128, 'radio', 0, 0, 0, NULL, '2020-05-15 14:09:50', '2020-05-15 14:09:50'),
(129, 'radio_custom', 0, 0, 0, NULL, '2020-05-15 14:15:55', '2020-05-15 14:15:55'),
(130, 'radio', 0, 0, 0, NULL, '2020-05-15 14:23:54', '2020-05-15 14:23:54'),
(131, 'radio', 0, 0, 0, NULL, '2020-05-16 13:31:56', '2020-05-16 13:31:56'),
(132, 'radio', 0, 0, 0, NULL, '2020-05-16 13:34:15', '2020-05-16 13:34:15');

-- --------------------------------------------------------

--
-- Table structure for table `option_translations`
--

CREATE TABLE `option_translations` (
  `id` int UNSIGNED NOT NULL,
  `option_id` int UNSIGNED NOT NULL,
  `locale` varchar(191) CHARACTER SET utf8mb4 COLLATE utf8mb4_unicode_ci NOT NULL,
  `name` varchar(191) CHARACTER SET utf8mb4 COLLATE utf8mb4_unicode_ci NOT NULL
) ENGINE=InnoDB DEFAULT CHARSET=utf8mb4 COLLATE=utf8mb4_unicode_ci;

--
-- Dumping data for table `option_translations`
--

INSERT INTO `option_translations` (`id`, `option_id`, `locale`, `name`) VALUES
(1, 1, 'en', 'Laptop Color'),
(2, 2, 'en', 'Color'),
(3, 3, 'en', 'Jacket Size'),
(4, 4, 'en', 'Laptop Ram'),
(5, 5, 'en', 'Laptop Storage'),
(6, 6, 'en', 'Mobile Ram'),
(7, 7, 'en', 'Mobile Color'),
(8, 8, 'en', 'Pant/Shirt Size'),
(9, 9, 'en', 'Shoe Sizes'),
(10, 10, 'en', 'Waist'),
(11, 11, 'en', 'Laptop Display/Refresh Rate'),
(12, 12, 'en', 'Watch Straps'),
(13, 13, 'en', 'Warranty'),
(14, 14, 'en', 'Ram'),
(15, 15, 'en', 'Storage'),
(16, 16, 'en', 'Warranty'),
(17, 17, 'en', 'Ram'),
(18, 18, 'en', 'Storage'),
(19, 19, 'en', 'Warranty'),
(20, 20, 'en', 'Warranty'),
(21, 21, 'en', 'Size'),
(22, 22, 'en', 'Color'),
(23, 23, 'en', 'Dress Color'),
(24, 24, 'en', 'Size'),
(25, 25, 'en', 'Dress Color'),
(26, 26, 'en', 'Size'),
(27, 27, 'en', 'Color'),
(28, 28, 'en', 'Lens Options'),
(29, 29, 'en', 'Mobile Color'),
(30, 30, 'en', 'Mobile Ram'),
(31, 31, 'en', 'Laptop Color'),
(32, 32, 'en', 'Laptop Ram'),
(33, 33, 'en', 'Warranty'),
(34, 34, 'en', 'Laptop Color'),
(35, 35, 'en', 'Laptop Ram'),
(36, 36, 'en', 'Laptop Storage'),
(37, 37, 'en', 'Warranty'),
(38, 38, 'en', 'Laptop Color'),
(39, 39, 'en', 'Laptop Ram'),
(40, 40, 'en', 'Laptop Storage'),
(41, 41, 'en', 'Laptop Ram'),
(42, 42, 'en', 'Laptop Storage'),
(43, 43, 'en', 'Warranty'),
(44, 44, 'en', 'Laptop Color'),
(45, 45, 'en', 'Laptop Storage'),
(46, 46, 'en', 'Laptop Storage'),
(47, 47, 'en', 'Mobile Color'),
(48, 48, 'en', 'Warranty'),
(49, 49, 'en', 'Mobile Ram'),
(50, 50, 'en', 'Mobile Color'),
(51, 51, 'en', 'Warranty'),
(52, 52, 'en', 'Mobile Color'),
(53, 53, 'en', 'Mobile Ram'),
(54, 54, 'en', 'Mobile Ram'),
(55, 55, 'en', 'Mobile Color'),
(56, 56, 'en', 'Warranty'),
(57, 57, 'en', 'Color'),
(58, 58, 'en', 'Color'),
(59, 59, 'en', 'Warranty'),
(60, 60, 'en', 'Laptop Ram'),
(61, 61, 'en', 'Color'),
(62, 62, 'en', 'Warranty'),
(63, 63, 'en', 'Mobile Ram'),
(64, 64, 'en', 'Mobile Color'),
(65, 65, 'en', 'Warranty'),
(66, 66, 'en', 'Mobile Ram'),
(67, 67, 'en', 'Mobile Ram'),
(68, 68, 'en', 'Mobile Ram'),
(69, 69, 'en', 'Mobile Color'),
(70, 70, 'en', 'Warranty'),
(71, 71, 'en', 'Mobile Ram'),
(72, 72, 'en', 'Warranty'),
(73, 73, 'en', 'Mobile Ram'),
(74, 74, 'en', 'Mobile Ram'),
(75, 75, 'en', 'Warranty'),
(76, 76, 'en', 'Laptop Ram'),
(77, 77, 'en', 'Warranty'),
(78, 78, 'en', 'Laptop Ram'),
(79, 79, 'en', 'Laptop Storage'),
(80, 80, 'en', 'Laptop Ram'),
(81, 81, 'en', 'Mobile Color'),
(82, 82, 'en', 'Warranty'),
(83, 83, 'en', 'Mobile Color'),
(84, 84, 'en', 'Color'),
(85, 85, 'en', 'Color'),
(86, 86, 'en', 'Color'),
(87, 87, 'en', 'Warranty'),
(88, 88, 'en', 'Color'),
(89, 89, 'en', 'Warranty'),
(90, 90, 'en', 'Watch Straps'),
(91, 91, 'en', 'Warranty'),
(92, 92, 'en', 'Watch Straps'),
(93, 93, 'en', 'Warranty'),
(94, 94, 'en', 'Color'),
(95, 95, 'en', 'Warranty'),
(96, 96, 'en', 'Warranty'),
(97, 97, 'en', 'Warranty'),
(98, 98, 'en', 'Mobile Ram'),
(99, 99, 'en', 'Warranty'),
(100, 100, 'en', 'Ram'),
(101, 101, 'en', 'Color'),
(102, 102, 'en', 'Warranty'),
(103, 103, 'en', 'Jacket Size'),
(104, 104, 'en', 'Dress Color'),
(105, 105, 'en', 'Jacket Size'),
(106, 106, 'en', 'Jacket Size'),
(107, 107, 'en', 'Color'),
(108, 108, 'en', 'Warranty'),
(109, 109, 'en', 'Warranty'),
(110, 110, 'en', 'Color'),
(111, 111, 'en', 'Dress Color'),
(112, 112, 'en', 'Shirt Size'),
(113, 113, 'en', 'Shirt Size'),
(114, 114, 'en', 'Shirt Size'),
(115, 115, 'en', 'Color'),
(116, 116, 'en', 'Dress Color'),
(117, 117, 'en', 'Shirt Size'),
(118, 118, 'en', 'Dress Color'),
(119, 119, 'en', 'Waist'),
(120, 120, 'en', 'Waist'),
(121, 121, 'en', 'Color'),
(122, 122, 'en', 'Color'),
(123, 123, 'en', 'Color'),
(124, 124, 'en', 'Warranty'),
(125, 125, 'en', 'Shoe Sizes'),
(126, 126, 'en', 'Shoe Sizes'),
(127, 127, 'en', 'Shoe Sizes'),
(128, 128, 'en', 'Warranty'),
(129, 129, 'en', 'Warranty'),
(130, 130, 'en', 'Ram'),
(131, 131, 'en', 'Color'),
(132, 132, 'en', 'Color');

-- --------------------------------------------------------

--
-- Table structure for table `option_values`
--

CREATE TABLE `option_values` (
  `id` int UNSIGNED NOT NULL,
  `option_id` int UNSIGNED NOT NULL,
  `price` decimal(18,4) UNSIGNED DEFAULT NULL,
  `price_type` varchar(10) CHARACTER SET utf8mb4 COLLATE utf8mb4_unicode_ci NOT NULL,
  `position` int UNSIGNED NOT NULL,
  `created_at` timestamp NULL DEFAULT NULL,
  `updated_at` timestamp NULL DEFAULT NULL
) ENGINE=InnoDB DEFAULT CHARSET=utf8mb4 COLLATE=utf8mb4_unicode_ci;

--
-- Dumping data for table `option_values`
--

INSERT INTO `option_values` (`id`, `option_id`, `price`, `price_type`, `position`, `created_at`, `updated_at`) VALUES
(1, 1, NULL, 'fixed', 0, '2020-05-10 15:06:05', '2020-05-10 15:06:05'),
(2, 1, '100.0000', 'fixed', 1, '2020-05-10 15:06:05', '2020-05-11 04:14:27'),
(3, 1, '130.0000', 'fixed', 2, '2020-05-10 15:06:05', '2020-05-11 04:14:27'),
(4, 2, NULL, 'fixed', 0, '2020-05-10 15:08:24', '2020-05-10 15:08:24'),
(5, 2, '199.0000', 'fixed', 1, '2020-05-10 15:08:24', '2020-05-10 15:08:24'),
(6, 2, '299.0000', 'fixed', 2, '2020-05-10 15:08:24', '2020-05-10 15:08:24'),
(7, 3, NULL, 'fixed', 0, '2020-05-10 15:16:30', '2020-05-10 15:16:30'),
(8, 3, '5.0000', 'fixed', 1, '2020-05-10 15:16:30', '2020-05-10 15:16:30'),
(9, 3, '10.0000', 'fixed', 2, '2020-05-10 15:16:30', '2020-05-10 15:16:30'),
(10, 3, '15.0000', 'fixed', 3, '2020-05-10 15:16:30', '2020-05-10 15:16:30'),
(11, 4, NULL, 'fixed', 1, '2020-05-11 04:15:13', '2020-05-11 04:45:31'),
(12, 4, '200.0000', 'fixed', 2, '2020-05-11 04:15:13', '2020-05-11 04:45:31'),
(13, 4, '400.0000', 'fixed', 3, '2020-05-11 04:15:13', '2020-05-11 04:45:31'),
(14, 5, NULL, 'fixed', 0, '2020-05-11 04:16:36', '2020-05-11 04:16:36'),
(15, 5, '300.0000', 'fixed', 1, '2020-05-11 04:16:36', '2020-05-11 04:16:36'),
(16, 5, '500.0000', 'fixed', 2, '2020-05-11 04:16:36', '2020-05-11 04:16:36'),
(17, 6, NULL, 'fixed', 0, '2020-05-11 04:17:22', '2020-05-11 04:17:22'),
(18, 6, NULL, 'fixed', 1, '2020-05-11 04:17:22', '2020-05-11 04:17:22'),
(19, 6, NULL, 'fixed', 2, '2020-05-11 04:17:22', '2020-05-11 04:17:22'),
(20, 6, NULL, 'fixed', 3, '2020-05-11 04:17:22', '2020-05-11 04:17:22'),
(21, 7, NULL, 'fixed', 0, '2020-05-11 04:18:27', '2020-05-11 04:18:27'),
(22, 7, NULL, 'fixed', 1, '2020-05-11 04:18:27', '2020-05-11 04:18:27'),
(23, 7, NULL, 'fixed', 2, '2020-05-11 04:18:27', '2020-05-11 04:18:27'),
(24, 7, NULL, 'fixed', 3, '2020-05-11 04:18:27', '2020-05-11 04:18:27'),
(25, 7, NULL, 'fixed', 4, '2020-05-11 04:18:27', '2020-05-11 04:18:27'),
(26, 7, NULL, 'fixed', 5, '2020-05-11 04:18:27', '2020-05-11 04:18:27'),
(27, 8, NULL, 'fixed', 0, '2020-05-11 04:20:20', '2020-05-11 04:20:20'),
(28, 8, '5.0000', 'fixed', 1, '2020-05-11 04:20:20', '2020-05-11 04:20:20'),
(29, 8, '7.0000', 'fixed', 2, '2020-05-11 04:20:20', '2020-05-11 04:20:20'),
(30, 8, '12.0000', 'fixed', 3, '2020-05-11 04:20:20', '2020-05-11 04:20:20'),
(31, 8, '15.0000', 'fixed', 4, '2020-05-11 04:20:20', '2020-05-11 04:20:20'),
(32, 9, NULL, 'fixed', 0, '2020-05-11 04:22:33', '2020-05-11 04:22:33'),
(33, 9, NULL, 'fixed', 1, '2020-05-11 04:22:33', '2020-05-11 04:22:33'),
(34, 9, NULL, 'fixed', 2, '2020-05-11 04:22:33', '2020-05-11 04:22:33'),
(35, 9, NULL, 'fixed', 3, '2020-05-11 04:22:33', '2020-05-11 04:22:33'),
(36, 9, NULL, 'fixed', 4, '2020-05-11 04:22:48', '2020-05-11 04:22:48'),
(37, 9, NULL, 'fixed', 5, '2020-05-11 04:22:48', '2020-05-11 04:22:48'),
(38, 10, NULL, 'fixed', 0, '2020-05-11 04:24:06', '2020-05-11 04:24:06'),
(39, 10, NULL, 'fixed', 1, '2020-05-11 04:24:06', '2020-05-11 04:24:06'),
(40, 10, NULL, 'fixed', 2, '2020-05-11 04:24:06', '2020-05-11 04:24:06'),
(41, 10, NULL, 'fixed', 3, '2020-05-11 04:24:06', '2020-05-11 04:24:06'),
(42, 10, NULL, 'fixed', 4, '2020-05-11 04:24:06', '2020-05-11 04:24:06'),
(43, 11, NULL, 'fixed', 0, '2020-05-11 04:28:34', '2020-05-11 04:28:34'),
(44, 11, '400.0000', 'fixed', 1, '2020-05-11 04:28:34', '2020-05-11 04:28:34'),
(45, 11, '600.0000', 'fixed', 2, '2020-05-11 04:28:34', '2020-05-11 04:28:34'),
(46, 12, NULL, 'fixed', 0, '2020-05-11 04:32:01', '2020-05-11 04:32:01'),
(47, 12, NULL, 'fixed', 1, '2020-05-11 04:32:01', '2020-05-11 04:32:01'),
(48, 12, NULL, 'fixed', 2, '2020-05-11 04:32:01', '2020-05-11 04:32:01'),
(49, 13, NULL, 'percent', 0, '2020-05-11 04:37:33', '2020-05-11 04:48:40'),
(50, 13, '40.0000', 'percent', 1, '2020-05-11 04:37:33', '2020-05-11 04:48:40'),
(51, 13, '80.0000', 'percent', 2, '2020-05-11 04:37:33', '2020-05-11 04:48:40'),
(52, 1, NULL, 'fixed', 3, '2020-05-11 04:44:49', '2020-05-11 04:44:49'),
(53, 4, NULL, 'fixed', 0, '2020-05-11 04:45:31', '2020-05-11 04:45:31'),
(54, 14, NULL, 'fixed', 0, '2020-05-11 05:37:36', '2020-05-11 05:37:36'),
(55, 14, '200.0000', 'fixed', 1, '2020-05-11 05:37:36', '2020-05-11 05:37:36'),
(56, 14, '400.0000', 'fixed', 2, '2020-05-11 05:37:36', '2020-05-11 05:37:36'),
(57, 15, NULL, 'fixed', 0, '2020-05-11 05:37:36', '2020-05-11 05:37:36'),
(58, 15, '300.0000', 'fixed', 1, '2020-05-11 05:37:36', '2020-05-11 05:37:36'),
(59, 15, '500.0000', 'fixed', 2, '2020-05-11 05:37:36', '2020-05-11 05:37:36'),
(60, 16, NULL, 'percent', 0, '2020-05-11 05:37:36', '2020-05-11 05:37:36'),
(61, 16, '40.0000', 'percent', 1, '2020-05-11 05:37:36', '2020-05-11 05:37:36'),
(62, 16, '80.0000', 'percent', 2, '2020-05-11 05:37:36', '2020-05-11 05:37:36'),
(63, 17, NULL, 'fixed', 0, '2020-05-11 05:42:08', '2020-05-11 05:42:08'),
(64, 17, '200.0000', 'fixed', 1, '2020-05-11 05:42:08', '2020-05-11 05:42:08'),
(65, 17, '400.0000', 'fixed', 2, '2020-05-11 05:42:08', '2020-05-11 05:42:08'),
(66, 17, '800.0000', 'fixed', 3, '2020-05-11 05:42:08', '2020-05-11 05:42:08'),
(67, 18, NULL, 'fixed', 0, '2020-05-11 05:42:08', '2020-05-11 05:42:08'),
(68, 18, NULL, 'fixed', 1, '2020-05-11 05:42:08', '2020-05-16 13:52:36'),
(69, 18, NULL, 'fixed', 2, '2020-05-11 05:42:08', '2020-05-16 13:52:36'),
(70, 19, NULL, 'percent', 0, '2020-05-11 05:42:08', '2020-05-11 05:42:08'),
(71, 19, '40.0000', 'percent', 1, '2020-05-11 05:42:08', '2020-05-11 05:42:08'),
(72, 19, '80.0000', 'percent', 2, '2020-05-11 05:42:08', '2020-05-11 05:42:08'),
(73, 20, NULL, 'percent', 0, '2020-05-11 05:44:32', '2020-05-11 05:44:32'),
(74, 20, '40.0000', 'percent', 1, '2020-05-11 05:44:32', '2020-05-11 05:44:32'),
(75, 20, '80.0000', 'percent', 2, '2020-05-11 05:44:32', '2020-05-11 05:44:32'),
(76, 21, NULL, 'fixed', 0, '2020-05-11 05:47:39', '2020-05-11 05:47:39'),
(77, 21, '5.0000', 'fixed', 1, '2020-05-11 05:47:39', '2020-05-11 05:47:39'),
(78, 21, '10.0000', 'fixed', 2, '2020-05-11 05:47:39', '2020-05-11 05:47:39'),
(79, 21, '15.0000', 'fixed', 3, '2020-05-11 05:47:39', '2020-05-11 05:47:39'),
(80, 22, NULL, 'fixed', 0, '2020-05-11 05:47:39', '2020-05-11 05:47:39'),
(81, 22, NULL, 'fixed', 1, '2020-05-11 05:47:39', '2020-05-11 05:47:39'),
(82, 22, NULL, 'fixed', 2, '2020-05-11 05:47:39', '2020-05-11 05:47:39'),
(83, 23, NULL, 'fixed', 0, '2020-05-11 05:50:04', '2020-05-11 05:50:04'),
(84, 23, NULL, 'fixed', 1, '2020-05-11 05:50:04', '2020-05-11 05:50:04'),
(85, 23, NULL, 'fixed', 2, '2020-05-11 05:50:04', '2020-05-11 05:50:04'),
(86, 23, NULL, 'fixed', 3, '2020-05-11 05:50:04', '2020-05-11 05:50:04'),
(87, 23, NULL, 'fixed', 4, '2020-05-11 05:50:04', '2020-05-11 05:50:04'),
(88, 23, NULL, 'fixed', 5, '2020-05-11 05:50:04', '2020-05-11 05:50:04'),
(89, 24, NULL, 'fixed', 0, '2020-05-11 05:51:46', '2020-05-11 05:51:46'),
(90, 24, NULL, 'fixed', 1, '2020-05-11 05:51:46', '2020-05-16 13:44:23'),
(91, 24, NULL, 'fixed', 2, '2020-05-11 05:51:46', '2020-05-16 13:44:23'),
(92, 24, NULL, 'fixed', 3, '2020-05-11 05:51:46', '2020-05-16 13:44:23'),
(93, 25, NULL, 'fixed', 0, '2020-05-11 05:52:24', '2020-05-11 05:52:24'),
(94, 25, NULL, 'fixed', 1, '2020-05-11 05:52:24', '2020-05-11 05:52:24'),
(95, 25, NULL, 'fixed', 2, '2020-05-11 05:52:24', '2020-05-11 05:52:24'),
(96, 26, NULL, 'fixed', 0, '2020-05-11 05:55:40', '2020-05-11 05:55:40'),
(97, 26, '5.0000', 'fixed', 1, '2020-05-11 05:55:40', '2020-05-11 05:55:40'),
(98, 26, '10.0000', 'fixed', 2, '2020-05-11 05:55:40', '2020-05-11 05:55:40'),
(99, 26, '15.0000', 'fixed', 3, '2020-05-11 05:55:40', '2020-05-11 05:55:40'),
(100, 27, NULL, 'fixed', 0, '2020-05-11 05:55:40', '2020-05-11 05:55:40'),
(101, 27, NULL, 'fixed', 1, '2020-05-11 05:55:40', '2020-05-11 05:55:40'),
(102, 28, NULL, 'fixed', 0, '2020-05-11 05:57:03', '2020-05-11 05:57:03'),
(103, 28, '10.0000', 'fixed', 1, '2020-05-11 05:57:03', '2020-05-11 05:57:03'),
(104, 28, '20.0000', 'fixed', 2, '2020-05-11 05:57:03', '2020-05-11 05:57:03'),
(105, 29, NULL, 'fixed', 0, '2020-05-12 12:59:25', '2020-05-12 12:59:25'),
(106, 29, NULL, 'fixed', 1, '2020-05-12 12:59:25', '2020-05-12 12:59:25'),
(107, 29, NULL, 'fixed', 2, '2020-05-12 12:59:25', '2020-05-12 12:59:25'),
(108, 30, NULL, 'fixed', 0, '2020-05-12 12:59:25', '2020-05-12 12:59:25'),
(109, 30, NULL, 'fixed', 1, '2020-05-12 12:59:25', '2020-05-12 12:59:25'),
(110, 30, NULL, 'fixed', 2, '2020-05-12 12:59:25', '2020-05-12 12:59:25'),
(111, 30, NULL, 'fixed', 3, '2020-05-12 12:59:25', '2020-05-12 12:59:25'),
(112, 31, NULL, 'fixed', 0, '2020-05-12 13:44:08', '2020-05-12 13:44:08'),
(113, 31, NULL, 'fixed', 1, '2020-05-12 13:44:08', '2020-05-12 13:44:08'),
(114, 31, NULL, 'fixed', 2, '2020-05-12 13:44:08', '2020-05-12 13:44:08'),
(115, 32, NULL, 'fixed', 0, '2020-05-12 13:44:08', '2020-05-12 13:44:08'),
(116, 32, '200.0000', 'fixed', 1, '2020-05-12 13:44:08', '2020-05-12 13:44:08'),
(117, 32, '400.0000', 'fixed', 2, '2020-05-12 13:44:08', '2020-05-12 13:44:08'),
(118, 33, NULL, 'percent', 0, '2020-05-12 13:44:08', '2020-05-12 13:44:08'),
(119, 33, '40.0000', 'percent', 1, '2020-05-12 13:44:08', '2020-05-12 13:44:08'),
(120, 33, '80.0000', 'percent', 2, '2020-05-12 13:44:08', '2020-05-12 13:44:08'),
(121, 34, NULL, 'fixed', 0, '2020-05-12 14:11:48', '2020-05-12 14:11:48'),
(122, 34, '100.0000', 'fixed', 1, '2020-05-12 14:11:48', '2020-05-12 14:11:48'),
(123, 34, '130.0000', 'fixed', 2, '2020-05-12 14:11:48', '2020-05-12 14:11:48'),
(124, 35, NULL, 'fixed', 0, '2020-05-12 14:11:48', '2020-05-12 14:11:48'),
(125, 35, NULL, 'fixed', 1, '2020-05-12 14:11:48', '2020-05-12 14:11:48'),
(126, 35, NULL, 'fixed', 2, '2020-05-12 14:11:48', '2020-05-12 14:11:48'),
(127, 35, NULL, 'fixed', 3, '2020-05-12 14:11:48', '2020-05-12 14:11:48'),
(128, 36, NULL, 'fixed', 0, '2020-05-12 14:11:48', '2020-05-12 14:11:48'),
(129, 36, '300.0000', 'fixed', 1, '2020-05-12 14:11:48', '2020-05-12 14:11:48'),
(130, 36, '500.0000', 'fixed', 2, '2020-05-12 14:11:48', '2020-05-12 14:11:48'),
(131, 37, NULL, 'percent', 0, '2020-05-12 14:11:48', '2020-05-12 14:11:48'),
(132, 37, '40.0000', 'percent', 1, '2020-05-12 14:11:48', '2020-05-12 14:11:48'),
(133, 37, '80.0000', 'percent', 2, '2020-05-12 14:11:48', '2020-05-12 14:11:48'),
(134, 38, NULL, 'fixed', 0, '2020-05-12 14:16:02', '2020-05-12 14:16:02'),
(135, 38, NULL, 'fixed', 1, '2020-05-12 14:16:02', '2020-05-12 14:16:02'),
(136, 38, NULL, 'fixed', 2, '2020-05-12 14:16:02', '2020-05-12 14:16:02'),
(137, 38, NULL, 'fixed', 3, '2020-05-12 14:16:03', '2020-05-12 14:16:03'),
(138, 39, NULL, 'fixed', 0, '2020-05-12 14:16:03', '2020-05-12 14:16:03'),
(139, 39, '200.0000', 'fixed', 1, '2020-05-12 14:16:03', '2020-05-12 14:16:03'),
(140, 39, '400.0000', 'fixed', 2, '2020-05-12 14:16:03', '2020-05-12 14:16:03'),
(141, 40, NULL, 'fixed', 0, '2020-05-12 14:16:03', '2020-05-12 14:16:03'),
(142, 40, '300.0000', 'fixed', 1, '2020-05-12 14:16:03', '2020-05-12 14:16:03'),
(143, 40, '500.0000', 'fixed', 2, '2020-05-12 14:16:03', '2020-05-12 14:16:03'),
(144, 41, NULL, 'fixed', 0, '2020-05-12 14:24:34', '2020-05-12 14:24:34'),
(145, 41, '200.0000', 'fixed', 1, '2020-05-12 14:24:34', '2020-05-12 14:24:34'),
(146, 41, '400.0000', 'fixed', 2, '2020-05-12 14:24:34', '2020-05-12 14:24:34'),
(147, 42, NULL, 'fixed', 0, '2020-05-12 14:24:34', '2020-05-12 14:24:34'),
(148, 42, '300.0000', 'fixed', 1, '2020-05-12 14:24:34', '2020-05-12 14:24:34'),
(149, 42, '500.0000', 'fixed', 2, '2020-05-12 14:24:34', '2020-05-12 14:24:34'),
(150, 43, NULL, 'fixed', 0, '2020-05-12 14:24:34', '2020-05-12 14:24:34'),
(151, 43, '150.0000', 'fixed', 1, '2020-05-12 14:24:34', '2020-05-12 14:24:34'),
(152, 43, '250.0000', 'fixed', 2, '2020-05-12 14:24:35', '2020-05-12 14:24:35'),
(153, 44, NULL, 'fixed', 0, '2020-05-12 14:29:36', '2020-05-12 14:29:36'),
(154, 44, NULL, 'fixed', 1, '2020-05-12 14:29:36', '2020-05-12 14:29:36'),
(155, 44, NULL, 'fixed', 2, '2020-05-12 14:29:36', '2020-05-12 14:29:36'),
(156, 45, NULL, 'fixed', 0, '2020-05-12 14:29:36', '2020-05-12 14:29:36'),
(157, 45, '300.0000', 'fixed', 1, '2020-05-12 14:29:36', '2020-05-12 14:29:36'),
(158, 45, '500.0000', 'fixed', 2, '2020-05-12 14:29:36', '2020-05-12 14:29:36'),
(159, 46, NULL, 'fixed', 0, '2020-05-12 14:29:36', '2020-05-12 14:29:36'),
(160, 46, '300.0000', 'fixed', 1, '2020-05-12 14:29:36', '2020-05-12 14:29:36'),
(161, 46, '500.0000', 'fixed', 2, '2020-05-12 14:29:36', '2020-05-12 14:29:36'),
(162, 47, NULL, 'fixed', 0, '2020-05-12 14:43:48', '2020-05-12 14:43:48'),
(163, 47, NULL, 'fixed', 1, '2020-05-12 14:43:48', '2020-05-12 14:43:48'),
(164, 47, NULL, 'fixed', 2, '2020-05-12 14:43:48', '2020-05-12 14:43:48'),
(165, 48, NULL, 'percent', 0, '2020-05-12 14:43:48', '2020-05-12 14:43:48'),
(166, 48, '10.0000', 'percent', 1, '2020-05-12 14:43:48', '2020-05-12 14:43:48'),
(167, 48, '20.0000', 'percent', 2, '2020-05-12 14:43:48', '2020-05-12 14:43:48'),
(168, 49, NULL, 'fixed', 0, '2020-05-12 14:52:32', '2020-05-12 14:52:32'),
(169, 49, NULL, 'fixed', 1, '2020-05-12 14:52:32', '2020-05-12 14:52:32'),
(170, 49, NULL, 'fixed', 2, '2020-05-12 14:52:32', '2020-05-12 14:52:32'),
(171, 49, NULL, 'fixed', 3, '2020-05-12 14:52:32', '2020-05-12 14:52:32'),
(172, 50, NULL, 'fixed', 0, '2020-05-12 14:52:32', '2020-05-12 14:52:32'),
(173, 50, NULL, 'fixed', 1, '2020-05-12 14:52:32', '2020-05-12 14:52:32'),
(174, 50, NULL, 'fixed', 2, '2020-05-12 14:52:32', '2020-05-12 14:52:32'),
(175, 50, NULL, 'fixed', 3, '2020-05-12 14:52:32', '2020-05-12 14:52:32'),
(176, 51, NULL, 'percent', 0, '2020-05-12 14:52:32', '2020-05-12 14:52:32'),
(177, 51, '10.0000', 'percent', 1, '2020-05-12 14:52:32', '2020-05-12 14:52:32'),
(178, 51, '30.0000', 'percent', 2, '2020-05-12 14:52:32', '2020-05-12 14:52:32'),
(179, 52, NULL, 'fixed', 0, '2020-05-13 03:34:30', '2020-05-13 03:34:30'),
(180, 52, NULL, 'fixed', 1, '2020-05-13 03:34:30', '2020-05-13 03:34:30'),
(181, 52, NULL, 'fixed', 2, '2020-05-13 03:34:30', '2020-05-13 03:34:30'),
(182, 52, NULL, 'fixed', 3, '2020-05-13 03:34:30', '2020-05-13 03:34:30'),
(183, 53, NULL, 'fixed', 0, '2020-05-13 03:34:30', '2020-05-13 03:34:30'),
(184, 53, NULL, 'fixed', 1, '2020-05-13 03:34:30', '2020-05-13 03:34:30'),
(185, 53, NULL, 'fixed', 2, '2020-05-13 03:34:30', '2020-05-13 03:34:30'),
(186, 54, NULL, 'fixed', 0, '2020-05-13 03:42:44', '2020-05-13 03:42:44'),
(187, 54, '100.0000', 'fixed', 1, '2020-05-13 03:42:44', '2020-05-13 03:42:44'),
(188, 55, NULL, 'fixed', 0, '2020-05-13 03:42:44', '2020-05-13 03:42:44'),
(189, 55, NULL, 'fixed', 1, '2020-05-13 03:42:44', '2020-05-13 03:42:44'),
(190, 55, NULL, 'fixed', 2, '2020-05-13 03:42:44', '2020-05-13 03:42:44'),
(191, 56, NULL, 'percent', 0, '2020-05-13 03:42:44', '2020-05-13 03:42:44'),
(192, 56, '40.0000', 'percent', 1, '2020-05-13 03:42:44', '2020-05-13 03:42:44'),
(193, 56, '80.0000', 'percent', 2, '2020-05-13 03:42:44', '2020-05-13 03:42:44'),
(194, 57, NULL, 'fixed', 0, '2020-05-13 03:51:47', '2020-05-13 03:51:47'),
(195, 57, NULL, 'fixed', 1, '2020-05-13 03:51:47', '2020-05-13 03:51:47'),
(196, 57, NULL, 'fixed', 2, '2020-05-13 03:51:47', '2020-05-13 03:51:47'),
(197, 57, NULL, 'fixed', 3, '2020-05-13 03:51:47', '2020-05-13 03:51:47'),
(198, 58, NULL, 'fixed', 0, '2020-05-13 03:58:23', '2020-05-13 03:58:23'),
(199, 58, NULL, 'fixed', 1, '2020-05-13 03:58:23', '2020-05-13 03:58:23'),
(200, 58, NULL, 'fixed', 2, '2020-05-13 03:58:23', '2020-05-13 03:58:23'),
(201, 58, NULL, 'fixed', 3, '2020-05-13 03:58:23', '2020-05-13 03:58:23'),
(202, 59, NULL, 'percent', 0, '2020-05-13 03:58:23', '2020-05-13 03:58:23'),
(203, 59, '10.0000', 'percent', 1, '2020-05-13 03:58:23', '2020-05-13 03:58:23'),
(204, 59, '25.0000', 'percent', 2, '2020-05-13 03:58:23', '2020-05-13 03:58:23'),
(205, 60, NULL, 'fixed', 0, '2020-05-13 04:03:37', '2020-05-13 04:03:37'),
(206, 60, '200.0000', 'fixed', 1, '2020-05-13 04:03:37', '2020-05-13 04:03:37'),
(207, 61, NULL, 'fixed', 0, '2020-05-13 04:08:38', '2020-05-13 04:08:38'),
(208, 61, NULL, 'fixed', 1, '2020-05-13 04:08:38', '2020-05-13 04:08:38'),
(209, 61, NULL, 'fixed', 2, '2020-05-13 04:08:38', '2020-05-13 04:08:38'),
(210, 61, NULL, 'fixed', 3, '2020-05-13 04:08:38', '2020-05-13 04:08:38'),
(211, 62, NULL, 'percent', 0, '2020-05-13 04:08:38', '2020-05-13 04:08:38'),
(212, 62, NULL, 'percent', 1, '2020-05-13 04:08:38', '2020-05-13 04:08:38'),
(213, 62, NULL, 'percent', 2, '2020-05-13 04:08:38', '2020-05-13 04:08:38'),
(214, 63, NULL, 'fixed', 0, '2020-05-13 08:14:49', '2020-05-13 08:14:49'),
(215, 63, NULL, 'fixed', 1, '2020-05-13 08:14:49', '2020-05-13 08:14:49'),
(216, 64, NULL, 'fixed', 0, '2020-05-13 08:14:49', '2020-05-13 08:14:49'),
(217, 64, NULL, 'fixed', 1, '2020-05-13 08:14:49', '2020-05-13 08:14:49'),
(218, 64, NULL, 'fixed', 2, '2020-05-13 08:14:49', '2020-05-13 08:14:49'),
(219, 64, NULL, 'fixed', 3, '2020-05-13 08:14:49', '2020-05-13 08:14:49'),
(220, 65, NULL, 'percent', 0, '2020-05-13 08:23:44', '2020-05-13 08:23:44'),
(221, 65, '25.0000', 'percent', 1, '2020-05-13 08:23:44', '2020-05-13 08:23:44'),
(222, 65, '80.0000', 'percent', 2, '2020-05-13 08:23:44', '2020-05-13 08:23:44'),
(223, 66, NULL, 'fixed', 0, '2020-05-13 08:38:13', '2020-05-13 08:38:13'),
(224, 66, NULL, 'fixed', 1, '2020-05-13 08:38:13', '2020-05-13 08:38:13'),
(225, 67, NULL, 'fixed', 0, '2020-05-13 08:48:20', '2020-05-13 08:48:20'),
(226, 67, NULL, 'fixed', 1, '2020-05-13 08:48:20', '2020-05-13 08:48:20'),
(227, 68, NULL, 'fixed', 0, '2020-05-13 08:59:00', '2020-05-13 08:59:00'),
(228, 68, NULL, 'fixed', 1, '2020-05-13 08:59:00', '2020-05-13 08:59:00'),
(229, 69, NULL, 'fixed', 0, '2020-05-13 08:59:00', '2020-05-13 08:59:00'),
(230, 69, NULL, 'fixed', 1, '2020-05-13 08:59:00', '2020-05-13 08:59:00'),
(231, 69, NULL, 'fixed', 2, '2020-05-13 08:59:00', '2020-05-13 08:59:00'),
(232, 70, NULL, 'fixed', 0, '2020-05-13 08:59:00', '2020-05-13 08:59:00'),
(233, 70, '40.0000', 'fixed', 1, '2020-05-13 08:59:00', '2020-05-13 08:59:00'),
(234, 70, '80.0000', 'fixed', 2, '2020-05-13 08:59:00', '2020-05-13 08:59:00'),
(235, 71, NULL, 'fixed', 0, '2020-05-13 09:10:52', '2020-05-13 09:10:52'),
(236, 71, NULL, 'fixed', 1, '2020-05-13 09:10:52', '2020-05-13 09:10:52'),
(237, 72, NULL, 'fixed', 0, '2020-05-13 09:10:52', '2020-05-13 09:10:52'),
(238, 72, '40.0000', 'fixed', 1, '2020-05-13 09:10:52', '2020-05-13 09:10:52'),
(239, 72, '80.0000', 'fixed', 2, '2020-05-13 09:10:52', '2020-05-13 09:10:52'),
(240, 73, NULL, 'fixed', 0, '2020-05-13 13:29:43', '2020-05-13 13:29:43'),
(241, 73, NULL, 'fixed', 1, '2020-05-13 13:29:43', '2020-05-13 13:29:43'),
(242, 73, NULL, 'fixed', 2, '2020-05-13 13:29:43', '2020-05-13 13:29:43'),
(243, 74, NULL, 'fixed', 0, '2020-05-13 13:38:46', '2020-05-13 13:38:46'),
(244, 74, NULL, 'fixed', 1, '2020-05-13 13:38:46', '2020-05-13 13:38:46'),
(245, 75, NULL, 'fixed', 0, '2020-05-13 13:38:46', '2020-05-13 13:38:46'),
(246, 75, '70.0000', 'fixed', 1, '2020-05-13 13:38:46', '2020-05-13 13:38:46'),
(247, 75, '100.0000', 'fixed', 2, '2020-05-13 13:38:46', '2020-05-13 13:38:46'),
(248, 76, NULL, 'fixed', 0, '2020-05-13 13:47:46', '2020-05-13 13:47:46'),
(249, 76, '200.0000', 'fixed', 1, '2020-05-13 13:47:46', '2020-05-13 13:47:46'),
(250, 76, '400.0000', 'fixed', 2, '2020-05-13 13:47:46', '2020-05-13 13:47:46'),
(251, 77, NULL, 'percent', 0, '2020-05-13 13:47:46', '2020-05-13 13:47:46'),
(252, 77, NULL, 'percent', 1, '2020-05-13 13:47:46', '2020-05-13 13:47:46'),
(253, 77, NULL, 'percent', 2, '2020-05-13 13:47:46', '2020-05-13 13:47:46'),
(254, 78, '200.0000', 'fixed', 0, '2020-05-13 13:54:15', '2020-05-13 13:54:15'),
(255, 78, '400.0000', 'fixed', 1, '2020-05-13 13:54:15', '2020-05-13 13:54:15'),
(256, 79, NULL, 'fixed', 0, '2020-05-13 13:54:15', '2020-05-13 13:54:15'),
(257, 79, '300.0000', 'fixed', 1, '2020-05-13 13:54:15', '2020-05-13 13:54:15'),
(258, 79, '500.0000', 'fixed', 2, '2020-05-13 13:54:15', '2020-05-13 13:54:15'),
(259, 80, '200.0000', 'fixed', 0, '2020-05-13 14:00:51', '2020-05-13 14:00:51'),
(260, 81, NULL, 'fixed', 0, '2020-05-14 12:38:16', '2020-05-14 12:38:16'),
(261, 81, NULL, 'fixed', 1, '2020-05-14 12:38:16', '2020-05-14 12:38:16'),
(262, 81, NULL, 'fixed', 2, '2020-05-14 12:38:16', '2020-05-14 12:38:16'),
(263, 82, NULL, 'fixed', 0, '2020-05-14 12:45:50', '2020-05-14 12:45:50'),
(264, 82, '80.0000', 'fixed', 1, '2020-05-14 12:45:50', '2020-05-14 12:45:50'),
(265, 82, '120.0000', 'fixed', 2, '2020-05-14 12:45:50', '2020-05-14 12:45:50'),
(266, 83, NULL, 'fixed', 0, '2020-05-14 12:48:27', '2020-05-14 12:48:27'),
(267, 83, NULL, 'fixed', 1, '2020-05-14 12:48:27', '2020-05-14 12:48:27'),
(268, 83, NULL, 'fixed', 2, '2020-05-14 12:48:27', '2020-05-14 12:48:27'),
(269, 83, NULL, 'fixed', 3, '2020-05-14 12:48:27', '2020-05-14 12:48:27'),
(270, 84, NULL, 'fixed', 0, '2020-05-14 13:10:52', '2020-05-14 13:10:52'),
(271, 84, NULL, 'fixed', 1, '2020-05-14 13:10:52', '2020-05-14 13:10:52'),
(272, 84, NULL, 'fixed', 2, '2020-05-14 13:10:52', '2020-05-14 13:10:52'),
(273, 84, NULL, 'fixed', 3, '2020-05-14 13:10:52', '2020-05-14 13:10:52'),
(274, 85, NULL, 'fixed', 0, '2020-05-14 13:15:32', '2020-05-14 13:15:32'),
(275, 85, NULL, 'fixed', 1, '2020-05-14 13:15:32', '2020-05-14 13:15:32'),
(276, 85, NULL, 'fixed', 2, '2020-05-14 13:15:32', '2020-05-14 13:15:32'),
(277, 85, NULL, 'fixed', 3, '2020-05-14 13:15:32', '2020-05-14 13:15:32'),
(278, 86, NULL, 'fixed', 0, '2020-05-14 13:21:05', '2020-05-14 13:21:05'),
(279, 86, NULL, 'fixed', 1, '2020-05-14 13:21:05', '2020-05-14 13:21:05'),
(280, 86, NULL, 'fixed', 2, '2020-05-14 13:21:05', '2020-05-14 13:21:05'),
(281, 86, NULL, 'fixed', 3, '2020-05-14 13:21:05', '2020-05-14 13:21:05'),
(282, 87, NULL, 'percent', 0, '2020-05-14 13:21:05', '2020-05-14 13:21:05'),
(283, 87, NULL, 'percent', 1, '2020-05-14 13:21:05', '2020-05-14 13:21:05'),
(284, 87, NULL, 'percent', 2, '2020-05-14 13:21:05', '2020-05-14 13:21:05'),
(285, 88, NULL, 'fixed', 0, '2020-05-14 13:26:49', '2020-05-14 13:26:49'),
(286, 88, NULL, 'fixed', 1, '2020-05-14 13:26:49', '2020-05-14 13:26:49'),
(287, 88, NULL, 'fixed', 2, '2020-05-14 13:26:49', '2020-05-14 13:26:49'),
(288, 88, NULL, 'fixed', 3, '2020-05-14 13:26:49', '2020-05-14 13:26:49'),
(289, 89, NULL, 'percent', 0, '2020-05-14 13:26:49', '2020-05-14 13:26:49'),
(290, 89, '40.0000', 'percent', 1, '2020-05-14 13:26:49', '2020-05-14 13:26:49'),
(291, 89, '80.0000', 'percent', 2, '2020-05-14 13:26:49', '2020-05-14 13:26:49'),
(292, 90, NULL, 'fixed', 0, '2020-05-14 13:29:10', '2020-05-14 13:29:10'),
(293, 90, NULL, 'fixed', 1, '2020-05-14 13:29:10', '2020-05-14 13:29:10'),
(294, 90, NULL, 'fixed', 2, '2020-05-14 13:29:10', '2020-05-14 13:29:10'),
(295, 91, NULL, 'percent', 0, '2020-05-14 13:29:10', '2020-05-14 13:29:10'),
(296, 91, '40.0000', 'percent', 1, '2020-05-14 13:29:10', '2020-05-14 13:29:10'),
(297, 91, '80.0000', 'percent', 2, '2020-05-14 13:29:10', '2020-05-14 13:29:10'),
(298, 92, NULL, 'fixed', 0, '2020-05-14 13:36:27', '2020-05-14 13:36:27'),
(299, 92, '50.0000', 'fixed', 1, '2020-05-14 13:36:27', '2020-05-14 13:36:27'),
(300, 92, '45.0000', 'fixed', 2, '2020-05-14 13:36:27', '2020-05-14 13:36:27'),
(301, 93, NULL, 'percent', 0, '2020-05-14 13:36:27', '2020-05-14 13:36:27'),
(302, 93, '100.0000', 'fixed', 1, '2020-05-14 13:36:27', '2020-05-14 13:36:27'),
(303, 93, '180.0000', 'fixed', 2, '2020-05-14 13:36:27', '2020-05-14 13:36:27'),
(304, 94, NULL, 'fixed', 0, '2020-05-14 13:49:34', '2020-05-14 13:49:34'),
(305, 94, NULL, 'fixed', 1, '2020-05-14 13:49:34', '2020-05-14 13:49:34'),
(306, 94, NULL, 'fixed', 2, '2020-05-14 13:49:34', '2020-05-14 13:49:34'),
(307, 95, NULL, 'percent', 0, '2020-05-14 13:49:34', '2020-05-14 13:49:34'),
(308, 95, '100.0000', 'fixed', 1, '2020-05-14 13:49:34', '2020-05-14 13:49:34'),
(309, 95, '150.0000', 'fixed', 2, '2020-05-14 13:49:34', '2020-05-14 13:49:34'),
(310, 96, NULL, 'percent', 0, '2020-05-14 14:22:40', '2020-05-14 14:22:40'),
(311, 96, '10.0000', 'percent', 1, '2020-05-14 14:22:40', '2020-05-14 14:22:40'),
(312, 96, '20.0000', 'percent', 2, '2020-05-14 14:22:40', '2020-05-14 14:22:40'),
(313, 97, NULL, 'percent', 0, '2020-05-14 14:30:45', '2020-05-14 14:30:45'),
(314, 97, NULL, 'percent', 1, '2020-05-14 14:30:45', '2020-05-14 14:30:45'),
(315, 97, NULL, 'percent', 2, '2020-05-14 14:30:45', '2020-05-14 14:30:45'),
(316, 98, NULL, 'fixed', 0, '2020-05-14 16:34:26', '2020-05-14 16:34:26'),
(317, 98, NULL, 'fixed', 1, '2020-05-14 16:34:26', '2020-05-14 16:34:26'),
(318, 99, NULL, 'percent', 0, '2020-05-14 16:34:26', '2020-05-14 16:34:26'),
(319, 99, '20.0000', 'percent', 1, '2020-05-14 16:34:26', '2020-05-14 16:34:26'),
(320, 99, '30.0000', 'percent', 2, '2020-05-14 16:34:26', '2020-05-14 16:34:26'),
(321, 100, NULL, 'fixed', 0, '2020-05-14 16:41:02', '2020-05-14 16:41:02'),
(322, 100, '100.0000', 'fixed', 1, '2020-05-14 16:41:02', '2020-05-14 16:41:02'),
(323, 101, NULL, 'fixed', 0, '2020-05-14 16:59:03', '2020-05-14 16:59:03'),
(324, 101, NULL, 'fixed', 1, '2020-05-14 16:59:03', '2020-05-14 16:59:03'),
(325, 102, NULL, 'percent', 0, '2020-05-14 16:59:03', '2020-05-14 16:59:03'),
(326, 102, '20.0000', 'percent', 1, '2020-05-14 16:59:03', '2020-05-14 16:59:03'),
(327, 102, '25.0000', 'percent', 2, '2020-05-14 16:59:03', '2020-05-14 16:59:03'),
(328, 103, NULL, 'fixed', 0, '2020-05-15 04:05:36', '2020-05-15 04:05:36'),
(329, 103, '5.0000', 'fixed', 1, '2020-05-15 04:05:36', '2020-05-15 04:05:36'),
(330, 103, '10.0000', 'fixed', 2, '2020-05-15 04:05:36', '2020-05-15 04:05:36'),
(331, 103, '15.0000', 'fixed', 3, '2020-05-15 04:05:36', '2020-05-15 04:05:36'),
(332, 104, NULL, 'fixed', 0, '2020-05-15 04:05:36', '2020-05-15 04:05:36'),
(333, 104, NULL, 'fixed', 1, '2020-05-15 04:05:36', '2020-05-15 04:05:36'),
(334, 105, NULL, 'fixed', 0, '2020-05-15 04:14:29', '2020-05-15 04:14:29'),
(335, 105, '5.0000', 'fixed', 1, '2020-05-15 04:14:29', '2020-05-15 04:14:29'),
(336, 105, '10.0000', 'fixed', 2, '2020-05-15 04:14:29', '2020-05-15 04:14:29'),
(337, 105, '15.0000', 'fixed', 3, '2020-05-15 04:14:29', '2020-05-15 04:14:29'),
(338, 106, NULL, 'fixed', 0, '2020-05-15 04:29:23', '2020-05-15 04:29:23'),
(339, 106, '5.0000', 'fixed', 1, '2020-05-15 04:29:23', '2020-05-15 04:29:23'),
(340, 106, '10.0000', 'fixed', 2, '2020-05-15 04:29:23', '2020-05-15 04:29:23'),
(341, 106, '15.0000', 'fixed', 3, '2020-05-15 04:29:23', '2020-05-15 04:29:23'),
(342, 107, NULL, 'fixed', 0, '2020-05-15 04:29:23', '2020-05-15 04:29:23'),
(343, 107, NULL, 'fixed', 1, '2020-05-15 04:29:23', '2020-05-15 04:29:23'),
(344, 107, NULL, 'fixed', 2, '2020-05-15 04:29:23', '2020-05-15 04:29:23'),
(345, 108, NULL, 'percent', 0, '2020-05-15 07:53:44', '2020-05-15 07:53:44'),
(346, 108, '10.0000', 'percent', 1, '2020-05-15 07:53:44', '2020-05-15 07:53:44'),
(347, 108, '20.0000', 'percent', 2, '2020-05-15 07:53:44', '2020-05-15 07:53:44'),
(348, 109, NULL, 'fixed', 0, '2020-05-15 07:57:02', '2020-05-15 07:57:02'),
(349, 109, NULL, 'fixed', 1, '2020-05-15 07:57:02', '2020-05-15 07:57:02'),
(350, 109, NULL, 'fixed', 2, '2020-05-15 07:57:02', '2020-05-15 07:57:02'),
(351, 110, NULL, 'fixed', 0, '2020-05-15 08:12:35', '2020-05-15 08:12:35'),
(352, 110, NULL, 'fixed', 1, '2020-05-15 08:12:35', '2020-05-15 08:12:35'),
(353, 110, NULL, 'fixed', 2, '2020-05-15 08:12:35', '2020-05-15 08:12:35'),
(354, 110, NULL, 'fixed', 3, '2020-05-15 08:12:35', '2020-05-15 08:12:35'),
(355, 111, NULL, 'fixed', 0, '2020-05-15 08:18:57', '2020-05-15 08:18:57'),
(356, 111, NULL, 'fixed', 1, '2020-05-15 08:18:57', '2020-05-15 08:18:57'),
(357, 111, NULL, 'fixed', 2, '2020-05-15 08:18:57', '2020-05-15 08:18:57'),
(358, 111, NULL, 'fixed', 3, '2020-05-15 08:18:57', '2020-05-15 08:18:57'),
(359, 112, NULL, 'fixed', 0, '2020-05-15 08:18:57', '2020-05-15 08:18:57'),
(360, 112, '5.0000', 'fixed', 1, '2020-05-15 08:18:57', '2020-05-15 08:18:57'),
(361, 112, '7.0000', 'fixed', 2, '2020-05-15 08:18:57', '2020-05-15 08:18:57'),
(362, 112, '12.0000', 'fixed', 3, '2020-05-15 08:18:57', '2020-05-15 08:18:57'),
(363, 112, '15.0000', 'fixed', 4, '2020-05-15 08:18:57', '2020-05-15 08:18:57'),
(364, 113, NULL, 'fixed', 0, '2020-05-15 08:21:42', '2020-05-15 08:21:42'),
(365, 113, NULL, 'fixed', 1, '2020-05-15 08:21:42', '2020-05-15 08:21:42'),
(366, 113, NULL, 'fixed', 2, '2020-05-15 08:21:42', '2020-05-15 08:21:42'),
(367, 113, NULL, 'fixed', 3, '2020-05-15 08:21:42', '2020-05-15 08:21:42'),
(368, 113, NULL, 'fixed', 4, '2020-05-15 08:21:42', '2020-05-15 08:21:42'),
(369, 114, NULL, 'fixed', 0, '2020-05-15 08:28:47', '2020-05-15 08:28:47'),
(370, 114, '5.0000', 'fixed', 1, '2020-05-15 08:28:47', '2020-05-15 08:28:47'),
(371, 114, '12.0000', 'fixed', 2, '2020-05-15 08:28:47', '2020-05-15 08:28:47'),
(372, 114, '15.0000', 'fixed', 3, '2020-05-15 08:28:47', '2020-05-15 08:28:47'),
(373, 115, NULL, 'fixed', 0, '2020-05-15 08:28:47', '2020-05-15 08:28:47'),
(374, 115, NULL, 'fixed', 1, '2020-05-15 08:28:47', '2020-05-15 08:28:47'),
(375, 115, NULL, 'fixed', 2, '2020-05-15 08:28:47', '2020-05-15 08:28:47'),
(376, 116, NULL, 'fixed', 0, '2020-05-15 08:32:03', '2020-05-15 08:32:03'),
(377, 116, NULL, 'fixed', 1, '2020-05-15 08:32:03', '2020-05-15 08:32:03'),
(378, 116, NULL, 'fixed', 2, '2020-05-15 08:32:03', '2020-05-15 08:32:03'),
(379, 116, NULL, 'fixed', 3, '2020-05-15 08:32:03', '2020-05-15 08:32:03'),
(380, 117, NULL, 'fixed', 0, '2020-05-15 08:38:07', '2020-05-15 08:38:07'),
(381, 117, '5.0000', 'fixed', 1, '2020-05-15 08:38:07', '2020-05-15 08:38:07'),
(382, 117, '7.0000', 'fixed', 2, '2020-05-15 08:38:07', '2020-05-15 08:38:07'),
(383, 117, '12.0000', 'fixed', 3, '2020-05-15 08:38:07', '2020-05-15 08:38:07'),
(384, 117, '15.0000', 'fixed', 4, '2020-05-15 08:38:07', '2020-05-15 08:38:07'),
(385, 118, NULL, 'fixed', 0, '2020-05-15 08:38:07', '2020-05-15 08:38:07'),
(386, 118, NULL, 'fixed', 1, '2020-05-15 08:38:07', '2020-05-15 08:38:07'),
(387, 118, NULL, 'fixed', 2, '2020-05-15 08:38:07', '2020-05-15 08:38:07'),
(388, 118, NULL, 'fixed', 3, '2020-05-15 08:38:07', '2020-05-15 08:38:07'),
(389, 118, NULL, 'fixed', 4, '2020-05-15 08:38:07', '2020-05-15 08:38:07'),
(390, 118, NULL, 'fixed', 5, '2020-05-15 08:38:07', '2020-05-15 08:38:07'),
(391, 119, NULL, 'fixed', 0, '2020-05-15 08:53:44', '2020-05-15 08:53:44'),
(392, 119, NULL, 'fixed', 1, '2020-05-15 08:53:44', '2020-05-15 08:53:44'),
(393, 119, NULL, 'fixed', 2, '2020-05-15 08:53:44', '2020-05-15 08:53:44'),
(394, 119, NULL, 'fixed', 3, '2020-05-15 08:53:44', '2020-05-15 08:53:44'),
(395, 119, NULL, 'fixed', 4, '2020-05-15 08:53:44', '2020-05-15 08:53:44'),
(396, 120, NULL, 'fixed', 0, '2020-05-15 08:56:56', '2020-05-15 08:56:56'),
(397, 120, NULL, 'fixed', 1, '2020-05-15 08:56:56', '2020-05-15 08:56:56'),
(398, 120, NULL, 'fixed', 2, '2020-05-15 08:56:56', '2020-05-15 08:56:56'),
(399, 120, NULL, 'fixed', 3, '2020-05-15 08:56:56', '2020-05-15 08:56:56'),
(400, 120, NULL, 'fixed', 4, '2020-05-15 08:56:56', '2020-05-15 08:56:56'),
(401, 121, NULL, 'fixed', 0, '2020-05-15 09:05:20', '2020-05-15 09:05:20'),
(402, 121, NULL, 'fixed', 1, '2020-05-15 09:05:20', '2020-05-15 09:05:20'),
(403, 121, NULL, 'fixed', 2, '2020-05-15 09:05:20', '2020-05-15 09:05:20'),
(404, 121, NULL, 'fixed', 3, '2020-05-15 09:05:20', '2020-05-15 09:05:20'),
(405, 122, NULL, 'fixed', 0, '2020-05-15 09:12:22', '2020-05-15 09:12:22'),
(406, 122, NULL, 'fixed', 1, '2020-05-15 09:12:22', '2020-05-15 09:12:22'),
(407, 123, NULL, 'fixed', 0, '2020-05-15 12:27:26', '2020-05-15 12:27:26'),
(408, 123, NULL, 'fixed', 1, '2020-05-15 12:27:26', '2020-05-15 12:27:26'),
(409, 123, NULL, 'fixed', 2, '2020-05-15 12:27:26', '2020-05-15 12:27:26'),
(410, 123, NULL, 'fixed', 3, '2020-05-15 12:27:26', '2020-05-15 12:27:26'),
(411, 124, NULL, 'percent', 0, '2020-05-15 12:49:16', '2020-05-15 12:49:16'),
(412, 124, '40.0000', 'percent', 1, '2020-05-15 12:49:16', '2020-05-15 12:49:16'),
(413, 124, '80.0000', 'percent', 2, '2020-05-15 12:49:16', '2020-05-15 12:49:16'),
(414, 125, NULL, 'fixed', 0, '2020-05-15 12:56:34', '2020-05-15 12:56:34'),
(415, 125, NULL, 'fixed', 1, '2020-05-15 12:56:34', '2020-05-15 12:56:34'),
(416, 125, NULL, 'fixed', 2, '2020-05-15 12:56:34', '2020-05-15 12:56:34'),
(417, 125, NULL, 'fixed', 3, '2020-05-15 12:56:34', '2020-05-15 12:56:34'),
(418, 125, NULL, 'fixed', 4, '2020-05-15 12:56:34', '2020-05-15 12:56:34'),
(419, 125, NULL, 'fixed', 5, '2020-05-15 12:56:34', '2020-05-15 12:56:34'),
(420, 126, NULL, 'fixed', 0, '2020-05-15 13:05:58', '2020-05-15 13:05:58'),
(421, 126, NULL, 'fixed', 1, '2020-05-15 13:05:58', '2020-05-15 13:05:58'),
(422, 126, NULL, 'fixed', 2, '2020-05-15 13:05:58', '2020-05-15 13:05:58'),
(423, 126, NULL, 'fixed', 3, '2020-05-15 13:05:58', '2020-05-15 13:05:58'),
(424, 126, NULL, 'fixed', 4, '2020-05-15 13:05:59', '2020-05-15 13:05:59'),
(425, 126, NULL, 'fixed', 5, '2020-05-15 13:05:59', '2020-05-15 13:05:59'),
(426, 127, NULL, 'fixed', 0, '2020-05-15 13:11:46', '2020-05-15 13:11:46'),
(427, 127, NULL, 'fixed', 1, '2020-05-15 13:11:46', '2020-05-15 13:11:46'),
(428, 127, NULL, 'fixed', 2, '2020-05-15 13:11:46', '2020-05-15 13:11:46'),
(429, 127, NULL, 'fixed', 3, '2020-05-15 13:11:46', '2020-05-15 13:11:46'),
(430, 127, NULL, 'fixed', 4, '2020-05-15 13:11:46', '2020-05-15 13:11:46'),
(431, 127, NULL, 'fixed', 5, '2020-05-15 13:11:46', '2020-05-15 13:11:46'),
(432, 128, NULL, 'fixed', 0, '2020-05-15 14:09:50', '2020-05-15 14:09:50'),
(433, 128, '40.0000', 'fixed', 1, '2020-05-15 14:09:50', '2020-05-15 14:09:50'),
(434, 128, '80.0000', 'fixed', 2, '2020-05-15 14:09:50', '2020-05-15 14:09:50'),
(435, 129, NULL, 'percent', 0, '2020-05-15 14:15:55', '2020-05-15 14:15:55'),
(436, 129, NULL, 'fixed', 1, '2020-05-15 14:15:55', '2020-05-15 14:15:55'),
(437, 129, NULL, 'fixed', 2, '2020-05-15 14:15:55', '2020-05-15 14:15:55'),
(438, 130, NULL, 'fixed', 0, '2020-05-15 14:23:54', '2020-05-15 14:23:54'),
(439, 130, '200.0000', 'fixed', 1, '2020-05-15 14:23:54', '2020-05-15 14:23:54'),
(440, 130, '400.0000', 'fixed', 2, '2020-05-15 14:23:54', '2020-05-15 14:23:54'),
(441, 131, NULL, 'fixed', 0, '2020-05-16 13:31:56', '2020-05-16 13:31:56'),
(442, 131, NULL, 'fixed', 1, '2020-05-16 13:31:56', '2020-05-16 13:31:56'),
(443, 131, NULL, 'fixed', 2, '2020-05-16 13:31:56', '2020-05-16 13:31:56'),
(444, 132, NULL, 'fixed', 0, '2020-05-16 13:34:15', '2020-05-16 13:34:15'),
(445, 132, NULL, 'fixed', 1, '2020-05-16 13:34:15', '2020-05-16 13:34:15'),
(446, 132, NULL, 'fixed', 2, '2020-05-16 13:34:15', '2020-05-16 13:34:15'),
(447, 27, NULL, 'fixed', 2, '2020-05-16 13:42:04', '2020-05-16 13:42:04'),
(448, 27, NULL, 'fixed', 3, '2020-05-16 13:42:04', '2020-05-16 13:42:04');

-- --------------------------------------------------------

--
-- Table structure for table `option_value_translations`
--

CREATE TABLE `option_value_translations` (
  `id` int UNSIGNED NOT NULL,
  `option_value_id` int UNSIGNED NOT NULL,
  `locale` varchar(191) CHARACTER SET utf8mb4 COLLATE utf8mb4_unicode_ci NOT NULL,
  `label` varchar(191) CHARACTER SET utf8mb4 COLLATE utf8mb4_unicode_ci NOT NULL
) ENGINE=InnoDB DEFAULT CHARSET=utf8mb4 COLLATE=utf8mb4_unicode_ci;

--
-- Dumping data for table `option_value_translations`
--

INSERT INTO `option_value_translations` (`id`, `option_value_id`, `locale`, `label`) VALUES
(1, 1, 'en', 'Space Grey'),
(2, 2, 'en', 'Silver'),
(3, 3, 'en', 'Gold'),
(4, 4, 'en', 'Silver'),
(5, 5, 'en', 'Space Grey'),
(6, 6, 'en', 'Gold'),
(7, 7, 'en', 'SM'),
(8, 8, 'en', 'M'),
(9, 9, 'en', 'L'),
(10, 10, 'en', 'XXL'),
(11, 11, 'en', '8GB'),
(12, 12, 'en', '16GB'),
(13, 13, 'en', '32GB'),
(14, 14, 'en', '500GB'),
(15, 15, 'en', '1TB'),
(16, 16, 'en', '2TB'),
(17, 17, 'en', '4GB'),
(18, 18, 'en', '6GB'),
(19, 19, 'en', '8GB'),
(20, 20, 'en', '12GB'),
(21, 21, 'en', 'Space Grey'),
(22, 22, 'en', 'Rose Gold'),
(23, 23, 'en', 'Black'),
(24, 24, 'en', 'Silver'),
(25, 25, 'en', 'White'),
(26, 26, 'en', 'Red'),
(27, 27, 'en', 'SM'),
(28, 28, 'en', 'M'),
(29, 29, 'en', 'L'),
(30, 30, 'en', 'XL'),
(31, 31, 'en', 'XXL'),
(32, 32, 'en', '40'),
(33, 33, 'en', '41'),
(34, 34, 'en', '42'),
(35, 35, 'en', '43'),
(36, 36, 'en', '44'),
(37, 37, 'en', '45'),
(38, 38, 'en', '30'),
(39, 39, 'en', '32'),
(40, 40, 'en', '34'),
(41, 41, 'en', '36'),
(42, 42, 'en', '38'),
(43, 43, 'en', '1080p (60HZ)'),
(44, 44, 'en', '4K'),
(45, 45, 'en', '144HZ'),
(46, 46, 'en', 'Nylon Strap'),
(47, 47, 'en', 'Leather strap'),
(48, 48, 'en', 'Stainless Steel Strap'),
(49, 49, 'en', '1 year'),
(50, 50, 'en', '2 year'),
(51, 51, 'en', '3 year'),
(52, 52, 'en', 'Black'),
(53, 53, 'en', '4GB'),
(54, 54, 'en', '8GB'),
(55, 55, 'en', '16GB'),
(56, 56, 'en', '32GB'),
(57, 57, 'en', '500GB'),
(58, 58, 'en', '1TB'),
(59, 59, 'en', '2TB'),
(60, 60, 'en', '1 year'),
(61, 61, 'en', '2 year'),
(62, 62, 'en', '3 year'),
(63, 63, 'en', '4GB'),
(64, 64, 'en', '8GB'),
(65, 65, 'en', '16GB'),
(66, 66, 'en', '32GB'),
(67, 67, 'en', '500GB'),
(68, 68, 'en', '1TB'),
(69, 69, 'en', '2TB'),
(70, 70, 'en', '1 year'),
(71, 71, 'en', '2 year'),
(72, 72, 'en', '3 year'),
(73, 73, 'en', '1 year'),
(74, 74, 'en', '2 year'),
(75, 75, 'en', '3 year'),
(76, 76, 'en', 'SM'),
(77, 77, 'en', 'M'),
(78, 78, 'en', 'L'),
(79, 79, 'en', 'XXL'),
(80, 80, 'en', 'Black'),
(81, 81, 'en', 'Blue'),
(82, 82, 'en', 'Olive'),
(83, 83, 'en', 'Black'),
(84, 84, 'en', 'Blue'),
(85, 85, 'en', 'Olive'),
(86, 86, 'en', 'Brown'),
(87, 87, 'en', 'Grey'),
(88, 88, 'en', 'White'),
(89, 89, 'en', 'SM'),
(90, 90, 'en', 'M'),
(91, 91, 'en', 'L'),
(92, 92, 'en', 'XXL'),
(93, 93, 'en', 'Grey'),
(94, 94, 'en', 'Black'),
(95, 95, 'en', 'Blue'),
(96, 96, 'en', 'SM'),
(97, 97, 'en', 'M'),
(98, 98, 'en', 'L'),
(99, 99, 'en', 'XXL'),
(100, 100, 'en', 'Black'),
(101, 101, 'en', 'Brown'),
(102, 102, 'en', 'Standard'),
(103, 103, 'en', 'UV 400'),
(104, 104, 'en', 'Polarized'),
(105, 105, 'en', 'Black'),
(106, 106, 'en', 'Silver'),
(107, 107, 'en', 'Red'),
(108, 108, 'en', '4GB'),
(109, 109, 'en', '6GB'),
(110, 110, 'en', '8GB'),
(111, 111, 'en', '12GB'),
(112, 112, 'en', 'Silver'),
(113, 113, 'en', 'Gold'),
(114, 114, 'en', 'Black'),
(115, 115, 'en', '8GB'),
(116, 116, 'en', '16GB'),
(117, 117, 'en', '32GB'),
(118, 118, 'en', '1 year'),
(119, 119, 'en', '2 year'),
(120, 120, 'en', '3 year'),
(121, 121, 'en', 'Space Grey'),
(122, 122, 'en', 'Silver'),
(123, 123, 'en', 'Gold'),
(124, 124, 'en', '4GB'),
(125, 125, 'en', '8GB'),
(126, 126, 'en', '16GB'),
(127, 127, 'en', '32GB'),
(128, 128, 'en', '500GB'),
(129, 129, 'en', '1TB'),
(130, 130, 'en', '2TB'),
(131, 131, 'en', '1 year'),
(132, 132, 'en', '2 year'),
(133, 133, 'en', '3 year'),
(134, 134, 'en', 'Space Grey'),
(135, 135, 'en', 'Silver'),
(136, 136, 'en', 'Gold'),
(137, 137, 'en', 'Black'),
(138, 138, 'en', '8GB'),
(139, 139, 'en', '16GB'),
(140, 140, 'en', '32GB'),
(141, 141, 'en', '500GB'),
(142, 142, 'en', '1TB'),
(143, 143, 'en', '2TB'),
(144, 144, 'en', '8GB'),
(145, 145, 'en', '16GB'),
(146, 146, 'en', '32GB'),
(147, 147, 'en', '500GB'),
(148, 148, 'en', '1TB'),
(149, 149, 'en', '2TB'),
(150, 150, 'en', '1 year'),
(151, 151, 'en', '2 year'),
(152, 152, 'en', '3 year'),
(153, 153, 'en', 'Silver'),
(154, 154, 'en', 'Gold'),
(155, 155, 'en', 'Black'),
(156, 156, 'en', '500GB'),
(157, 157, 'en', '1TB'),
(158, 158, 'en', '2TB'),
(159, 159, 'en', '500GB'),
(160, 160, 'en', '1TB'),
(161, 161, 'en', '2TB'),
(162, 162, 'en', 'Space Grey'),
(163, 163, 'en', 'Rose Gold'),
(164, 164, 'en', 'Red'),
(165, 165, 'en', '1 year'),
(166, 166, 'en', '2 year'),
(167, 167, 'en', '3 year'),
(168, 168, 'en', '4GB'),
(169, 169, 'en', '6GB'),
(170, 170, 'en', '8GB'),
(171, 171, 'en', '12GB'),
(172, 172, 'en', 'Black'),
(173, 173, 'en', 'Silver'),
(174, 174, 'en', 'White'),
(175, 175, 'en', 'Red'),
(176, 176, 'en', '1 year'),
(177, 177, 'en', '2 year'),
(178, 178, 'en', '3 year'),
(179, 179, 'en', 'Black'),
(180, 180, 'en', 'Silver'),
(181, 181, 'en', 'White'),
(182, 182, 'en', 'Red'),
(183, 183, 'en', '6GB'),
(184, 184, 'en', '8GB'),
(185, 185, 'en', '12GB'),
(186, 186, 'en', '6GB'),
(187, 187, 'en', '8GB'),
(188, 188, 'en', 'Black'),
(189, 189, 'en', 'Silver'),
(190, 190, 'en', 'White'),
(191, 191, 'en', '1 year'),
(192, 192, 'en', '2 year'),
(193, 193, 'en', '3 year'),
(194, 194, 'en', 'Space Grey'),
(195, 195, 'en', 'Rose Gold'),
(196, 196, 'en', 'Black'),
(197, 197, 'en', 'Silver'),
(198, 198, 'en', 'Space Grey'),
(199, 199, 'en', 'Rose Gold'),
(200, 200, 'en', 'Black'),
(201, 201, 'en', 'Silver'),
(202, 202, 'en', '1 year'),
(203, 203, 'en', '2 year'),
(204, 204, 'en', '3 year'),
(205, 205, 'en', '4GB'),
(206, 206, 'en', '8GB'),
(207, 207, 'en', 'Space Grey'),
(208, 208, 'en', 'Silver'),
(209, 209, 'en', 'Gold'),
(210, 210, 'en', 'Black'),
(211, 211, 'en', '1 year'),
(212, 212, 'en', '2 year'),
(213, 213, 'en', '3 year'),
(214, 214, 'en', '8GB'),
(215, 215, 'en', '12GB'),
(216, 216, 'en', 'Black'),
(217, 217, 'en', 'Silver'),
(218, 218, 'en', 'White'),
(219, 219, 'en', 'Red'),
(220, 220, 'en', '1 year'),
(221, 221, 'en', '2 year'),
(222, 222, 'en', '3 year'),
(223, 223, 'en', '8GB'),
(224, 224, 'en', '16GB'),
(225, 225, 'en', '8GB'),
(226, 226, 'en', '12GB'),
(227, 227, 'en', '6GB'),
(228, 228, 'en', '8GB'),
(229, 229, 'en', 'Black'),
(230, 230, 'en', 'Silver'),
(231, 231, 'en', 'White'),
(232, 232, 'en', '1 year'),
(233, 233, 'en', '2 year'),
(234, 234, 'en', '3 year'),
(235, 235, 'en', '8GB'),
(236, 236, 'en', '12GB'),
(237, 237, 'en', '1 year'),
(238, 238, 'en', '2 year'),
(239, 239, 'en', '3 year'),
(240, 240, 'en', '4GB'),
(241, 241, 'en', '6GB'),
(242, 242, 'en', '8GB'),
(243, 243, 'en', '8GB'),
(244, 244, 'en', '12GB'),
(245, 245, 'en', '1 year'),
(246, 246, 'en', '2 year'),
(247, 247, 'en', '3 year'),
(248, 248, 'en', '8GB'),
(249, 249, 'en', '16GB'),
(250, 250, 'en', '32GB'),
(251, 251, 'en', '1 year'),
(252, 252, 'en', '2 year'),
(253, 253, 'en', '3 year'),
(254, 254, 'en', '16GB'),
(255, 255, 'en', '32GB'),
(256, 256, 'en', '500GB'),
(257, 257, 'en', '1TB'),
(258, 258, 'en', '2TB'),
(259, 259, 'en', '16GB'),
(260, 260, 'en', 'Space Grey'),
(261, 261, 'en', 'Rose Gold'),
(262, 262, 'en', 'Silver'),
(263, 263, 'en', '1 year'),
(264, 264, 'en', '2 year'),
(265, 265, 'en', '3 year'),
(266, 266, 'en', 'Space Grey'),
(267, 267, 'en', 'Rose Gold'),
(268, 268, 'en', 'Black'),
(269, 269, 'en', 'Red'),
(270, 270, 'en', 'Black'),
(271, 271, 'en', 'Silver'),
(272, 272, 'en', 'White'),
(273, 273, 'en', 'Red'),
(274, 274, 'en', 'Space Grey'),
(275, 275, 'en', 'Rose Gold'),
(276, 276, 'en', 'Black'),
(277, 277, 'en', 'Silver'),
(278, 278, 'en', 'Rose Gold'),
(279, 279, 'en', 'Black'),
(280, 280, 'en', 'Silver'),
(281, 281, 'en', 'White'),
(282, 282, 'en', '1 year'),
(283, 283, 'en', '2 year'),
(284, 284, 'en', '3 year'),
(285, 285, 'en', 'Space Grey'),
(286, 286, 'en', 'Rose Gold'),
(287, 287, 'en', 'Black'),
(288, 288, 'en', 'Silver'),
(289, 289, 'en', '1 year'),
(290, 290, 'en', '2 year'),
(291, 291, 'en', '3 year'),
(292, 292, 'en', 'Nylon Strap'),
(293, 293, 'en', 'Leather strap'),
(294, 294, 'en', 'Stainless Steel Strap'),
(295, 295, 'en', '1 year'),
(296, 296, 'en', '2 year'),
(297, 297, 'en', '3 year'),
(298, 298, 'en', 'Nylon Strap'),
(299, 299, 'en', 'Leather strap'),
(300, 300, 'en', 'Stainless Steel Strap'),
(301, 301, 'en', '1 year'),
(302, 302, 'en', '2 year'),
(303, 303, 'en', '3 year'),
(304, 304, 'en', 'Black'),
(305, 305, 'en', 'Silver'),
(306, 306, 'en', 'White'),
(307, 307, 'en', '1 year'),
(308, 308, 'en', '2 year'),
(309, 309, 'en', '3 year'),
(310, 310, 'en', '1 year'),
(311, 311, 'en', '2 year'),
(312, 312, 'en', '3 year'),
(313, 313, 'en', '1 year'),
(314, 314, 'en', '2 year'),
(315, 315, 'en', '3 year'),
(316, 316, 'en', '2GB'),
(317, 317, 'en', '4GB'),
(318, 318, 'en', '1 year'),
(319, 319, 'en', '2 year'),
(320, 320, 'en', '3 year'),
(321, 321, 'en', '4GB'),
(322, 322, 'en', '8GB'),
(323, 323, 'en', 'Black'),
(324, 324, 'en', 'White'),
(325, 325, 'en', '1 year'),
(326, 326, 'en', '2 year'),
(327, 327, 'en', '3 year'),
(328, 328, 'en', 'SM'),
(329, 329, 'en', 'M'),
(330, 330, 'en', 'L'),
(331, 331, 'en', 'XXL'),
(332, 332, 'en', 'Black'),
(333, 333, 'en', 'Blue'),
(334, 334, 'en', 'SM'),
(335, 335, 'en', 'M'),
(336, 336, 'en', 'L'),
(337, 337, 'en', 'XXL'),
(338, 338, 'en', 'SM'),
(339, 339, 'en', 'M'),
(340, 340, 'en', 'L'),
(341, 341, 'en', 'XXL'),
(342, 342, 'en', 'Black'),
(343, 343, 'en', 'Blue'),
(344, 344, 'en', 'Green'),
(345, 345, 'en', '1 year'),
(346, 346, 'en', '2 year'),
(347, 347, 'en', '3 year'),
(348, 348, 'en', '1 year'),
(349, 349, 'en', '2 year'),
(350, 350, 'en', '3 year'),
(351, 351, 'en', 'Black'),
(352, 352, 'en', 'Silver'),
(353, 353, 'en', 'White'),
(354, 354, 'en', 'Red'),
(355, 355, 'en', 'Black'),
(356, 356, 'en', 'Blue'),
(357, 357, 'en', 'Brown'),
(358, 358, 'en', 'White'),
(359, 359, 'en', 'SM'),
(360, 360, 'en', 'M'),
(361, 361, 'en', 'L'),
(362, 362, 'en', 'XL'),
(363, 363, 'en', 'XXL'),
(364, 364, 'en', 'SM'),
(365, 365, 'en', 'M'),
(366, 366, 'en', 'L'),
(367, 367, 'en', 'XL'),
(368, 368, 'en', 'XXL'),
(369, 369, 'en', 'SM'),
(370, 370, 'en', 'M'),
(371, 371, 'en', 'XL'),
(372, 372, 'en', 'XXL'),
(373, 373, 'en', 'Red'),
(374, 374, 'en', 'White'),
(375, 375, 'en', 'Black'),
(376, 376, 'en', 'Black'),
(377, 377, 'en', 'Blue'),
(378, 378, 'en', 'Brown'),
(379, 379, 'en', 'White'),
(380, 380, 'en', 'SM'),
(381, 381, 'en', 'M'),
(382, 382, 'en', 'L'),
(383, 383, 'en', 'XL'),
(384, 384, 'en', 'XXL'),
(385, 385, 'en', 'Black'),
(386, 386, 'en', 'Blue'),
(387, 387, 'en', 'Olive'),
(388, 388, 'en', 'Brown'),
(389, 389, 'en', 'Grey'),
(390, 390, 'en', 'White'),
(391, 391, 'en', '30'),
(392, 392, 'en', '32'),
(393, 393, 'en', '34'),
(394, 394, 'en', '36'),
(395, 395, 'en', '38'),
(396, 396, 'en', '30'),
(397, 397, 'en', '32'),
(398, 398, 'en', '34'),
(399, 399, 'en', '36'),
(400, 400, 'en', '38'),
(401, 401, 'en', 'Black'),
(402, 402, 'en', 'Blue'),
(403, 403, 'en', 'Grey'),
(404, 404, 'en', 'White'),
(405, 405, 'en', 'Black'),
(406, 406, 'en', 'White'),
(407, 407, 'en', 'Black'),
(408, 408, 'en', 'Blue'),
(409, 409, 'en', 'Brown'),
(410, 410, 'en', 'Grey'),
(411, 411, 'en', '1 year'),
(412, 412, 'en', '2 year'),
(413, 413, 'en', '3 year'),
(414, 414, 'en', '40'),
(415, 415, 'en', '41'),
(416, 416, 'en', '42'),
(417, 417, 'en', '43'),
(418, 418, 'en', '44'),
(419, 419, 'en', '45'),
(420, 420, 'en', '40'),
(421, 421, 'en', '41'),
(422, 422, 'en', '42'),
(423, 423, 'en', '43'),
(424, 424, 'en', '44'),
(425, 425, 'en', '45'),
(426, 426, 'en', '40'),
(427, 427, 'en', '41'),
(428, 428, 'en', '42'),
(429, 429, 'en', '43'),
(430, 430, 'en', '44'),
(431, 431, 'en', '45'),
(432, 432, 'en', '1 year'),
(433, 433, 'en', '2 year'),
(434, 434, 'en', '3 year'),
(435, 435, 'en', '1 year'),
(436, 436, 'en', '2 year'),
(437, 437, 'en', '3 year'),
(438, 438, 'en', '8GB'),
(439, 439, 'en', '16GB'),
(440, 440, 'en', '32GB'),
(441, 441, 'en', 'Black'),
(442, 442, 'en', 'Blue'),
(443, 443, 'en', 'Grey'),
(444, 444, 'en', 'Black'),
(445, 445, 'en', 'Blue'),
(446, 446, 'en', 'Silver'),
(447, 447, 'en', 'White'),
(448, 448, 'en', 'Blue');

-- --------------------------------------------------------

--
-- Table structure for table `orders`
--

CREATE TABLE `orders` (
  `id` int UNSIGNED NOT NULL,
  `customer_id` int DEFAULT NULL,
  `customer_email` varchar(191) CHARACTER SET utf8mb4 COLLATE utf8mb4_unicode_ci NOT NULL,
  `customer_phone` varchar(191) CHARACTER SET utf8mb4 COLLATE utf8mb4_unicode_ci DEFAULT NULL,
  `customer_first_name` varchar(191) CHARACTER SET utf8mb4 COLLATE utf8mb4_unicode_ci NOT NULL,
  `customer_last_name` varchar(191) CHARACTER SET utf8mb4 COLLATE utf8mb4_unicode_ci NOT NULL,
  `billing_first_name` varchar(191) CHARACTER SET utf8mb4 COLLATE utf8mb4_unicode_ci NOT NULL,
  `billing_last_name` varchar(191) CHARACTER SET utf8mb4 COLLATE utf8mb4_unicode_ci NOT NULL,
  `billing_address_1` varchar(191) CHARACTER SET utf8mb4 COLLATE utf8mb4_unicode_ci NOT NULL,
  `billing_address_2` varchar(191) CHARACTER SET utf8mb4 COLLATE utf8mb4_unicode_ci DEFAULT NULL,
  `billing_city` varchar(191) CHARACTER SET utf8mb4 COLLATE utf8mb4_unicode_ci NOT NULL,
  `billing_state` varchar(191) CHARACTER SET utf8mb4 COLLATE utf8mb4_unicode_ci NOT NULL,
  `billing_zip` varchar(191) CHARACTER SET utf8mb4 COLLATE utf8mb4_unicode_ci NOT NULL,
  `billing_country` varchar(191) CHARACTER SET utf8mb4 COLLATE utf8mb4_unicode_ci NOT NULL,
  `shipping_first_name` varchar(191) CHARACTER SET utf8mb4 COLLATE utf8mb4_unicode_ci NOT NULL,
  `shipping_last_name` varchar(191) CHARACTER SET utf8mb4 COLLATE utf8mb4_unicode_ci NOT NULL,
  `shipping_address_1` varchar(191) CHARACTER SET utf8mb4 COLLATE utf8mb4_unicode_ci NOT NULL,
  `shipping_address_2` varchar(191) CHARACTER SET utf8mb4 COLLATE utf8mb4_unicode_ci DEFAULT NULL,
  `shipping_city` varchar(191) CHARACTER SET utf8mb4 COLLATE utf8mb4_unicode_ci NOT NULL,
  `shipping_state` varchar(191) CHARACTER SET utf8mb4 COLLATE utf8mb4_unicode_ci NOT NULL,
  `shipping_zip` varchar(191) CHARACTER SET utf8mb4 COLLATE utf8mb4_unicode_ci NOT NULL,
  `shipping_country` varchar(191) CHARACTER SET utf8mb4 COLLATE utf8mb4_unicode_ci NOT NULL,
  `sub_total` decimal(18,4) UNSIGNED NOT NULL,
  `shipping_method` varchar(191) CHARACTER SET utf8mb4 COLLATE utf8mb4_unicode_ci DEFAULT NULL,
  `shipping_cost` decimal(18,4) UNSIGNED NOT NULL,
  `coupon_id` int DEFAULT NULL,
  `discount` decimal(18,4) UNSIGNED NOT NULL,
  `total` decimal(18,4) UNSIGNED NOT NULL,
  `payment_method` varchar(191) CHARACTER SET utf8mb4 COLLATE utf8mb4_unicode_ci NOT NULL,
  `currency` varchar(191) CHARACTER SET utf8mb4 COLLATE utf8mb4_unicode_ci NOT NULL,
  `currency_rate` decimal(18,4) NOT NULL,
  `locale` varchar(191) CHARACTER SET utf8mb4 COLLATE utf8mb4_unicode_ci NOT NULL,
  `status` varchar(191) CHARACTER SET utf8mb4 COLLATE utf8mb4_unicode_ci NOT NULL,
  `note` text CHARACTER SET utf8mb4 COLLATE utf8mb4_unicode_ci,
  `deleted_at` timestamp NULL DEFAULT NULL,
  `created_at` timestamp NULL DEFAULT NULL,
  `updated_at` timestamp NULL DEFAULT NULL
) ENGINE=InnoDB DEFAULT CHARSET=utf8mb4 COLLATE=utf8mb4_unicode_ci;

--
-- Dumping data for table `orders`
--

INSERT INTO `orders` (`id`, `customer_id`, `customer_email`, `customer_phone`, `customer_first_name`, `customer_last_name`, `billing_first_name`, `billing_last_name`, `billing_address_1`, `billing_address_2`, `billing_city`, `billing_state`, `billing_zip`, `billing_country`, `shipping_first_name`, `shipping_last_name`, `shipping_address_1`, `shipping_address_2`, `shipping_city`, `shipping_state`, `shipping_zip`, `shipping_country`, `sub_total`, `shipping_method`, `shipping_cost`, `coupon_id`, `discount`, `total`, `payment_method`, `currency`, `currency_rate`, `locale`, `status`, `note`, `deleted_at`, `created_at`, `updated_at`) VALUES
(1, 1, 'admin@email.com', '0123456789', 'Mehedi', 'Hasan', 'Mehedi', 'Hasan', 'Palli Bidyut, Savar', '', 'Dhaka', 'DHA', '1344', 'BD', 'Mehedi', 'Hasan', 'Palli Bidyut, Savar', '', 'Dhaka', 'DHA', '1344', 'BD', '12586.0000', 'flat_rate', '25.0000', NULL, '0.0000', '12611.0000', 'cod', 'USD', '1.0000', 'en', 'completed', NULL, NULL, '2020-05-02 10:54:26', '2020-05-10 03:06:57'),
(4, 1, 'john@email.com', '0123456789', 'John', 'Doe', 'John', 'Doe', 'Mohammadpur, Dhaka', NULL, 'Dhaka', 'DHA', '1250', 'BD', 'John', 'Doe', 'Mohammadpur, Dhaka', NULL, 'Dhaka', 'DHA', '1250', 'BD', '7431.8000', 'free_shipping', '0.0000', 2, '0.0000', '7431.8000', 'cod', 'USD', '1.0000', 'en', 'pending', 'Lorem Ipsum is simply dummy text of the printing and typesetting industry. Lorem Ipsum has been the industry\'s standard dummy text ever since the 1500s.', NULL, '2020-05-16 14:09:25', '2020-05-16 14:09:26'),
(8, 1, 'admin@email.com', '12345678', 'Demo', 'Admin', 'Demo', 'Admin', 'Savar', NULL, 'Dhaka', 'DHA', '1344', 'BD', 'Demo', 'Admin', 'Savar', NULL, 'Dhaka', 'DHA', '1344', 'BD', '1199.6600', 'free_shipping', '0.0000', NULL, '0.0000', '1199.6600', 'paytm', 'USD', '1.0000', 'en', 'pending_payment', NULL, '2023-05-07 12:17:15', '2023-05-07 12:17:15', '2023-05-07 12:17:15'),
(9, 1, 'admin@email.com', '12345678', 'Demo', 'Admin', 'Demo', 'Admin', 'Savar', NULL, 'Dhaka', 'DHA', '1344', 'BD', 'Demo', 'Admin', 'Savar', NULL, 'Dhaka', 'DHA', '1344', 'BD', '1199.6600', 'free_shipping', '0.0000', NULL, '0.0000', '1199.6600', 'paytm', 'INR', '73.1500', 'en', 'pending_payment', NULL, NULL, '2023-05-07 12:17:53', '2023-05-07 12:17:53'),
(15, 1, 'admin@email.com', '12345678', 'Demo', 'Admin', 'Demo', 'Admin', 'Savar', NULL, 'Dhaka', 'DHA', '1344', 'BD', 'Demo', 'Admin', 'Savar', NULL, 'Dhaka', 'DHA', '1344', 'BD', '26.7445', 'free_shipping', '0.0000', NULL, '0.0000', '26.7445', 'instamojo', 'INR', '73.1500', 'en', 'pending_payment', NULL, '2023-05-07 12:33:39', '2023-05-07 12:33:38', '2023-05-07 12:33:39'),
(17, 1, 'admin@email.com', '12345678', 'Demo', 'Admin', 'Demo', 'Admin', 'Savar', NULL, 'Dhaka', 'DHA', '1344', 'BD', 'Demo', 'Admin', 'Savar', NULL, 'Dhaka', 'DHA', '1344', 'BD', '26.7445', 'free_shipping', '0.0000', NULL, '0.0000', '26.7445', 'instamojo', 'INR', '73.1500', 'en', 'pending_payment', NULL, '2023-05-07 12:36:45', '2023-05-07 12:36:45', '2023-05-07 12:36:45'),
(23, 1, 'admin@email.com', '12345678', 'Demo', 'Admin', 'Demo', 'Admin', 'Savar', NULL, 'Dhaka', 'DHA', '1344', 'BD', 'Demo', 'Admin', 'Savar', NULL, 'Dhaka', 'DHA', '1344', 'BD', '26.7445', 'free_shipping', '0.0000', NULL, '0.0000', '26.7445', 'instamojo', 'INR', '73.1500', 'en', 'pending_payment', NULL, '2023-05-08 00:54:55', '2023-05-08 00:54:54', '2023-05-08 00:54:55'),
(24, 1, 'admin@email.com', '12345678', 'Demo', 'Admin', 'Demo', 'Admin', 'Savar', NULL, 'Dhaka', 'DHA', '1344', 'BD', 'Demo', 'Admin', 'Savar', NULL, 'Dhaka', 'DHA', '1344', 'BD', '26.7445', 'free_shipping', '0.0000', NULL, '0.0000', '26.7445', 'flutterwave', 'INR', '73.1500', 'en', 'pending_payment', NULL, '2023-05-08 01:11:24', '2023-05-08 01:11:23', '2023-05-08 01:11:24');

-- --------------------------------------------------------

--
-- Table structure for table `order_downloads`
--

CREATE TABLE `order_downloads` (
  `id` int UNSIGNED NOT NULL,
  `order_id` int UNSIGNED NOT NULL,
  `file_id` int UNSIGNED NOT NULL
) ENGINE=InnoDB DEFAULT CHARSET=utf8mb4 COLLATE=utf8mb4_unicode_ci;

-- --------------------------------------------------------

--
-- Table structure for table `order_products`
--

CREATE TABLE `order_products` (
  `id` int UNSIGNED NOT NULL,
  `order_id` int UNSIGNED NOT NULL,
  `product_id` int UNSIGNED NOT NULL,
  `product_variant_id` bigint UNSIGNED DEFAULT NULL,
  `unit_price` decimal(18,4) UNSIGNED NOT NULL,
  `qty` int NOT NULL,
  `line_total` decimal(18,4) UNSIGNED NOT NULL
) ENGINE=InnoDB DEFAULT CHARSET=utf8mb4 COLLATE=utf8mb4_unicode_ci;

--
-- Dumping data for table `order_products`
--

INSERT INTO `order_products` (`id`, `order_id`, `product_id`, `product_variant_id`, `unit_price`, `qty`, `line_total`) VALUES
(1, 1, 63, NULL, '999.0000', 2, '1998.0000'),
(2, 1, 56, NULL, '299.0000', 2, '598.0000'),
(3, 1, 1, NULL, '999.0000', 10, '9990.0000'),
(6, 4, 94, NULL, '49.0000', 21, '1029.0000'),
(7, 4, 2, NULL, '450.0000', 11, '4950.0000'),
(8, 4, 95, NULL, '155.0000', 8, '1240.0000'),
(9, 4, 116, NULL, '15.2000', 14, '212.8000'),
(16, 8, 4, NULL, '1199.6600', 1, '1199.6600'),
(17, 9, 4, NULL, '1199.6600', 1, '1199.6600'),
(23, 15, 98, NULL, '26.7445', 1, '26.7445'),
(25, 17, 98, NULL, '26.7445', 1, '26.7445'),
(31, 23, 98, NULL, '26.7445', 1, '26.7445'),
(32, 24, 98, NULL, '26.7445', 1, '26.7445');

-- --------------------------------------------------------

--
-- Table structure for table `order_product_options`
--

CREATE TABLE `order_product_options` (
  `id` int UNSIGNED NOT NULL,
  `order_product_id` int UNSIGNED NOT NULL,
  `option_id` int UNSIGNED NOT NULL,
  `value` text CHARACTER SET utf8mb4 COLLATE utf8mb4_unicode_ci
) ENGINE=InnoDB DEFAULT CHARSET=utf8mb4 COLLATE=utf8mb4_unicode_ci;

--
-- Dumping data for table `order_product_options`
--

INSERT INTO `order_product_options` (`id`, `order_product_id`, `option_id`, `value`) VALUES
(3, 6, 110, NULL),
(4, 7, 29, NULL),
(5, 7, 30, NULL);

-- --------------------------------------------------------

--
-- Table structure for table `order_product_option_values`
--

CREATE TABLE `order_product_option_values` (
  `order_product_option_id` int UNSIGNED NOT NULL,
  `option_value_id` int UNSIGNED NOT NULL,
  `price` decimal(18,4) UNSIGNED DEFAULT NULL
) ENGINE=InnoDB DEFAULT CHARSET=utf8mb4 COLLATE=utf8mb4_unicode_ci;

--
-- Dumping data for table `order_product_option_values`
--

INSERT INTO `order_product_option_values` (`order_product_option_id`, `option_value_id`, `price`) VALUES
(3, 351, NULL),
(4, 107, NULL),
(5, 109, NULL);

-- --------------------------------------------------------

--
-- Table structure for table `order_product_variations`
--

CREATE TABLE `order_product_variations` (
  `id` int UNSIGNED NOT NULL,
  `order_product_id` int UNSIGNED NOT NULL,
  `variation_id` int UNSIGNED NOT NULL,
  `type` varchar(191) CHARACTER SET utf8mb4 COLLATE utf8mb4_unicode_ci NOT NULL,
  `value` varchar(191) CHARACTER SET utf8mb4 COLLATE utf8mb4_unicode_ci NOT NULL
) ENGINE=InnoDB DEFAULT CHARSET=utf8mb4 COLLATE=utf8mb4_unicode_ci;

-- --------------------------------------------------------

--
-- Table structure for table `order_product_variation_values`
--

CREATE TABLE `order_product_variation_values` (
  `order_product_variation_id` int UNSIGNED NOT NULL,
  `variation_value_id` int UNSIGNED NOT NULL
) ENGINE=InnoDB DEFAULT CHARSET=utf8mb4 COLLATE=utf8mb4_unicode_ci;

-- --------------------------------------------------------

--
-- Table structure for table `order_taxes`
--

CREATE TABLE `order_taxes` (
  `order_id` int UNSIGNED NOT NULL,
  `tax_rate_id` int UNSIGNED NOT NULL,
  `amount` decimal(15,4) UNSIGNED NOT NULL
) ENGINE=InnoDB DEFAULT CHARSET=utf8mb4 COLLATE=utf8mb4_unicode_ci;

-- --------------------------------------------------------

--
-- Table structure for table `pages`
--

CREATE TABLE `pages` (
  `id` int UNSIGNED NOT NULL,
  `slug` varchar(191) CHARACTER SET utf8mb4 COLLATE utf8mb4_unicode_ci NOT NULL,
  `is_active` tinyint(1) NOT NULL,
  `created_at` timestamp NULL DEFAULT NULL,
  `updated_at` timestamp NULL DEFAULT NULL
) ENGINE=InnoDB DEFAULT CHARSET=utf8mb4 COLLATE=utf8mb4_unicode_ci;

--
-- Dumping data for table `pages`
--

INSERT INTO `pages` (`id`, `slug`, `is_active`, `created_at`, `updated_at`) VALUES
(1, 'privacy-policy', 1, '2020-05-14 07:55:40', '2020-05-14 07:55:40'),
(2, 'terms-conditions', 1, '2020-05-14 10:15:20', '2020-05-14 10:15:20'),
(3, 'return-policy', 1, '2020-05-14 10:59:27', '2020-05-14 10:59:27'),
(4, 'faq', 1, '2020-05-14 11:31:09', '2020-05-14 11:31:09'),
(5, 'about-us', 1, '2020-05-14 12:52:37', '2020-05-14 12:52:37');

-- --------------------------------------------------------

--
-- Table structure for table `page_translations`
--

CREATE TABLE `page_translations` (
  `id` int UNSIGNED NOT NULL,
  `page_id` int UNSIGNED NOT NULL,
  `locale` varchar(191) CHARACTER SET utf8mb4 COLLATE utf8mb4_unicode_ci NOT NULL,
  `name` varchar(191) CHARACTER SET utf8mb4 COLLATE utf8mb4_unicode_ci NOT NULL,
  `body` longtext CHARACTER SET utf8mb4 COLLATE utf8mb4_unicode_ci NOT NULL
) ENGINE=InnoDB DEFAULT CHARSET=utf8mb4 COLLATE=utf8mb4_unicode_ci;

--
-- Dumping data for table `page_translations`
--

INSERT INTO `page_translations` (`id`, `page_id`, `locale`, `name`, `body`) VALUES
(1, 1, 'en', 'Privacy & Policy', '<h1 style=\"text-align: center;\">Privacy Policy</h1>\r\n<p>&nbsp;</p>\r\n<p>Your privacy is as important to us as it is to you. We know you hate SPAM and so do we. That is why we will never sell or share your information with anyone without your express permission. We respect your rights and will do everything in our power to protect your personal information. In the interest of full disclosure, we provide this notice explaining our online information collection practices. This privacy notice discloses the privacy practices for <a href=\"https://envaysoft.com/\">EnvaySoft</a>&nbsp;(herein known as we, us and our company) and applies solely to information collected by this web site.</p>\r\n<p>&nbsp;</p>\r\n<p>&nbsp;</p>\r\n<h4>Information Collection, Use, and Sharing</h4>\r\n<p>We are the sole owners of the information collected on this site. We only have access to information that you voluntarily give us via email or other direct contact from you. We will not sell or rent this information to anyone. We will use your information to respond to you, regarding the reason you contacted us. We will not share your information with any third party outside of our organization, other than as necessary to fulfill your request, e.g. to ship an order.</p>\r\n<p>&nbsp;</p>\r\n<p>&nbsp;</p>\r\n<h4>Disclosure</h4>\r\n<p>This site uses Google web analytics service. Google may record mouse clicks, mouse movements, scrolling activity as well as text you type in this website. This site does not use Google to collect any personally identifiable information entered in this website. Google does track your browsing habits across web sites which do not use Google services.</p>\r\n<p>&nbsp;</p>\r\n<p>&nbsp;</p>\r\n<h4>Security</h4>\r\n<p>We take precautions to protect your information. When you submit sensitive information via the website, your information is protected both online and offline.</p>\r\n<p>Wherever we collect sensitive information (such as credit card data), that information is encrypted and transmitted to us in a secure way. You can verify this by looking for a closed lock icon at the bottom of your web browser, or looking for &ldquo;https&rdquo; at the beginning of the address of the web page.</p>\r\n<p>While we use encryption to protect sensitive information transmitted online, we also protect your information offline. Only employees who need the information to perform a specific job (for example, billing or customer service) are granted access to personally identifiable information. The computers/servers in which we store personally identifiable information are kept in a secure environment.</p>\r\n<p>&nbsp;</p>\r\n<p>&nbsp;</p>\r\n<h4>Email Policy</h4>\r\n<p>The following are situations in which you may provide Your Information to us:</p>\r\n<p>&nbsp;</p>\r\n<ul>\r\n<li>\r\n<p>When you fill out forms or fields through our Services.</p>\r\n</li>\r\n<li>\r\n<p>When you register for an account with our Service.</p>\r\n</li>\r\n<li>\r\n<p>When you create a subscription for our newsletter or Services.</p>\r\n</li>\r\n<li>\r\n<p>When you provide responses to a survey.</p>\r\n</li>\r\n<li>\r\n<p>When you answer questions on a quiz.</p>\r\n</li>\r\n<li>\r\n<p>When you join or enroll in an event through our Services.</p>\r\n</li>\r\n<li>\r\n<p>When you order services or products from, or through our Service.</p>\r\n</li>\r\n<li>\r\n<p>When you provide information to us through a third-party application, service or Website.</p>\r\n</li>\r\n</ul>'),
(2, 2, 'en', 'Terms & Conditions', '<h1 style=\"text-align: center;\">Terms of Service</h1>\r\n<p>&nbsp;</p>\r\n<p>This website is operated by a.season. Throughout the site, the terms &ldquo;we&rdquo;, &ldquo;us&rdquo; and &ldquo;our&rdquo; refer to a.season. a.season offers this website, including all information, tools and services available from this site to you, the user, conditioned upon your acceptance of all terms, conditions, policies and notices stated here.</p>\r\n<p>&nbsp;</p>\r\n<p>By visiting our site and/ or purchasing something from us, you engage in our &ldquo;Service&rdquo; and agree to be bound by the following terms and conditions (&ldquo;Terms of Service&rdquo;, &ldquo;Terms&rdquo;), including those additional terms and conditions and policies referenced herein and/or available by hyperlink. These Terms of Service apply to all users of the site, including without limitation users who are browsers, vendors, customers, merchants, and/ or contributors of content.</p>\r\n<p>&nbsp;</p>\r\n<p>&nbsp;</p>\r\n<h4>Online Store Terms</h4>\r\n<p>By agreeing to these Terms of Service, you represent that you are at least the age of majority in your state or province of residence, or that you are the age of majority in your state or province of residence and you have given us your consent to allow any of your minor dependents to use this site.</p>\r\n<p>&nbsp;</p>\r\n<p>&nbsp;</p>\r\n<h4>General Conditions</h4>\r\n<p>We reserve the right to refuse service to anyone for any reason at any time.<br />You understand that your content (not including credit card information), may be transferred unencrypted and involve (a) transmissions over various networks; and (b) changes to conform and adapt to technical requirements of connecting networks or devices. Credit card information is always encrypted during transfer over networks.</p>\r\n<p>&nbsp;</p>\r\n<p>&nbsp;</p>\r\n<h4>License</h4>\r\n<p>You must not:</p>\r\n<p>&nbsp;</p>\r\n<ul>\r\n<li>Republish material from&nbsp;<span class=\"highlight preview_website_name\">Website Name</span></li>\r\n<li>Sell, rent or sub-license material from&nbsp;<span class=\"highlight preview_website_name\">Website Name</span></li>\r\n<li>Reproduce, duplicate or copy material from&nbsp;<span class=\"highlight preview_website_name\">Website Name</span></li>\r\n<li>Redistribute content from&nbsp;<span class=\"highlight preview_website_name\">Website Name</span></li>\r\n</ul>\r\n<p>&nbsp;</p>\r\n<p>&nbsp;</p>\r\n<h4>Disclaimer</h4>\r\n<p>To the maximum extent permitted by applicable law, we exclude all representations:</p>\r\n<p>&nbsp;</p>\r\n<ul>\r\n<li>limit or exclude our or your liability for death or personal injury;</li>\r\n<li>limit or exclude our or your liability for fraud or fraudulent misrepresentation;</li>\r\n<li>limit any of our or your liabilities in any way that is not permitted under applicable law; or</li>\r\n<li>exclude any of our or your liabilities that may not be excluded under applicable law.</li>\r\n</ul>\r\n<p>&nbsp;</p>\r\n<p>As long as the website and the information and services on the website are provided free of charge, we will not be liable for any loss or damage of any nature.</p>'),
(3, 3, 'en', 'Return Policy', '<h1 style=\"text-align: center;\">Return Policy</h1>\r\n<p>&nbsp;</p>\r\n<p>Studio Lorem Ipsum will accept returns of UNWORN MERCHANDISE within 14 days of receipt of your order. If 14 days have gone by since receipt of your order, unfortunately we can&rsquo;t offer you a refund or exchange.</p>\r\n<p>&nbsp;</p>\r\n<p>To be eligible for a return, your item must be unused and in the same condition that you received it. It must also be in the original packaging.</p>\r\n<p>&nbsp;</p>\r\n<p>To complete your return, we require a receipt or proof of purchase.</p>\r\n<p>&nbsp;</p>\r\n<p>&nbsp;</p>\r\n<h4>Refunds (if applicable)</h4>\r\n<p>Once your return is received and inspected, we will send you an email to notify you that we have received your returned item. We will also notify you of the approval or rejection of your refund.<br />If you are approved, then your refund will be processed, and a credit will automatically be applied to your credit card or original method of payment, within a certain amount of days.</p>\r\n<p>&nbsp;</p>\r\n<p>&nbsp;</p>\r\n<h4>Late or missing refunds (if applicable)</h4>\r\n<ul>\r\n<li>If you haven&rsquo;t received a refund yet, first check your bank account again.</li>\r\n<li>Then contact your credit card company, it may take some time before your refund is officially posted.</li>\r\n<li>Next contact your bank. There is often some processing time before a refund is posted.</li>\r\n<li>If you&rsquo;ve done all of this and you still have not received your refund yet, please contact us.</li>\r\n</ul>\r\n<p>&nbsp;</p>\r\n<p>&nbsp;</p>\r\n<h4>Gifts</h4>\r\n<p>If the item was marked as a gift when purchased and shipped directly to you, you&rsquo;ll receive a gift credit for the value of your return. Once the returned item is received, a gift certificate will be mailed to you.</p>\r\n<p>&nbsp;</p>\r\n<p>If the item wasn&rsquo;t marked as a gift when purchased, or the gift giver had the order shipped to themselves to give to you later, we will send a refund to the gift giver and he will find out about your return.</p>\r\n<p>&nbsp;</p>\r\n<p>&nbsp;</p>\r\n<h4>Shipping</h4>\r\n<p>To return your product, you can request to return the product within 14 days of receipt of your order, and we will email you the return label which you can use to ship the product. Once your return is received and inspected, the refund will be processed to your original method of payment.</p>'),
(4, 4, 'en', 'FAQ', '<h1 style=\"text-align: center;\">Help &amp; FAQ</h1>\r\n<p>&nbsp;</p>\r\n<p>Lorem Ipsum is simply dummy text of the printing and typesetting industry. Lorem Ipsum has been the industry\'s standard dummy text ever since the 1500s, when an unknown printer took a galley of type and scrambled it to make a type specimen book. It has survived not only five centuries, but also the leap into electronic typesetting, remaining essentially unchanged. It was popularised in the 1960s with the release of Letraset sheets containing Lorem Ipsum passages, and more recently with desktop publishing software like Aldus PageMaker including versions of Lorem Ipsum.</p>\r\n<p>&nbsp;</p>\r\n<p>&nbsp;</p>\r\n<h4>What does LOREM mean?</h4>\r\n<p>&lsquo;Lorem ipsum dolor sit amet, consectetur adipisici elit&hellip;&rsquo; (complete text) is dummy text that is not meant to mean anything. It is used as a placeholder in magazine layouts, for example, in order to give an impression of the finished document. The text is intentionally unintelligible so that the viewer is not distracted by the content. The language is not real Latin and even the first word &lsquo;Lorem&rsquo; does not exist. It is said that the lorem ipsum text has been common among typesetters since the 16th century.</p>\r\n<p>&nbsp;</p>\r\n<p>&nbsp;</p>\r\n<h4>Why do we use it?</h4>\r\n<p>It is a long established fact that a reader will be distracted by the readable content of a page when looking at its layout. The point of using Lorem Ipsum is that it has a more-or-less normal distribution of letters, as opposed to using \'Content here, content here\', making it look like readable English. Many desktop publishing packages and web page editors now use Lorem Ipsum as their default model text, and a search for \'lorem ipsum\' will uncover many web sites still in their infancy. Various versions have evolved over the years, sometimes by accident, sometimes on purpose (injected humour and the like).</p>\r\n<p>&nbsp;</p>\r\n<p>&nbsp;</p>\r\n<h4>Where does it come from?</h4>\r\n<p>Contrary to popular belief, Lorem Ipsum is not simply random text. It has roots in a piece of classical Latin literature from 45 BC, making it over 2000 years old. Richard McClintock, a Latin professor at Hampden-Sydney College in Virginia, looked up one of the more obscure Latin words, consectetur, from a Lorem Ipsum passage, and going through the cites of the word in classical literature, discovered the undoubtable source.</p>\r\n<p>&nbsp;</p>\r\n<p>&nbsp;</p>\r\n<h4>Where can I get some?</h4>\r\n<p>There are many variations of passages of Lorem Ipsum available, but the majority have suffered alteration in some form, by injected humour, or randomised words which don\'t look even slightly believable. If you are going to use a passage of Lorem Ipsum, you need to be sure there isn\'t anything embarrassing hidden in the middle of text. All the Lorem Ipsum generators on the Internet tend to repeat predefined chunks as necessary, making this the first true generator on the Internet. It uses a dictionary of over 200 Latin words, combined with a handful of model sentence structures, to generate Lorem Ipsum which looks reasonable. The generated Lorem Ipsum is therefore always free from repetition, injected humour, or non-characteristic words etc.</p>\r\n<p>&nbsp;</p>\r\n<p>&nbsp;</p>\r\n<h4>Why do we use Lorem Ipsum?</h4>\r\n<p>Many times, readers will get distracted by readable text when looking at the layout of a page. Instead of using filler text that says &ldquo;Insert content here,&rdquo; Lorem Ipsum uses a normal distribution of letters, making it resemble standard English. This makes it easier for designers to focus on visual elements, as opposed to what the text on a page actually says. Lorem Ipsum is absolutely necessary in most design cases, too. Web design projects like landing pages, website redesigns and so on only look as intended when they\'re fully-fleshed out with content.</p>'),
(5, 5, 'en', 'About Us', '<h1 style=\"text-align: center;\">About Us</h1>\r\n<p>&nbsp;</p>\r\n<p><img style=\"display: block; margin-left: auto; margin-right: auto;\" src=\"/storage/media/HmOKyObsMLWvxahqNqsnvjox2PYfZJMPNxuHMs29.jpeg\" alt=\"\" width=\"100%\" height=\"100%\" /></p>\r\n<p>&nbsp;</p>\r\n<p>&nbsp;</p>\r\n<p>There are many variations of passages of Lorem Ipsum available, but the majority have suffered alteration in some form, by injected humour, or randomised words which don\'t look even slightly believable. If you are going to use a passage of Lorem Ipsum, you need to be sure there isn\'t anything embarrassing hidden in the middle of text. All the Lorem Ipsum generators on the Internet tend to repeat predefined chunks as necessary, making this the first true generator on the Internet. It uses a dictionary of over 200 Latin words, combined with a handful of model sentence structures, to generate Lorem Ipsum which looks reasonable. The generated Lorem Ipsum is therefore always free from repetition, injected humour, or non-characteristic words etc.</p>\r\n<p>&nbsp;</p>\r\n<ul>\r\n<li>Lorem ipsum dolor sit amet, consectetur adipiscing elit.</li>\r\n<li>In luctus nunc id lectus pellentesque lacinia.</li>\r\n<li>Pellentesque laoreet mi molestie tortor aliquam, sed hendrerit nisi consectetur.</li>\r\n<li>Nam sed sapien sed lacus placerat euismod in consectetur ex.</li>\r\n<li>Sed et odio ultrices, semper sem sed, scelerisque libero.</li>\r\n<li>Proin ut ex varius libero viverra pellentesque.</li>\r\n</ul>');

-- --------------------------------------------------------

--
-- Table structure for table `persistences`
--

CREATE TABLE `persistences` (
  `id` int UNSIGNED NOT NULL,
  `user_id` int UNSIGNED NOT NULL,
  `code` varchar(191) CHARACTER SET utf8mb4 COLLATE utf8mb4_unicode_ci NOT NULL,
  `created_at` timestamp NULL DEFAULT NULL,
  `updated_at` timestamp NULL DEFAULT NULL
) ENGINE=InnoDB DEFAULT CHARSET=utf8mb4 COLLATE=utf8mb4_unicode_ci;

--
-- Dumping data for table `persistences`
--

INSERT INTO `persistences` (`id`, `user_id`, `code`, `created_at`, `updated_at`) VALUES
(1, 1, 'ZxKptDtirXP90qmvaOOc3IK3EF4iSv6Y', '2020-04-25 13:53:28', '2020-04-25 13:53:28'),
(2, 1, 'NNFNPkhQa4OLgrV4zfBwPArn0TeGtidx', '2020-04-25 13:54:12', '2020-04-25 13:54:12'),
(3, 1, 'wwU4DI48y33uadJwFM1GnCn4GOBr7ucX', '2020-04-25 14:00:21', '2020-04-25 14:00:21'),
(4, 1, 'J1393EvIFL0Q5qfLsKR2xFMf8oj73t2N', '2020-04-25 14:05:45', '2020-04-25 14:05:45'),
(5, 1, '2RjNn7wEcDHDTXGZDDeWFrOqyY8P2blT', '2020-04-25 14:28:19', '2020-04-25 14:28:19'),
(6, 1, 'WodglDAWBoCPpZn2JUTdFcUHzOyOmZ1O', '2020-04-25 15:41:56', '2020-04-25 15:41:56'),
(8, 1, 'QwZq418hhAEstxCEymsFjKfCEqli7SDt', '2020-04-26 11:02:39', '2020-04-26 11:02:39'),
(12, 1, 'mt9GTZ75EAMp41OD172efwYcamnU1QKs', '2020-04-27 07:54:53', '2020-04-27 07:54:53'),
(13, 1, 'go6CaDGaJhGjsxBlfQJ4yLBv42oMIV7a', '2020-04-27 09:19:38', '2020-04-27 09:19:38'),
(14, 1, 'JLIjsXU2wsYtZoVsGtBQYzqBqMCPTtfp', '2020-04-27 10:29:28', '2020-04-27 10:29:28'),
(15, 1, 'QmaThYyKPhhXZ6blcLjSr2lRVlkX3ViF', '2020-04-27 12:14:25', '2020-04-27 12:14:25'),
(16, 1, 'jMmD3RMCGjOMB7za83AhgqMwjkIHMAbk', '2020-04-27 12:51:24', '2020-04-27 12:51:24'),
(17, 1, 'w9ESHCKNhFJCUzqTMqUYITKU3mv6aDnp', '2020-04-27 16:52:59', '2020-04-27 16:52:59'),
(18, 1, 'XVP5ReJ2wYmLZ37kZovSV8GsSw0uOuyr', '2020-04-27 21:45:39', '2020-04-27 21:45:39'),
(19, 1, '5uLnTRDNRfEAzRvM9wZSj2uQbxXNoDYa', '2020-04-28 02:40:29', '2020-04-28 02:40:29'),
(20, 1, 'ttHquUrzEdemcbjgGP2hCZA8Ysco2Pnd', '2020-04-28 06:23:28', '2020-04-28 06:23:28'),
(21, 1, 'V4J3FrSkKBPKyWiytFVVvE9zK6hUd6JR', '2020-04-28 10:29:47', '2020-04-28 10:29:47'),
(23, 1, 'UbmMeslRjpR6FKz8C3VPihTTynwMJNlB', '2020-04-28 16:58:57', '2020-04-28 16:58:57'),
(24, 1, 'l4h50T1BSjJW0VosfXDzt2w0QvyhghT2', '2020-04-29 00:35:11', '2020-04-29 00:35:11'),
(25, 1, 'M39CoIx2XhxMtMOCcyUhiSGr16BQp6rR', '2020-04-29 08:35:20', '2020-04-29 08:35:20'),
(26, 1, 'LBoUFo7NjjC6R7GmAecPN76N2yAae2XY', '2020-04-29 09:29:55', '2020-04-29 09:29:55'),
(27, 1, '1MEGsg0f2G2FCxiLrFVvS9HvQ3uNGUow', '2020-04-30 00:21:12', '2020-04-30 00:21:12'),
(28, 1, 'GTDs1AuibPKTVhDAUdpLq0ikYGPGhRUa', '2020-04-30 08:27:58', '2020-04-30 08:27:58'),
(29, 1, 'Zt7jsgePuPfrQNcn2DXkEqL1VQKoid5a', '2020-04-30 12:13:23', '2020-04-30 12:13:23'),
(30, 1, 'noNIsxnymJTneQNbDCxUzaptsnWdd2fK', '2020-04-30 12:19:30', '2020-04-30 12:19:30'),
(32, 1, 'JmURfjq8COzvo2D1UzNOXIyVFLFVEjO5', '2020-05-01 02:49:11', '2020-05-01 02:49:11'),
(33, 1, '0pmoL6xQ31Ug68E2EcwQEi4ebktjpOKZ', '2020-05-01 05:51:02', '2020-05-01 05:51:02'),
(34, 1, 'KxsxMhjF2LIH22UkTZgpA9kdwj0gNpvV', '2020-05-01 12:40:42', '2020-05-01 12:40:42'),
(35, 1, 'Z34ra8MDqEW6UK7cy1poG8Fj3vUj5WTu', '2020-05-02 09:43:44', '2020-05-02 09:43:44'),
(36, 1, 'rhre0ZTT99kUsOZrweDM6TsbSXX3PDAR', '2020-05-03 01:27:51', '2020-05-03 01:27:51'),
(37, 1, '68p2fTVC9KK70rRFVuJX4z0tzsFthWS0', '2020-05-03 02:13:17', '2020-05-03 02:13:17'),
(38, 1, 'TMEyCYcxaVzKd3RfMNC6PLdMdQ1oIgDI', '2020-05-03 08:03:18', '2020-05-03 08:03:18'),
(39, 1, 'JmSKUoJmsnRUy2WtBu1bzlSUGzIC2AjH', '2020-05-04 06:24:34', '2020-05-04 06:24:34'),
(40, 1, 'uqM5mdDLxDrCHb8cwHJEbefJ7ls8gkKY', '2020-05-04 11:06:17', '2020-05-04 11:06:17'),
(41, 1, 'Tafu1WuZ5iSTTjOF15Cec3L1oIuYpZQr', '2020-05-05 05:41:28', '2020-05-05 05:41:28'),
(42, 1, 'N4jSF5T2yczfGceI74L0u2FDnKPpHKAY', '2020-05-05 05:59:04', '2020-05-05 05:59:04'),
(43, 1, 'pI9fx3t8flJ6lOic0N1J4UY4rxeZf2JZ', '2020-05-05 10:04:54', '2020-05-05 10:04:54'),
(44, 1, '5MgdWL0Y0NgX0n9pzoJWGD72Z0Hum2K1', '2020-05-05 13:06:11', '2020-05-05 13:06:11'),
(46, 1, 'pGxNNKiAo6R1gTmYftR8nYYgHE271Xj6', '2020-05-06 03:40:09', '2020-05-06 03:40:09'),
(48, 1, 'omYmrq6E4MBmcyW0EzfKdQM4SuqxuwT9', '2020-05-06 04:24:54', '2020-05-06 04:24:54'),
(49, 1, 'uWMwrruVVTzAxlbE6kN0xkoEw9DQCMsc', '2020-05-06 13:00:36', '2020-05-06 13:00:36'),
(50, 1, 'xdE6F0IdqkpInh9xMRIx7Hfz6gFru06w', '2020-05-06 13:02:10', '2020-05-06 13:02:10'),
(51, 1, '60yh5ergG2cxzCNIsrQHpwXFfqJfLat6', '2020-05-07 03:45:20', '2020-05-07 03:45:20'),
(52, 1, 'D9rpTwAY2iL5KLcLQOPDdFI2pmbO5ZmO', '2020-05-07 04:34:00', '2020-05-07 04:34:00'),
(53, 1, 'HJYB5IXjVv8lpicCM9G8HDFC28oXTo7c', '2020-05-07 08:25:47', '2020-05-07 08:25:47'),
(54, 1, 'L6aGsORjsgJtuzfJbxHxbnkP0J6G7nvn', '2020-05-08 02:39:53', '2020-05-08 02:39:53'),
(55, 1, 'VMioR5400HNjHrsroRTqP8ShxLLNau05', '2020-05-08 10:09:27', '2020-05-08 10:09:27'),
(56, 1, 'ytn2fTPlYQ8fOWL4P0vzsJU37t7OcbIu', '2020-05-09 11:24:13', '2020-05-09 11:24:13'),
(57, 1, '4fCUTHlTZCE47WCuP38vu8NfZMlt5YER', '2020-05-09 11:24:49', '2020-05-09 11:24:49'),
(58, 1, 'VWo7mSrJdbOjBd4ezft8V75chZ7qAFMY', '2020-05-09 11:41:14', '2020-05-09 11:41:14'),
(59, 1, 'rUou10QpwxqNwqiHYNPNWLTxxCarnYdM', '2020-05-10 09:55:45', '2020-05-10 09:55:45'),
(60, 1, 'e9lpLe6vnNAQKFJCDRtRqNQj7T9m3z0P', '2020-05-11 13:02:31', '2020-05-11 13:02:31'),
(61, 1, 'dDglGuFGgXeBn7YR1aMnhd9MVONpPD3m', '2020-05-11 15:43:15', '2020-05-11 15:43:15'),
(62, 1, 'Fv2gSOgI5BRC5OTN5RjpTeHRUauqokqR', '2020-05-14 16:01:36', '2020-05-14 16:01:36'),
(63, 1, '1YGgUnMkiqYu1yjH7yRnd6FGgMpT2ph3', '2020-05-15 21:45:37', '2020-05-15 21:45:37'),
(66, 1, 'utz3JBfx7vwD7gLwKudECgK9ANDAk3aL', '2020-05-16 15:08:16', '2020-05-16 15:08:16'),
(68, 1, 'EmBeTijlwM5JqOweb50slmrqSH24lBza', '2020-05-16 15:59:47', '2020-05-16 15:59:47'),
(69, 1, 'nE8cbOKKzuQdkxdlfclVRJL8Q8Aiea8h', '2020-05-16 18:28:24', '2020-05-16 18:28:24'),
(70, 1, 'gagtU49OC6q9VwbyNUMGn8kXAWFNbG1g', '2020-05-29 05:04:10', '2020-05-29 05:04:10'),
(71, 1, '3CXJFlXi78BMcSCaJuwpL1r0WrykOANM', '2020-05-29 11:32:36', '2020-05-29 11:32:36'),
(72, 1, 'K4ZIQoadE95jjCZaMchCH1kVjKKPSbYr', '2020-05-30 13:50:17', '2020-05-30 13:50:17'),
(73, 1, 'aFRHZWk554aw8KqutBOw3QX2mQZksHWM', '2020-06-23 02:03:51', '2020-06-23 02:03:51'),
(74, 1, '10pcsWa7n804OcCNQ1pJFMaCsiIcHikR', '2020-06-23 02:29:01', '2020-06-23 02:29:01'),
(75, 1, 'xbMg2Ese9YybXW9cPLznVP0uBDbWT7J9', '2020-11-06 14:11:11', '2020-11-06 14:11:11'),
(76, 1, 'FqsdQKESbpl6UuXEGGihRiTiqdpO2GU1', '2021-01-12 14:11:19', '2021-01-12 14:11:19'),
(77, 1, 'Yf83dZVNRDVZEOCRK5mhkZ0CU7gMey6v', '2023-05-07 11:54:47', '2023-05-07 11:54:47'),
(78, 1, 'c9EZ7NoMvJ9MdR9B3UMCFzWHimVdqfVb', '2023-05-08 00:33:52', '2023-05-08 00:33:52'),
(79, 1, '0rmYpP2V1JWKrQZXnIWzb3nV7kTyPISE', '2023-08-03 02:22:41', '2023-08-03 02:22:41'),
(80, 1, 'GZfIXG5kpkJhs26KrFBoYSdYfxsU7nNX', '2023-12-02 08:44:45', '2023-12-02 08:44:45');

-- --------------------------------------------------------

--
-- Table structure for table `products`
--

CREATE TABLE `products` (
  `id` int UNSIGNED NOT NULL,
  `brand_id` int UNSIGNED DEFAULT NULL,
  `tax_class_id` int UNSIGNED DEFAULT NULL,
  `slug` varchar(191) CHARACTER SET utf8mb4 COLLATE utf8mb4_unicode_ci NOT NULL,
  `price` decimal(18,4) DEFAULT NULL,
  `special_price` decimal(18,4) UNSIGNED DEFAULT NULL,
  `special_price_type` varchar(191) CHARACTER SET utf8mb4 COLLATE utf8mb4_unicode_ci DEFAULT NULL,
  `special_price_start` date DEFAULT NULL,
  `special_price_end` date DEFAULT NULL,
  `selling_price` decimal(18,4) UNSIGNED DEFAULT NULL,
  `sku` varchar(191) CHARACTER SET utf8mb4 COLLATE utf8mb4_unicode_ci DEFAULT NULL,
  `manage_stock` tinyint(1) NOT NULL,
  `qty` int DEFAULT NULL,
  `in_stock` tinyint(1) NOT NULL,
  `viewed` int UNSIGNED NOT NULL DEFAULT '0',
  `is_active` tinyint(1) NOT NULL,
  `new_from` datetime DEFAULT NULL,
  `new_to` datetime DEFAULT NULL,
  `deleted_at` timestamp NULL DEFAULT NULL,
  `created_at` timestamp NULL DEFAULT NULL,
  `updated_at` timestamp NULL DEFAULT NULL,
  `is_virtual` tinyint(1) NOT NULL
) ENGINE=InnoDB DEFAULT CHARSET=utf8mb4 COLLATE=utf8mb4_unicode_ci;

--
-- Dumping data for table `products`
--

INSERT INTO `products` (`id`, `brand_id`, `tax_class_id`, `slug`, `price`, `special_price`, `special_price_type`, `special_price_start`, `special_price_end`, `selling_price`, `sku`, `manage_stock`, `qty`, `in_stock`, `viewed`, `is_active`, `new_from`, `new_to`, `deleted_at`, `created_at`, `updated_at`, `is_virtual`) VALUES
(1, 1, 1, 'apple-macbook-pro-2019-model-13-inch-intel-core-i5-14ghz-8gb-128gb-touch-bar-2-thunderbolt3-ports-muhn2-eng-kb-space-grey', '999.0000', NULL, 'fixed', NULL, NULL, '999.0000', 'PUYNR7RX', 0, NULL, 1, 75, 1, NULL, NULL, NULL, '2020-04-25 17:01:38', '2020-05-20 00:47:33', 0),
(2, 4, 1, 'oneplus-7-pro-gm1910-256gb-8gb-dual-sim-667-inch-48mp-main-lens-triple-camera', '558.9700', NULL, 'fixed', NULL, NULL, '558.9700', 'ZGY58TBF', 1, 13, 1, 62, 1, NULL, NULL, NULL, '2020-04-27 06:16:18', '2020-06-13 07:15:25', 0),
(3, 5, NULL, 'hp-spectre-x360-2-in-1-156-4k-ultra-hd-touch-screen-laptop-intel-i7-8th-gen-cpu', '1499.7700', '1300.0000', 'fixed', '2020-05-01', '3030-05-03', '1300.0000', 'RASK3ZKJ', 0, NULL, 1, 13, 1, NULL, NULL, NULL, '2020-04-27 09:22:31', '2020-05-16 14:12:49', 0),
(4, 6, NULL, 'dell-xps-13-9380-133-4k-uhd-3840x2160-multi-touch-ips-display-intel-core-i7-8565u', '1199.6600', NULL, 'fixed', NULL, NULL, '1199.6600', 'R7Q933ML', 0, NULL, 1, 37, 1, NULL, NULL, NULL, '2020-04-27 09:36:59', '2020-05-16 22:35:52', 0),
(5, 3, 1, 'huawei-kepler-matebook-d-14-amd-r5-8gb256gb-mystic-silver', '699.9900', NULL, 'fixed', NULL, NULL, '699.9900', '4EH3ZYEY', 0, NULL, 1, 14, 1, NULL, NULL, NULL, '2020-04-27 09:57:25', '2020-05-29 23:22:28', 0),
(6, 7, 1, 'acer-swift-3-sf315-41g-r6mp-laptop-156-full-hd-ips-display-amd-ryzen-7-2700u-amd-radeon-rx-540-graphics', '901.0000', '750.0000', 'fixed', '2020-05-01', '3000-05-07', '750.0000', 'ZX7BFKDK', 1, 50, 1, 10, 1, NULL, NULL, NULL, '2020-04-27 10:01:41', '2020-05-29 23:24:29', 0),
(7, 1, 1, 'apple-macbook-air-13-inch-8gb-ram-256gb-storage-16ghz-intel-core-i5-gold', '949.9900', NULL, 'fixed', NULL, NULL, '949.9900', '8KK26Y52', 0, NULL, 1, 13, 1, NULL, NULL, NULL, '2020-04-27 10:09:34', '2020-05-15 14:11:03', 0),
(8, 8, 1, 'asus-rog-zephyrus-s-gx502gv-gaming-laptop-intel-i7-9750h-32gb-ram-1tb-nvme-ssd-nvidia-geforce-rtx-2060-6gb', '1799.4500', NULL, 'fixed', NULL, NULL, '1799.4500', 'AGWNZRDL', 1, 50, 1, 7, 1, NULL, NULL, NULL, '2020-04-27 10:13:27', '2020-05-15 23:27:51', 0),
(9, 6, NULL, 'dell-g5-15-gaming-laptop-windows-10-home-9th-gen-intel-core-i7-9750h-nvidia-gtx-1650-156-fhd-lcd-screen', '1099.9800', NULL, 'fixed', NULL, NULL, '1099.9800', '6JTHPVRM', 0, NULL, 1, 4, 1, NULL, NULL, NULL, '2020-04-27 12:26:14', '2020-05-15 23:27:34', 0),
(10, 8, NULL, 'zenbook-pro-duo-ux581-touchscreen-laptop-with-screenpad-plus-intel-i9-9980hk-geforce-rtx-2060', '3399.9900', '3000.0000', 'fixed', '2020-05-13', '3000-05-02', '3000.0000', 'K92BA8TM', 1, 50, 1, 2, 1, NULL, NULL, NULL, '2020-04-27 12:30:57', '2020-05-14 10:50:42', 0),
(11, 8, 1, 'asus-mothership-x-laptop-intel-i9-9980hk-8-core-64gb-ram-2tb-pcie-ssd-173-full-hd', '6749.0000', NULL, 'fixed', NULL, NULL, '6749.0000', 'A5M6USA3', 0, NULL, 1, 5, 1, NULL, NULL, NULL, '2020-04-27 12:35:25', '2020-05-15 21:50:18', 0),
(12, 5, 1, 'hp-elite-dragonfly-notebook-pc8th-generation-core-i5', '1624.6500', NULL, 'fixed', NULL, NULL, '1624.6500', 'EBQJB9KS', 0, NULL, 0, 3, 1, NULL, NULL, NULL, '2020-04-27 12:40:16', '2020-05-12 14:29:36', 0),
(13, NULL, NULL, 'alienware-173-gaming-laptop-intel-core-i7-16gb-memory', '1809.0000', NULL, 'fixed', NULL, NULL, '1809.0000', NULL, 0, NULL, 1, 4, 1, NULL, NULL, '2020-05-05 13:47:30', '2020-04-27 12:51:35', '2020-05-05 13:47:30', 0),
(14, 1, 1, 'iphone-11-pro-max-64g-65-inch-genuine-phone-with-dual-card-and-full-screen', '1581.0000', NULL, 'fixed', NULL, NULL, '1581.0000', '5TBP2XTQ', 0, NULL, 1, 1, 1, NULL, NULL, NULL, '2020-04-27 13:31:45', '2020-05-15 22:20:01', 0),
(15, 2, NULL, 'samsung-galaxy-s20-sm-g980fds-dual-sim-128gb-62-display-factory-unlocked-gsm-international-version', '1499.0000', '1350.0000', 'fixed', '2020-05-13', '3000-05-23', '1350.0000', 'MK26ZBJQ', 1, 29, 1, 5, 1, NULL, NULL, NULL, '2020-04-27 13:36:47', '2020-05-16 14:27:18', 0),
(16, 2, 1, 'samsung-galaxy-a51-sm-a515fds-dual-sim-128gb-gsm-unlocked', '349.9900', NULL, 'fixed', NULL, NULL, '349.9900', '259364BH', 0, NULL, 1, 2, 1, NULL, NULL, NULL, '2020-04-27 13:39:40', '2020-05-12 14:52:32', 0),
(17, 3, 1, 'huawei-mate-30-662-no-google-play-tas-al00ds-128gb-8gb-ram-gsm-only-no-cdma-factory-unlocked', '1450.4500', NULL, 'fixed', NULL, NULL, '1450.4500', 'Y28NPPAF', 0, NULL, 1, 1, 1, NULL, NULL, NULL, '2020-04-27 13:43:50', '2020-05-15 10:24:21', 0),
(18, 3, 1, 'huawei-p30-pro-128gb8gb-ram-vog-l29-40mp-lte-factory-unlocked-gsm-smartphone', '639.9900', NULL, 'fixed', NULL, NULL, '639.9900', 'QPRU2UNF', 1, 50, 1, 4, 1, NULL, NULL, NULL, '2020-04-27 13:48:26', '2020-05-16 14:12:26', 0),
(19, 3, NULL, 'huawei-mate-30-pro-653-128gb-8gb-ram-gsm-only-no-cdma-factory-unlocked', '840.0000', '800.0000', 'fixed', '2020-05-08', '3000-05-06', '800.0000', '6F6KDHTU', 0, NULL, 1, 3, 1, NULL, NULL, NULL, '2020-04-27 13:59:29', '2020-05-16 14:14:01', 0),
(20, 1, 1, 'apple-ipad-pro-11-inch-wi-fi-64gb-silver-1st-generation', '1059.0000', NULL, 'fixed', NULL, NULL, '1059.0000', 'UKAH4VT7', 0, NULL, 1, 1, 1, NULL, NULL, NULL, '2020-04-28 08:16:12', '2020-05-15 21:52:40', 0),
(21, 1, NULL, 'apple-ipad-pro-129-inch-wi-fi-256gb-space-gray-3rd-generation', '999.9900', NULL, 'fixed', NULL, NULL, '999.9900', 'W3VFKNWK', 0, NULL, 1, 0, 1, NULL, NULL, NULL, '2020-04-28 08:18:30', '2020-05-13 03:51:47', 0),
(22, 2, 1, 'samsung-galaxy-tab-s6-105-128gb-wifi-tablet-cloud-blue', '579.6600', NULL, 'fixed', NULL, NULL, '579.6600', 'LDV8H4ZJ', 0, NULL, 1, 0, 1, NULL, NULL, NULL, '2020-04-28 08:21:10', '2020-05-13 03:55:15', 0),
(23, 1, NULL, 'new-apple-ipad-102-inch-wi-fi-128gb-space-gray-latest-model', '399.9800', NULL, 'fixed', NULL, NULL, '399.9800', 'FZ6MKG6Y', 0, NULL, 1, 2, 1, NULL, NULL, NULL, '2020-04-28 08:24:21', '2020-05-16 13:21:15', 0),
(24, 10, NULL, 'lenovo-flex-14-2-in-1-convertible-laptop-14-inch-fhd-touchscreen-display-amd-ryzen-5-3500u-processor', '699.7700', '650.0000', 'fixed', '2020-05-13', '3000-05-21', '650.0000', 'B69JK7GB', 0, NULL, 0, 0, 1, NULL, NULL, NULL, '2020-04-28 08:28:45', '2020-05-13 04:04:39', 0),
(25, 9, 1, 'samsung-galaxy-tab-s6-105-128gb-wifi-tablet-cloud-blue-sm-t860nzbaxar', '530.0000', NULL, 'fixed', NULL, NULL, '530.0000', 'T3XKLUHS', 1, 50, 1, 1, 1, NULL, NULL, NULL, '2020-04-28 08:32:00', '2020-05-13 04:08:38', 0),
(26, 9, 1, 'microsoft-surface-laptop-3-135-touch-screen-intel-core-i5-8gb-memory-256gb', '1299.0000', NULL, 'fixed', NULL, NULL, '1299.0000', 'RZNLZYTC', 0, NULL, 1, 2, 1, NULL, NULL, NULL, '2020-04-28 08:36:32', '2020-05-15 21:43:53', 0),
(27, NULL, 1, 'zte-nubia-red-magic-3-665-128gb-8gb-dual-sim-factory-unlocked-international-stock', '999.9900', NULL, 'fixed', NULL, NULL, '999.9900', 'TGJ4EZ4D', 1, 34, 1, 1, 1, '2020-05-13 00:00:00', '3000-05-28 00:00:00', NULL, '2020-04-28 13:20:24', '2020-05-14 17:09:27', 0),
(28, NULL, 1, 'xiaomi-black-shark-skr-h0-64gb-6gb-ram-60-snapdragon-845-liquid-cooled-dual-cameras', '444.0000', NULL, 'fixed', NULL, NULL, '444.0000', 'UQ3TG4NJ', 0, NULL, 1, 1, 1, NULL, NULL, NULL, '2020-04-28 13:25:26', '2020-05-20 00:46:54', 0),
(29, 8, NULL, 'asus-rog-phone-2-zs660kl-smartphone-128gb-rom-8gb-ram-snapdragon-855-plus-6000-mah-nfc-android-90', '819.0000', NULL, 'fixed', NULL, NULL, '819.0000', 'H662NGH9', 1, 40, 1, 1, 1, NULL, NULL, NULL, '2020-04-28 13:28:29', '2020-05-13 08:23:44', 0),
(30, 8, 1, 'asus-rog-gaming-phone-zs600kl-snapdragon-845-8gbram-128gb-storage-dual-sim-android-6-inch', '750.0000', NULL, 'fixed', NULL, NULL, '750.0000', 'KGUGBQ7J', 0, NULL, 1, 3, 1, '2020-05-13 00:00:00', '3000-05-28 00:00:00', NULL, '2020-04-28 13:32:58', '2020-05-14 17:09:20', 0),
(31, 2, 1, 'samsung-galaxy-note-10-plus-factory-unlocked-cell-phone-with-256gb-us-warranty-aura-white-note10', '1199.9900', '1100.0000', 'fixed', '2020-05-13', '3000-05-13', '1100.0000', 'L87LWQMC', 1, 34, 1, 14, 1, NULL, NULL, NULL, '2020-04-28 13:35:34', '2020-05-16 14:14:17', 0),
(32, NULL, 1, 'google-pixel-2-64gb-google-unlocked-smartphone-kinda-blue', '399.0000', NULL, 'fixed', NULL, NULL, '399.0000', 'U675NKVX', 0, NULL, 1, 1, 1, NULL, NULL, NULL, '2020-04-29 05:23:47', '2020-05-16 13:24:30', 0),
(33, NULL, NULL, 'google-pixel-3a-with-64gb-memory-cell-phone-unlocked-just-black-g020g', '235.7100', NULL, 'fixed', NULL, NULL, '235.7100', 'NE65HWGX', 0, NULL, 1, 0, 1, '2020-05-13 00:00:00', '3000-05-28 00:00:00', NULL, '2020-04-29 05:27:04', '2020-05-14 17:09:12', 0),
(34, NULL, 1, 'zte-axon-m-z999-64gb-unlocked-gsm-dual-screen-phone-w-20mp-camera-black', '599.0000', '500.0000', 'fixed', '2020-05-13', '3000-05-15', '500.0000', '7DS66AE4', 0, NULL, 1, 2, 1, NULL, NULL, NULL, '2020-04-29 05:30:33', '2020-05-15 14:47:03', 0),
(35, NULL, NULL, 'xiaomi-redmi-note-9s-667-48mp-international-global-version-aurora-blue-6gb128gb', '790.0000', NULL, 'fixed', NULL, NULL, '790.0000', 'BNJ3ZPLQ', 0, NULL, 1, 1, 1, '2020-05-13 00:00:00', '3000-05-21 00:00:00', NULL, '2020-04-29 05:33:40', '2020-05-14 17:08:55', 0),
(36, NULL, 1, 'xiaomi-mi-note-10-128gb-108mp-penta-camera-647-lte-factory-unlocked-smartphone-international-version-glacier-white', '454.9900', '440.0000', 'fixed', '2020-05-14', '3000-05-22', '440.0000', '7GC36ETH', 0, NULL, 1, 6, 1, NULL, NULL, NULL, '2020-04-29 05:37:29', '2020-05-14 11:30:59', 0),
(37, NULL, NULL, 'xiaomi-mi-9t-64gb-6gb-ram-639-amoled-fhd-full-screen-display-48mp-triple-camera-international-version-no-warranty-carbon-black', '274.9900', NULL, 'fixed', NULL, NULL, '274.9900', 'JK6YJSAT', 0, NULL, 0, 1, 1, NULL, NULL, NULL, '2020-04-29 05:40:54', '2020-05-13 13:38:46', 0),
(38, NULL, 1, 'xiaomi-redmi-note-8-pro-64gb-6gb-ram-653-lte-gsm-64mp-factory-unlocked-smartphone-global-model-mineral-grey', '214.9000', NULL, 'fixed', NULL, NULL, '214.9000', 'RHSJQ9YK', 1, 20, 1, 1, 1, NULL, NULL, NULL, '2020-04-29 05:44:07', '2020-05-13 13:41:42', 0),
(39, NULL, NULL, 'msi-creator-15m-a9se-043-156-120hz-fhd-creator-laptop-intel-core-i7-9750h-rtx2060-16gb-1tb-nvme-ssd-win10', '1177.6500', NULL, 'fixed', NULL, NULL, '1177.6500', NULL, 0, NULL, 1, 4, 1, NULL, NULL, '2020-05-02 23:41:25', '2020-04-29 08:32:55', '2020-05-02 23:41:25', 0),
(40, 12, NULL, 'msi-modern-14-a10m-460-14-ultra-thin-and-light-professional-laptop-intel-core-i5-10210uuma-8gb-ddr4-512gb-nvme-ssd-win10-home', '719.9900', NULL, 'fixed', NULL, NULL, '719.9900', 'HSWLDXKG', 0, NULL, 1, 3, 1, '2020-05-12 00:00:00', '3000-05-27 00:00:00', NULL, '2020-04-29 08:34:43', '2020-05-14 17:08:46', 0),
(41, 12, NULL, 'msi-gs65-stealth-006-156-144hz-ultra-thin-and-light-gaming-laptop-intel-core-i7-8750h-nvidia-rtx-2060-16gb-ddr4-512gb-nvme-ssd-win10', '1579.0000', '1450.0000', 'fixed', '2020-05-14', '3000-05-20', '1450.0000', 'K4FMF7RL', 1, 15, 1, 1, 1, NULL, NULL, NULL, '2020-04-29 08:37:16', '2020-05-14 10:52:29', 0),
(42, 11, 1, 'razer-blade-worlds-smallest-156in-gaming-laptop-144hz-full-hd-8th-gen-intel-core-i7-8750h-geforce-gtx-1070-max-q-16gb-ram-512gb-ssd', '1699.9900', '1500.0000', 'fixed', '2020-05-14', '3000-05-19', '1500.0000', 'K957SLMG', 1, 50, 1, 10, 1, NULL, NULL, NULL, '2020-04-29 08:40:06', '2020-05-14 11:49:58', 0),
(43, NULL, 1, 'razer-blade-stealth-133-qhd-touchscreen-ultrabook-laptop-8th-generation-intel-quad-core-i7-8550u-16gb-ram-512gb-ssd-windows-10', '1199.7700', NULL, 'fixed', NULL, NULL, '1199.7700', 'R3RKPLPD', 0, NULL, 1, 1, 1, '2020-05-12 00:00:00', '3000-05-28 00:00:00', NULL, '2020-04-29 08:43:00', '2020-05-14 17:08:38', 0),
(44, 14, NULL, 'razer-blade-15-156-fhd-i7-9750h-16gb-rtx-2070-512gb-ssd-white', '2426.7500', '12.0000', 'percent', '2020-05-14', '3000-05-14', '2135.5400', '4H3GPN2G', 1, 45, 1, 4, 1, NULL, NULL, NULL, '2020-04-29 08:44:39', '2020-05-14 12:49:06', 0),
(45, NULL, NULL, 'msi-creator-17-gamer-notebook-intel-10th-gen-i7-10875h-32gb-ram-1tb-nvme-ssd-rtx-2070-super-8gb', '2999.0000', NULL, 'fixed', NULL, NULL, '2999.0000', NULL, 0, NULL, 1, 2, 1, NULL, NULL, '2020-05-02 23:41:25', '2020-04-29 08:48:23', '2020-05-02 23:41:25', 0),
(46, 1, 1, 'apple-iphone-xs-64gb-space-gray', '1199.9900', NULL, 'fixed', NULL, NULL, '1199.9900', 'HERQ8L7Y', 0, NULL, 1, 3, 1, NULL, NULL, NULL, '2020-04-30 11:30:42', '2020-05-14 12:34:52', 0),
(47, 1, 1, 'new-apple-iphone-se-64gb-white', '399.0000', NULL, 'fixed', NULL, NULL, '399.0000', '86A7LR3A', 0, NULL, 1, 0, 1, '2020-05-13 00:00:00', '3000-05-28 00:00:00', NULL, '2020-04-30 11:33:47', '2020-05-14 17:08:29', 0),
(48, 1, 1, 'new-apple-iphone-se-64gb-product-red', '399.0000', NULL, 'fixed', NULL, NULL, '399.0000', 'TEX8F9D8', 0, NULL, 1, 4, 1, NULL, NULL, NULL, '2020-04-30 11:35:58', '2020-05-16 13:24:04', 0),
(49, 1, 1, 'apple-iphone-xs-max-64gb-gold', '1400.0000', '1300.0000', 'fixed', '2020-05-15', '3000-05-14', '1400.0000', '4H75RLT2', 1, 12, 1, 3, 1, NULL, NULL, NULL, '2020-04-30 11:40:55', '2020-05-15 20:56:56', 0),
(50, NULL, 1, 'fossil-gen-5-carlyle-stainless-steel-touchscreen-smartwatch', '158.3600', NULL, 'fixed', NULL, NULL, '158.3600', 'P5H4FH65', 0, NULL, 1, 9, 1, '2020-05-13 00:00:00', '3000-05-28 00:00:00', NULL, '2020-05-01 11:58:11', '2020-05-14 17:08:21', 0),
(51, 1, 1, 'apple-watch-series-3-gps-42mm-space-gray', '448.0000', '400.0000', 'fixed', '2020-05-15', '3000-05-14', '448.0000', 'C52EN32L', 1, 20, 1, 5, 1, NULL, NULL, NULL, '2020-05-01 12:09:06', '2020-05-14 13:15:31', 0),
(52, 2, 1, 'samsung-galaxy-watch-active-40mm-gps-bluetooth-black', '114.9900', NULL, 'fixed', NULL, NULL, '114.9900', '64W2LWBY', 0, NULL, 0, 3, 1, NULL, NULL, NULL, '2020-05-01 12:14:35', '2020-05-14 13:17:57', 0),
(53, 2, NULL, 'samsung-galaxy-watch-smartwatch-46mm-gps-bluetooth-silverblack', '209.9900', NULL, 'fixed', NULL, NULL, '209.9900', 'BSG869FN', 1, 45, 1, 9, 1, NULL, NULL, NULL, '2020-05-01 12:20:43', '2020-05-14 13:21:05', 0),
(54, NULL, 1, 'fossil-mens-gen-4-explorist-hr-stainless-steel-touchscreen-smartwatch', '118.6800', '110.0000', 'fixed', '2020-05-15', '3000-05-21', '118.6800', 'ZL4N6ULY', 1, 65, 1, 1, 1, '2020-05-13 00:00:00', '3000-05-20 00:00:00', NULL, '2020-05-01 12:29:32', '2020-05-14 17:08:11', 0),
(55, 1, NULL, 'apple-watch-series-5-gps-40mm-gold-aluminum', '650.0000', NULL, 'fixed', NULL, NULL, '650.0000', 'DWSWVTRW', 0, NULL, 1, 7, 1, NULL, NULL, NULL, '2020-05-02 05:51:00', '2020-05-14 13:26:49', 0),
(56, NULL, 1, 'michael-kors-access-gen-3-sofie-touchscreen-smartwatch', '299.0000', NULL, 'fixed', NULL, NULL, '299.0000', 'ADVYMPLF', 0, NULL, 1, 3, 1, '2020-05-13 00:00:00', '3000-05-21 00:00:00', NULL, '2020-05-02 06:01:00', '2020-05-14 17:08:00', 0),
(57, NULL, 1, 'fossil-mens-sport-metal-and-silicone-touchscreen-smartwatch-with-heart-rate', '275.0000', '99.0000', 'fixed', '2020-05-15', '3000-05-20', '275.0000', 'AZ3FBR8T', 1, 15, 1, 5, 1, NULL, NULL, NULL, '2020-05-02 06:06:43', '2020-05-14 13:32:04', 0),
(58, NULL, 1, 'fossil-womens-gen-4-venture-hr-stainless-steel-touchscreen-smartwatch', '299.0000', NULL, 'fixed', NULL, NULL, '299.0000', 'E4ZQYB48', 0, NULL, 1, 2, 1, NULL, NULL, NULL, '2020-05-02 06:11:56', '2020-05-14 13:36:26', 0),
(59, NULL, 1, 'dji-spark-portable-mini-drone-alpine-white', '399.0000', '300.0000', 'fixed', '2020-05-15', '2020-05-13', '399.0000', 'U7QYUVG8', 1, 50, 1, 9, 1, NULL, NULL, NULL, '2020-05-02 06:32:26', '2020-05-14 13:50:57', 0),
(60, NULL, 1, 'dji-phantom-3-professional-quadcopter-4k', '949.0000', NULL, 'fixed', NULL, NULL, '949.0000', 'VNXXZEDV', 0, NULL, 1, 3, 1, NULL, NULL, NULL, '2020-05-02 08:39:44', '2020-05-16 14:14:59', 0),
(61, NULL, NULL, 'dji-mavic-air-quadcopter-with-remote-controller', '699.0000', NULL, 'fixed', NULL, NULL, '699.0000', 'A9WZCV8K', 0, NULL, 0, 5, 1, '2020-05-14 00:00:00', '3000-05-14 00:00:00', NULL, '2020-05-02 08:45:54', '2020-05-16 14:14:31', 0),
(62, NULL, 1, 'dji-mavic-mini-drone-flycam-quadcopter-uav-with-27k-camera', '399.9900', NULL, 'fixed', NULL, NULL, '399.9900', 'LMXSVMB2', 1, 45, 1, 23, 1, NULL, NULL, NULL, '2020-05-02 08:51:04', '2020-05-16 14:14:44', 0),
(63, 2, 1, 'samsung-qn32q50rafxza-flat-32-qled', '999.0000', NULL, 'fixed', NULL, NULL, '999.0000', '75QCWJQ9', 0, NULL, 1, 33, 1, NULL, NULL, NULL, '2020-05-02 10:11:19', '2020-05-16 14:15:10', 0),
(64, 2, 1, 'samsung-qn55q80rafxza-flat-55-inch-qled-4k', '990.0000', NULL, 'fixed', NULL, NULL, '990.0000', 'PR6XZ37Z', 1, 10, 1, 17, 1, NULL, NULL, NULL, '2020-05-03 02:49:25', '2020-05-14 14:23:44', 0),
(65, 2, 1, 'samsung-qn65q90rafxza-flat-65-inch-qled-4k', '1299.0000', '1200.0000', 'fixed', '2020-05-15', '3000-05-15', '1299.0000', 'SX8LMK4K', 0, NULL, 0, 9, 1, NULL, NULL, NULL, '2020-05-03 03:01:44', '2020-05-16 14:24:34', 0),
(66, 14, 1, 'lg-electronics-lg-signature-oled77g7p-77-inch-4k', '3999.9900', '15.0000', 'percent', '2020-05-15', '3000-05-14', '3999.9900', '27DCSUHV', 0, NULL, 1, 27, 1, '2020-05-13 00:00:00', '3000-05-21 00:00:00', NULL, '2020-05-03 03:14:01', '2020-05-14 17:07:41', 0),
(67, 14, NULL, 'lg-electronics-oled65e8pua-65-inch-4k-ultra-hd', '1599.0000', '1500.0000', 'fixed', '2020-05-15', '3000-05-15', '1599.0000', 'CF7LB2VT', 1, 99, 1, 28, 1, NULL, NULL, NULL, '2020-05-03 03:28:21', '2020-05-14 16:37:21', 0),
(68, NULL, 1, 'tcl-55s425-55-inch-4k-smart-led-roku-tv', '1200.0000', NULL, 'fixed', NULL, NULL, '1200.0000', 'PJBUEXCM', 1, 399, 1, 12, 1, NULL, NULL, NULL, '2020-05-03 03:44:27', '2020-05-14 16:41:02', 0),
(69, NULL, NULL, 'lifeshe-womens-embroidered-pearl-denim-jean-jacket-coat', '37.6800', NULL, 'fixed', NULL, NULL, '37.6800', NULL, 0, NULL, 1, 7, 1, NULL, NULL, '2020-05-05 05:53:57', '2020-05-03 08:42:46', '2020-05-05 05:53:57', 0),
(70, NULL, NULL, 'lifeshe-womens-casual-detachable-hoodie-denim-jacket', '43.9900', NULL, 'fixed', NULL, NULL, '43.9900', NULL, 1, 50, 1, 3, 1, NULL, NULL, '2020-05-05 05:53:57', '2020-05-03 08:47:47', '2020-05-05 05:53:57', 0),
(71, NULL, NULL, 'harley-davidson-mens-eagle-applique-slim-fit-denim-jacket', '95.0000', NULL, 'fixed', NULL, NULL, '95.0000', NULL, 0, NULL, 1, 3, 1, NULL, NULL, '2020-05-05 05:53:57', '2020-05-03 08:52:10', '2020-05-05 05:53:57', 0),
(72, NULL, NULL, 'iyyvv-mens-autumn-winter-casual-long-sleeve-turn-down-collar', '29.4900', NULL, 'fixed', NULL, NULL, '29.4900', NULL, 0, NULL, 1, 5, 1, NULL, NULL, '2020-05-05 05:53:57', '2020-05-03 08:56:55', '2020-05-05 05:53:57', 0),
(73, NULL, NULL, 'mallimoda-kids-boys-girls-hooded-denim-jacket', '32.5900', NULL, 'fixed', NULL, NULL, '32.5900', NULL, 0, NULL, 0, 2, 1, NULL, NULL, '2020-05-05 05:53:57', '2020-05-03 09:02:34', '2020-05-05 05:53:57', 0),
(74, NULL, NULL, 'levis-mens-big-tall-sherpa-trucker-jacket', '99.9900', '90.0000', 'fixed', NULL, NULL, '90.0000', NULL, 0, NULL, 1, 7, 1, NULL, NULL, '2020-05-05 05:53:57', '2020-05-03 09:05:48', '2020-05-05 05:53:57', 0),
(75, NULL, NULL, 'levis-mens-big-and-tall-big-tall-trucker-jacket', '98.0000', NULL, 'fixed', NULL, NULL, '98.0000', NULL, 0, NULL, 1, 4, 1, NULL, NULL, '2020-05-05 05:53:57', '2020-05-03 09:13:10', '2020-05-05 05:53:57', 0),
(76, NULL, NULL, 'levis-mens-514-straight-twill-pant', '69.5000', NULL, 'fixed', NULL, NULL, '69.5000', NULL, 0, NULL, 1, 3, 1, NULL, NULL, '2020-05-05 05:53:57', '2020-05-03 09:17:58', '2020-05-05 05:53:57', 0),
(77, NULL, NULL, 'pizoff-mens-long-sleeve-luxury-design-print-dress-shirt', '48.3400', NULL, 'fixed', NULL, NULL, '48.3400', NULL, 0, NULL, 1, 4, 1, NULL, NULL, '2020-05-05 05:53:57', '2020-05-03 09:21:06', '2020-05-05 05:53:57', 0),
(78, NULL, NULL, 'pizoff-mens-short-sleeve-luxury-print-dress-shirt', '36.2400', NULL, 'fixed', NULL, NULL, '36.2400', NULL, 0, NULL, 1, 5, 1, NULL, NULL, '2020-05-05 05:53:57', '2020-05-03 09:27:53', '2020-05-05 05:53:57', 0),
(79, NULL, NULL, 'pizoff-mens-long-sleeve-luxury-print-dress-shirt', '48.3400', NULL, 'fixed', NULL, NULL, '48.3400', NULL, 0, NULL, 1, 5, 1, NULL, NULL, '2020-05-05 05:53:57', '2020-05-03 09:33:44', '2020-05-05 05:53:57', 0),
(80, NULL, 1, 'henchiry-new-mens-winter-jean-jacket', '36.4100', NULL, 'fixed', NULL, NULL, '36.4100', '6SJL492G', 1, 100, 1, 4, 1, NULL, NULL, NULL, '2020-05-05 05:51:30', '2020-05-15 04:05:36', 0),
(81, 17, 1, 'naranjasabor-mens-denim-jackets', '25.9900', '22.9900', 'fixed', '2020-05-14', '3000-05-06', '22.9900', 'QA5UKS3K', 1, 15, 1, 3, 1, NULL, NULL, NULL, '2020-05-05 06:03:08', '2020-05-15 04:14:29', 0),
(82, NULL, 1, '6xl-men-jacket-jeans-military-army-soldier-cotton-mens-bomber-jackets', '27.1900', NULL, 'fixed', NULL, NULL, '27.1900', 'RTUB57Y2', 0, NULL, 1, 4, 1, '2020-05-13 00:00:00', '3000-05-28 00:00:00', NULL, '2020-05-05 06:11:16', '2020-05-16 14:18:13', 0),
(83, NULL, 1, '0-degree-super-warm-winter-ski-jacket-men-waterproof', '70.5000', NULL, 'fixed', NULL, NULL, '70.5000', 'S9NHU6XW', 0, NULL, 1, 2, 1, NULL, NULL, NULL, '2020-05-05 06:17:29', '2020-05-15 04:29:23', 0),
(84, NULL, NULL, 'waterproof-jacket-men-outdoor-camping-ski', '33.6900', '30.0000', 'fixed', '2020-05-13', '3000-05-07', '30.0000', 'DZ8M7SZV', 0, NULL, 0, 6, 1, NULL, NULL, NULL, '2020-05-05 06:25:16', '2020-05-16 14:21:04', 0),
(85, 14, NULL, 'lg-86sm9070pua-alexa-built-in-nano-9-series-86-4k', '2700.0000', NULL, 'fixed', NULL, NULL, '2700.0000', '4QWAEF3U', 0, NULL, 1, 1, 1, NULL, NULL, NULL, '2020-05-05 13:12:06', '2020-05-16 14:19:26', 0),
(86, 14, 1, 'lg-electronics-75uh6550-75-inch-4k-ultra-hd-smart-led-tv', '1599.0000', NULL, 'fixed', NULL, NULL, '1599.0000', 'EP4S9YVJ', 0, NULL, 1, 10, 1, NULL, NULL, NULL, '2020-05-05 13:20:11', '2020-05-16 14:20:04', 0),
(87, 14, 1, 'lg-oled65cxpua-alexa-built-in-cx-series-65-4k-ultra-hd-smart-oled-tv', '2700.0000', '26.0000', 'percent', '2020-05-14', '3000-05-21', '1998.0000', NULL, 1, 65, 1, 19, 1, '2020-05-12 00:00:00', '3000-05-13 00:00:00', NULL, '2020-05-05 13:30:42', '2020-05-16 14:19:44', 0),
(88, 18, 1, 'sony-x950g-55-inch-tv-4k-ultra-hd-smart-led-tv', '1200.0000', NULL, 'fixed', NULL, NULL, '1200.0000', '92T5DC8J', 0, NULL, 1, 4, 1, NULL, NULL, NULL, '2020-05-05 13:36:23', '2020-05-16 14:22:20', 0),
(89, 18, 1, 'sony-xbr49x900f-49-inch-4k-ultra-hd-smart-led-tv', '544.0000', NULL, 'fixed', NULL, NULL, '544.0000', 'Y4UY65V3', 0, NULL, 0, 3, 1, NULL, NULL, NULL, '2020-05-05 13:41:15', '2020-05-14 17:01:18', 0),
(90, 18, 1, 'sony-srs-xb12-mini-bluetooth-speaker-loud-extra-bass-portable', '65.0000', NULL, 'fixed', NULL, NULL, '65.0000', 'USU3TW48', 0, NULL, 1, 2, 1, NULL, NULL, NULL, '2020-05-06 03:46:08', '2020-05-15 07:49:45', 0),
(91, 14, 1, 'lg-lhd657-bluetooth-multi-region-free-51-channel-home-theater', '399.9900', NULL, 'fixed', NULL, NULL, '399.9900', '6EV4V8V5', 1, 50, 1, 2, 1, '2020-05-13 00:00:00', '3000-05-13 00:00:00', NULL, '2020-05-06 03:48:11', '2020-05-15 07:53:44', 0),
(92, NULL, 1, 'polk-51-channel-4k-3d-av-surround-sound-multimedia-home-theater', '659.9500', '600.0000', 'fixed', '2020-05-14', '3000-05-07', '600.0000', '8YGCQS75', 1, 10, 1, 0, 1, NULL, NULL, NULL, '2020-05-06 03:51:37', '2020-05-15 07:57:02', 0),
(93, 15, 1, 'bose-soundsport-wireless-earbuds-sweatproof-bluetooth-headphones', '129.0000', '99.0000', 'fixed', '2020-05-13', '3000-05-06', '99.0000', 'EENKRBSB', 0, NULL, 1, 4, 1, '2020-05-12 00:00:00', '3000-05-21 00:00:00', NULL, '2020-05-06 04:11:38', '2020-05-15 14:45:48', 0),
(94, 15, 1, 'powerbeats3-wireless-in-ear-headphones-black', '58.0000', NULL, 'fixed', NULL, NULL, '58.0000', 'S4L5EGFD', 0, NULL, 1, 4, 1, NULL, NULL, NULL, '2020-05-06 04:19:25', '2020-05-16 14:00:57', 0),
(95, 15, 1, 'beats-solo3-wireless-on-ear-headphones-apple-w1-headphone-chip-class-1-bluetooth', '199.9500', '179.0000', 'fixed', '2020-05-14', '3000-05-21', '179.0000', '8LEMG26A', 0, NULL, 0, 5, 1, NULL, NULL, NULL, '2020-05-06 04:25:42', '2020-05-16 14:01:00', 0),
(96, NULL, 1, 'dudalina-men-long-sleeve-shirt-men-casual-men-shirt-social-plus-size-m-5xl', '17.2000', NULL, 'fixed', NULL, NULL, '17.2000', 'BFYJV4G6', 0, NULL, 1, 2, 1, '2020-05-06 00:00:00', '3000-05-07 00:00:00', NULL, '2020-05-06 05:37:53', '2020-05-15 08:18:57', 0),
(97, NULL, 1, '5xl-plus-size-brand-clothing-cotton-mens-clothing-solid-soft-men-shirt', '7.9700', NULL, 'fixed', NULL, NULL, '7.9700', 'GVTP3Z74', 1, 38, 1, 3, 1, NULL, NULL, NULL, '2020-05-06 05:42:24', '2020-05-16 13:23:45', 0),
(98, NULL, 1, '2019-brand-casual-spring-luxury-plaid-long-sleeve-slim-fit-men-shirt', '30.0500', '11.0000', 'percent', '2020-05-13', '3000-05-07', '26.7445', 'WCXPFSF6', 1, 15, 1, 5, 1, '2020-05-13 00:00:00', '3000-05-21 00:00:00', NULL, '2020-05-06 05:46:39', '2023-05-08 01:11:24', 0),
(99, NULL, 1, 'long-sleeved-camisa-masculina-chemise-men-public-club-fancy-shirt', '6.8500', NULL, 'fixed', NULL, NULL, '6.8500', 'YBETKKYH', 1, 120, 1, 7, 1, NULL, NULL, NULL, '2020-05-06 05:49:59', '2020-05-15 08:28:47', 0),
(100, NULL, 1, 'europe-size-summer-short-sleeve-solid-polo-shirt', '8.3500', NULL, 'fixed', NULL, NULL, '8.3500', 'QEVWYDVJ', 1, 500, 1, 3, 1, NULL, NULL, NULL, '2020-05-06 13:06:36', '2020-05-15 08:32:03', 0),
(101, NULL, 1, 'men-embroidery-polo-giraffe-shirt', '8.6600', NULL, 'fixed', NULL, NULL, '8.6600', 'VHQMXR4D', 0, NULL, 1, 4, 1, '2020-05-13 00:00:00', '3000-05-21 00:00:00', NULL, '2020-05-06 13:11:07', '2020-05-16 13:23:55', 0),
(102, NULL, 1, 'negizber-new-man-polo-shirt', '7.9900', '6.0000', 'fixed', '2020-05-13', '3000-05-13', '6.0000', 'GH9UMMUZ', 1, 10, 1, 3, 1, NULL, NULL, NULL, '2020-05-06 13:15:08', '2020-05-15 08:35:55', 0),
(103, NULL, 1, 'men-casual-deer-embroidery-polo-shirt', '7.4200', NULL, 'fixed', NULL, NULL, '7.4200', 'U82H2WE2', 0, NULL, 1, 3, 1, NULL, NULL, NULL, '2020-05-06 13:19:24', '2020-05-15 08:38:07', 0),
(104, NULL, 1, '2019-fashion-automatic-metal-buckle-strap-male-belt', '9.9900', NULL, 'fixed', NULL, NULL, '9.9900', 'MC2DQA8N', 0, NULL, 1, 2, 1, '2020-05-13 00:00:00', '3000-05-13 00:00:00', NULL, '2020-05-07 04:09:39', '2020-05-15 08:40:41', 0),
(105, NULL, 1, 'williampolo-fashion-men-leather-belts-solid-buckle', '21.2500', '19.0000', 'fixed', '2020-05-13', '3000-05-20', '19.0000', 'VJALULY3', 1, 9, 1, 5, 1, NULL, NULL, NULL, '2020-05-07 04:14:13', '2020-05-15 08:49:53', 0),
(106, NULL, 1, 'kstun-mens-jeans-classic-direct-stretch-dark-blue-business-casual-denim-pants', '21.0600', NULL, 'fixed', NULL, NULL, '21.0600', '99E4QHA8', 0, NULL, 1, 3, 1, NULL, NULL, NULL, '2020-05-07 04:18:43', '2020-05-15 08:53:44', 0),
(107, NULL, 1, 'classic-men-casual-mid-rise-straight-slim-denim-jeans-youth-long-pants', '7.9700', '6.1100', 'fixed', '2020-05-13', '3000-05-14', '6.1100', 'U3K9XNKU', 0, NULL, 0, 1, 1, '2020-05-13 00:00:00', '3000-05-14 00:00:00', NULL, '2020-05-07 04:22:31', '2020-05-15 08:56:56', 0),
(108, NULL, 1, 'sauce-origin-910-cl-selvedge-jeans-raw-jeans-mens', '129.5600', NULL, 'fixed', NULL, NULL, '129.5600', 'YTD9SZUJ', 1, 500, 1, 1, 1, NULL, NULL, NULL, '2020-05-07 04:29:18', '2020-05-15 09:00:08', 0),
(109, NULL, 1, 'women-bag-pu-leather-handbag-for-female', '14.3900', NULL, 'fixed', NULL, NULL, '14.3900', 'C3N3CP3K', 0, NULL, 1, 8, 1, NULL, NULL, NULL, '2020-05-07 08:28:37', '2020-05-16 14:17:58', 0),
(110, NULL, 1, 'women-oxford-backpack-for-girls', '13.9900', NULL, 'fixed', NULL, NULL, '13.9900', '6NYXGARN', 1, 20, 1, 1, 1, NULL, NULL, NULL, '2020-05-07 08:32:00', '2020-05-15 09:09:29', 0),
(111, NULL, 1, 'fashion-woman-bag-female-hand-tote-bag', '14.9800', '15.0000', 'percent', '2020-05-13', '3000-05-14', '12.7330', 'X7F6NQHC', 0, NULL, 1, 3, 1, NULL, NULL, NULL, '2020-05-07 08:34:58', '2020-05-15 12:23:51', 0),
(112, NULL, 1, 'wenyujh-2019-new-large-capacity-student-schoolbag', '12.6200', NULL, 'fixed', NULL, NULL, '12.6200', 'L958SZRD', 0, NULL, 0, 1, 1, NULL, NULL, NULL, '2020-05-07 08:38:50', '2020-05-15 12:27:26', 0),
(113, NULL, 1, 'puimentiua-men-backpack-laptop-bag-brand', '14.7900', '10.9900', 'fixed', '2020-05-14', '3000-05-14', '10.9900', 'KPBDTCJJ', 0, NULL, 1, 1, 1, '2020-05-12 00:00:00', '3000-05-21 00:00:00', NULL, '2020-05-07 08:42:35', '2020-05-15 12:33:10', 0),
(114, NULL, 1, 'backpack-school-bag-for-teenagers', '11.9900', NULL, 'fixed', NULL, NULL, '11.9900', '4N2MTH23', 0, NULL, 1, 1, 1, NULL, NULL, NULL, '2020-05-07 08:46:49', '2020-05-15 12:37:01', 0),
(115, NULL, 1, 'xiaomi-xiaoai-bluetooth-speaker-pro-hifi-audio-chip', '54.9900', NULL, 'fixed', NULL, NULL, '54.9900', 'GTC2WCYR', 0, NULL, 1, 2, 1, NULL, NULL, NULL, '2020-05-07 11:23:13', '2020-05-15 12:49:16', 0),
(116, 3, 1, 'huawei-bluetooth-subwoofer-speakers', '21.9900', '20.7900', 'fixed', '2020-05-14', '3000-05-13', '20.7900', 'FGF9CT6K', 1, 2, 1, 4, 1, '2020-05-13 00:00:00', '3000-05-13 00:00:00', NULL, '2020-05-07 11:27:19', '2020-05-16 14:09:25', 0),
(117, 11, 1, 'reebok-black-men-casual-shoes-cn6749', '65.1900', NULL, 'fixed', NULL, NULL, '65.1900', '796MC4SP', 0, NULL, 1, 4, 1, NULL, NULL, NULL, '2020-05-07 11:29:37', '2020-05-15 12:57:01', 0),
(118, 16, 1, 'adidas-blue-women-casual-shoes-ef0152-runfalcon', '88.7200', NULL, 'fixed', NULL, NULL, '88.7200', 'QB72PYZV', 0, NULL, 0, 1, 1, NULL, NULL, NULL, '2020-05-07 11:31:34', '2020-05-15 13:01:49', 0),
(119, 16, 1, 'adidas-men-s-running-shoe-ef8904', '246.6100', '240.0000', 'fixed', '2020-05-13', '3000-05-14', '240.0000', '5CBFL73Q', 0, NULL, 1, 4, 1, NULL, NULL, NULL, '2020-05-07 11:33:09', '2020-05-16 00:18:59', 0),
(120, 17, 1, 'nike-air-max-270-parent-child-shoes-original', '77.8600', NULL, 'fixed', NULL, NULL, '77.8600', '27CWSFZF', 0, NULL, 1, 4, 1, '2020-05-12 00:00:00', '3000-05-14 00:00:00', NULL, '2020-05-07 11:38:29', '2020-05-16 00:18:52', 0),
(121, NULL, 1, 'evo-vr-virtual-reality-headset-for-all-smartphones', '5.9900', NULL, 'fixed', NULL, NULL, '5.9900', 'WAGN8CN6', 0, NULL, 1, 1, 1, NULL, NULL, NULL, '2020-05-08 04:43:18', '2020-05-15 14:09:50', 0),
(122, NULL, 1, 'samsung-gear-vr-wcontroller-us-version', '653.0000', '15.0000', 'percent', '2020-05-16', '3000-05-14', '653.0000', 'LEJX85DG', 1, 30, 1, 7, 1, NULL, NULL, NULL, '2020-05-08 04:47:48', '2020-05-15 14:15:55', 0),
(123, NULL, 1, 'oculus-quest-all-in-one-vr-gaming-headset-128gb', '643.0000', NULL, 'fixed', NULL, NULL, '643.0000', 'FAZYDQ3G', 0, NULL, 1, 2, 1, '2020-05-13 00:00:00', '3000-05-20 00:00:00', NULL, '2020-05-08 04:55:04', '2020-05-15 14:18:23', 0),
(124, 1, 1, 'apple-imac-27-inch-desktop-34-ghz-intel-core-i7-processor-16-gb-memory', '2200.0000', '2000.0000', 'fixed', '2020-05-14', '3000-05-12', '2000.0000', '2ZKXJGE2', 0, NULL, 0, 1, 1, NULL, NULL, NULL, '2020-05-08 04:59:01', '2020-05-15 14:23:54', 0),
(125, 1, 1, 'apple-imac-pro-27-with-5k-retina-display', '6749.0000', NULL, 'fixed', NULL, NULL, '6749.0000', 'AADV99B9', 0, NULL, 1, 2, 1, '2020-05-13 00:00:00', '3000-05-20 00:00:00', NULL, '2020-05-08 05:03:20', '2020-05-15 14:27:48', 0),
(126, 1, 1, 'apple-imac-me089lla-27in-intel-core-i7-4771-35ghz', '3300.0000', NULL, 'fixed', NULL, NULL, '3300.0000', 'UVMXZ7Y6', 1, 15, 1, 3, 1, NULL, NULL, NULL, '2020-05-08 05:05:48', '2020-05-16 18:22:43', 0),
(127, NULL, 1, 'wong-rain-classic-100-925-sterling-silver', '2.0700', NULL, 'fixed', NULL, NULL, '2.0700', '7BPL4TDJ', 1, 50, 1, 1, 1, NULL, NULL, NULL, '2020-05-08 06:13:15', '2020-05-16 13:24:07', 0),
(128, NULL, 1, 'sterling-silver-heart-in-heart-pendant-necklace', '29.9900', '25.0000', 'fixed', '2020-05-06', '3000-05-14', '25.0000', 'ZWTBBXCZ', 1, 50, 1, 4, 1, '2020-05-13 00:00:00', '3000-05-27 00:00:00', NULL, '2020-05-08 06:19:33', '2020-05-16 13:26:12', 0),
(129, NULL, 1, 'meolin-charm-creative-twisted-crystal-pendant-necklace-fashion-stylish', '15.0000', '11.0000', 'percent', '2020-05-13', '3000-05-14', '13.3500', 'Z5K3FA86', 0, NULL, 1, 3, 1, NULL, NULL, NULL, '2020-05-08 06:22:02', '2020-05-16 13:28:01', 0),
(130, NULL, 1, 'vintage-polarized-sunglasses-women-men', '12.2600', NULL, 'fixed', NULL, NULL, '12.2600', '2H26GNL3', 0, NULL, 1, 1, 1, NULL, NULL, NULL, '2020-05-08 08:35:15', '2020-05-16 13:31:56', 0),
(131, NULL, 1, 'men-uv400-sunglasses-men-women-luxury-vintage-semi-rimless-brand-designer-fashion-mirror-shades', '3.5900', NULL, 'fixed', NULL, NULL, '3.5900', 'KJFSPACD', 1, 20, 1, 2, 1, '2020-05-12 00:00:00', '3000-05-27 00:00:00', NULL, '2020-05-08 08:39:42', '2020-05-16 13:34:15', 0),
(132, NULL, 1, 'tony-stark-sunglasses-men-eye-wear-vintage-retro-mens-glasses', '3.0000', NULL, 'fixed', NULL, NULL, '3.0000', 'H7UXFWRU', 1, 50, 1, 3, 1, NULL, NULL, NULL, '2020-05-08 08:42:21', '2020-05-16 13:36:19', 0),
(133, NULL, NULL, 'round-sunglasses-polarized-women-men-2018-new-fashion', '4.8800', NULL, 'fixed', NULL, NULL, '4.8800', 'RKNRA44H', 0, NULL, 1, 1, 1, NULL, NULL, NULL, '2020-05-08 08:46:03', '2020-05-16 13:38:12', 0),
(134, NULL, 1, 'naranjasabor-fashion-thin-mens-jackets', '18.8900', '15.0000', 'percent', '2020-05-13', '3000-05-14', '16.0565', 'TM83PYJD', 0, NULL, 1, 5, 1, NULL, NULL, NULL, '2020-05-09 05:30:10', '2020-05-16 13:42:04', 0),
(135, NULL, NULL, 'new-spring-summer-thin-casual-jacket-mens-fashion', '25.7200', NULL, 'fixed', NULL, NULL, '25.7200', '2SN6LZ7U', 1, 25, 1, 7, 1, NULL, NULL, NULL, '2020-05-09 05:33:53', '2020-05-16 13:44:23', 0),
(136, NULL, 1, 'hot-mens-parka-coats-men-winter-warm-hooded', '35.0500', NULL, 'fixed', NULL, NULL, '35.0500', '6SMWPF3W', 0, NULL, 1, 13, 1, NULL, NULL, NULL, '2020-05-09 05:37:46', '2020-05-16 14:16:37', 0),
(137, 1, 1, 'sony-xbr65z9f-65-inch-4k-ultra-hd-smart-bravia-led-tv', '5899.0000', NULL, 'fixed', NULL, NULL, '5899.0000', 'VS4R9TSD', 0, NULL, 1, 14, 1, '2020-05-13 00:00:00', '3000-05-13 00:00:00', NULL, '2020-05-09 05:41:24', '2020-05-16 14:21:50', 0),
(138, 1, NULL, 'new-apple-mac-mini-36ghz-quad-core-8th-generation', '759.0000', NULL, 'fixed', NULL, NULL, '759.0000', 'TRG63QZK', 1, 10, 1, 10, 1, '2020-05-13 00:00:00', '3000-05-14 00:00:00', NULL, '2020-05-10 09:04:14', '2020-05-16 13:52:36', 0),
(139, NULL, 1, 'fanmis-mens-luxury-analog-quartz-gold-wrist-watches', '17.9900', '11.5000', 'percent', '2020-05-13', '3000-05-13', '15.9212', '6SJL492G', 0, NULL, 1, 23, 1, '2020-05-11 00:00:00', '3000-05-01 00:00:00', NULL, '2020-05-10 09:07:33', '2020-05-16 13:54:40', 0);

-- --------------------------------------------------------

--
-- Table structure for table `product_attributes`
--

CREATE TABLE `product_attributes` (
  `id` int UNSIGNED NOT NULL,
  `product_id` int UNSIGNED NOT NULL,
  `attribute_id` int UNSIGNED NOT NULL
) ENGINE=InnoDB DEFAULT CHARSET=utf8mb4 COLLATE=utf8mb4_unicode_ci;

--
-- Dumping data for table `product_attributes`
--

INSERT INTO `product_attributes` (`id`, `product_id`, `attribute_id`) VALUES
(1282, 1, 1),
(1283, 1, 16),
(1284, 1, 15),
(1285, 1, 4),
(1286, 1, 3),
(1287, 1, 5),
(1288, 1, 6),
(1289, 1, 11),
(1290, 1, 12),
(1291, 2, 1),
(1292, 2, 3),
(1293, 2, 10),
(1294, 2, 15),
(1295, 2, 16),
(1296, 2, 8),
(1297, 2, 9),
(1298, 2, 4),
(1299, 2, 11),
(1300, 2, 12),
(1301, 2, 13),
(1328, 6, 19),
(1329, 6, 2),
(1330, 6, 3),
(1331, 6, 7),
(1332, 6, 6),
(1333, 6, 15),
(1334, 6, 10),
(1335, 6, 4),
(1336, 6, 11),
(1337, 6, 13),
(1338, 7, 19),
(1339, 7, 2),
(1340, 7, 3),
(1341, 7, 7),
(1342, 7, 6),
(1343, 7, 16),
(1344, 7, 4),
(1345, 7, 5),
(1346, 7, 12),
(1347, 8, 19),
(1348, 8, 2),
(1349, 8, 3),
(1350, 8, 7),
(1351, 8, 6),
(1352, 8, 15),
(1353, 8, 4),
(1354, 8, 5),
(1355, 8, 11),
(1356, 8, 13),
(1366, 9, 19),
(1367, 9, 2),
(1368, 9, 3),
(1369, 9, 10),
(1370, 9, 6),
(1371, 9, 15),
(1372, 9, 4),
(1373, 9, 5),
(1374, 9, 11),
(1397, 11, 19),
(1398, 11, 2),
(1399, 11, 3),
(1400, 11, 15),
(1401, 11, 6),
(1402, 11, 10),
(1403, 11, 4),
(1404, 11, 5),
(1405, 11, 11),
(1406, 11, 13),
(1407, 12, 2),
(1408, 12, 3),
(1409, 12, 4),
(1410, 12, 5),
(1411, 12, 6),
(1412, 12, 7),
(1413, 12, 10),
(1414, 12, 12),
(1415, 12, 15),
(1416, 12, 19),
(1417, 14, 1),
(1418, 14, 2),
(1419, 14, 10),
(1420, 14, 15),
(1421, 14, 16),
(1422, 14, 8),
(1423, 14, 9),
(1424, 14, 4),
(1425, 14, 11),
(1426, 14, 12),
(1427, 14, 13),
(1428, 15, 1),
(1429, 15, 2),
(1430, 15, 3),
(1431, 15, 10),
(1432, 15, 15),
(1433, 15, 8),
(1434, 15, 9),
(1435, 15, 4),
(1436, 15, 11),
(1437, 15, 12),
(1438, 16, 1),
(1439, 16, 2),
(1440, 16, 3),
(1441, 16, 7),
(1442, 16, 10),
(1443, 16, 15),
(1444, 16, 8),
(1445, 16, 9),
(1446, 16, 4),
(1447, 16, 11),
(1448, 16, 12),
(1459, 18, 1),
(1460, 18, 2),
(1461, 18, 3),
(1462, 18, 7),
(1463, 18, 10),
(1464, 18, 15),
(1465, 18, 16),
(1466, 18, 8),
(1467, 18, 9),
(1468, 18, 4),
(1469, 18, 11),
(1470, 18, 12),
(1471, 19, 1),
(1472, 19, 2),
(1473, 19, 3),
(1474, 19, 7),
(1475, 19, 10),
(1476, 19, 15),
(1477, 19, 16),
(1478, 19, 8),
(1479, 19, 9),
(1480, 19, 4),
(1481, 19, 11),
(1482, 19, 12),
(1495, 10, 19),
(1496, 10, 2),
(1497, 10, 3),
(1498, 10, 6),
(1499, 10, 15),
(1500, 10, 10),
(1501, 10, 16),
(1502, 10, 4),
(1503, 10, 5),
(1504, 10, 11),
(1505, 10, 12),
(1518, 22, 1),
(1519, 22, 2),
(1520, 22, 3),
(1521, 22, 7),
(1522, 22, 10),
(1523, 22, 15),
(1524, 22, 16),
(1525, 22, 8),
(1526, 22, 9),
(1527, 22, 4),
(1528, 22, 11),
(1529, 22, 12),
(1542, 24, 19),
(1543, 24, 2),
(1544, 24, 3),
(1545, 24, 7),
(1546, 24, 6),
(1547, 24, 15),
(1548, 24, 16),
(1549, 24, 8),
(1550, 24, 9),
(1551, 24, 4),
(1552, 24, 5),
(1553, 24, 11),
(1554, 24, 12),
(1555, 24, 13),
(1556, 25, 19),
(1557, 25, 2),
(1558, 25, 3),
(1559, 25, 7),
(1560, 25, 6),
(1561, 25, 15),
(1562, 25, 10),
(1563, 25, 16),
(1564, 25, 8),
(1565, 25, 9),
(1566, 25, 4),
(1567, 25, 5),
(1568, 25, 11),
(1569, 25, 12),
(1570, 25, 13),
(1571, 26, 19),
(1572, 26, 2),
(1573, 26, 3),
(1574, 26, 6),
(1575, 26, 10),
(1576, 26, 15),
(1577, 26, 8),
(1578, 26, 4),
(1579, 26, 11),
(1580, 26, 12),
(1592, 28, 1),
(1593, 28, 2),
(1594, 28, 3),
(1595, 28, 7),
(1596, 28, 10),
(1597, 28, 15),
(1598, 28, 8),
(1599, 28, 9),
(1600, 28, 4),
(1601, 28, 11),
(1602, 28, 12),
(1637, 31, 1),
(1638, 31, 2),
(1639, 31, 3),
(1640, 31, 7),
(1641, 31, 10),
(1642, 31, 15),
(1643, 31, 8),
(1644, 31, 9),
(1645, 31, 4),
(1646, 31, 11),
(1647, 31, 12),
(1657, 38, 1),
(1658, 38, 2),
(1659, 38, 3),
(1660, 38, 7),
(1661, 38, 10),
(1662, 38, 15),
(1663, 38, 16),
(1664, 38, 8),
(1665, 38, 9),
(1666, 38, 4),
(1667, 38, 11),
(1668, 38, 12),
(1680, 36, 1),
(1681, 36, 2),
(1682, 36, 3),
(1683, 36, 7),
(1684, 36, 10),
(1685, 36, 15),
(1686, 36, 16),
(1687, 36, 8),
(1688, 36, 9),
(1689, 36, 4),
(1690, 36, 11),
(1691, 36, 12),
(1714, 32, 1),
(1715, 32, 2),
(1716, 32, 3),
(1717, 32, 10),
(1718, 32, 8),
(1719, 32, 9),
(1720, 32, 4),
(1721, 32, 11),
(1722, 32, 12),
(1733, 29, 1),
(1734, 29, 2),
(1735, 29, 3),
(1736, 29, 7),
(1737, 29, 15),
(1738, 29, 10),
(1739, 29, 16),
(1740, 29, 8),
(1741, 29, 9),
(1742, 29, 4),
(1743, 29, 11),
(1744, 29, 12),
(1745, 37, 1),
(1746, 37, 2),
(1747, 37, 3),
(1748, 37, 7),
(1749, 37, 10),
(1750, 37, 15),
(1751, 37, 8),
(1752, 37, 9),
(1753, 37, 4),
(1754, 37, 11),
(1755, 37, 12),
(1770, 41, 19),
(1771, 41, 2),
(1772, 41, 3),
(1773, 41, 7),
(1774, 41, 6),
(1775, 41, 10),
(1776, 41, 15),
(1777, 41, 9),
(1778, 41, 4),
(1779, 41, 5),
(1780, 41, 11),
(1781, 41, 13),
(1782, 42, 19),
(1783, 42, 2),
(1784, 42, 3),
(1785, 42, 7),
(1786, 42, 6),
(1787, 42, 10),
(1788, 42, 15),
(1789, 42, 16),
(1790, 42, 9),
(1791, 42, 4),
(1792, 42, 5),
(1793, 42, 11),
(1794, 42, 12),
(1795, 42, 13),
(1875, 46, 1),
(1876, 46, 2),
(1877, 46, 3),
(1878, 46, 7),
(1879, 46, 10),
(1880, 46, 15),
(1881, 46, 8),
(1882, 46, 9),
(1883, 46, 4),
(1884, 46, 11),
(1885, 46, 12),
(1886, 44, 19),
(1887, 44, 2),
(1888, 44, 3),
(1889, 44, 6),
(1890, 44, 15),
(1891, 44, 10),
(1892, 44, 9),
(1893, 44, 4),
(1894, 44, 5),
(1895, 44, 11),
(1896, 44, 13),
(1897, 49, 1),
(1898, 49, 3),
(1899, 49, 7),
(1900, 49, 10),
(1901, 49, 15),
(1902, 49, 16),
(1903, 49, 8),
(1904, 49, 9),
(1905, 49, 4),
(1906, 49, 11),
(1907, 49, 12),
(1908, 48, 1),
(1909, 48, 2),
(1910, 48, 3),
(1911, 48, 7),
(1912, 48, 15),
(1913, 48, 8),
(1914, 48, 9),
(1915, 48, 4),
(1916, 48, 11),
(1917, 48, 12),
(1939, 51, 22),
(1940, 51, 20),
(1941, 51, 21),
(1942, 51, 24),
(1943, 51, 16),
(1944, 51, 25),
(1945, 51, 23),
(1946, 51, 27),
(1947, 51, 26),
(1948, 52, 22),
(1949, 52, 20),
(1950, 52, 21),
(1951, 52, 24),
(1952, 52, 25),
(1953, 52, 23),
(1954, 52, 27),
(1955, 52, 26),
(1956, 53, 22),
(1957, 53, 20),
(1958, 53, 21),
(1959, 53, 24),
(1960, 53, 16),
(1961, 53, 25),
(1962, 53, 23),
(1963, 53, 27),
(1964, 53, 26),
(1973, 55, 22),
(1974, 55, 20),
(1975, 55, 21),
(1976, 55, 24),
(1977, 55, 25),
(1978, 55, 23),
(1979, 55, 27),
(1980, 55, 26),
(1981, 55, 16),
(1982, 57, 22),
(1983, 57, 20),
(1984, 57, 21),
(1985, 57, 24),
(1986, 57, 16),
(1987, 57, 25),
(1988, 57, 23),
(1989, 57, 27),
(1990, 57, 26),
(1991, 58, 22),
(1992, 58, 20),
(1993, 58, 21),
(1994, 58, 17),
(1995, 58, 24),
(1996, 58, 25),
(1997, 58, 23),
(1998, 58, 27),
(1999, 58, 26),
(2015, 62, 29),
(2016, 62, 28),
(2017, 62, 30),
(2018, 62, 31),
(2019, 62, 32),
(2020, 59, 29),
(2021, 59, 28),
(2022, 59, 30),
(2023, 59, 31),
(2024, 59, 32),
(2025, 60, 29),
(2026, 60, 28),
(2027, 60, 30),
(2028, 60, 31),
(2029, 60, 32),
(2040, 63, 1),
(2041, 63, 2),
(2042, 63, 15),
(2043, 63, 10),
(2044, 63, 33),
(2045, 63, 4),
(2046, 64, 1),
(2047, 64, 2),
(2048, 64, 10),
(2049, 64, 33),
(2050, 64, 15),
(2051, 64, 4),
(2052, 65, 1),
(2053, 65, 2),
(2054, 65, 10),
(2055, 65, 33),
(2056, 65, 15),
(2057, 65, 4),
(2063, 67, 1),
(2064, 67, 2),
(2065, 67, 3),
(2066, 67, 10),
(2067, 67, 33),
(2068, 67, 15),
(2069, 67, 4),
(2070, 68, 1),
(2071, 68, 2),
(2072, 68, 3),
(2073, 68, 7),
(2074, 68, 15),
(2075, 68, 10),
(2076, 68, 33),
(2077, 68, 4),
(2078, 85, 1),
(2079, 85, 2),
(2080, 85, 3),
(2081, 85, 10),
(2082, 85, 33),
(2083, 85, 15),
(2084, 85, 4),
(2085, 86, 1),
(2086, 86, 10),
(2087, 86, 15),
(2088, 86, 33),
(2089, 86, 4),
(2090, 88, 1),
(2091, 88, 2),
(2092, 88, 3),
(2093, 88, 15),
(2094, 88, 10),
(2095, 88, 33),
(2096, 88, 4),
(2097, 88, 16),
(2098, 89, 1),
(2099, 89, 2),
(2100, 89, 3),
(2101, 89, 15),
(2102, 89, 33),
(2103, 89, 10),
(2104, 89, 4),
(2105, 66, 1),
(2106, 66, 10),
(2107, 66, 15),
(2108, 66, 33),
(2109, 66, 4),
(2110, 61, 29),
(2111, 61, 28),
(2112, 61, 30),
(2113, 61, 32),
(2114, 61, 31),
(2115, 54, 22),
(2116, 54, 20),
(2117, 54, 21),
(2118, 54, 24),
(2119, 54, 25),
(2120, 54, 23),
(2121, 54, 27),
(2122, 54, 26),
(2123, 50, 22),
(2124, 50, 20),
(2125, 50, 21),
(2126, 50, 24),
(2127, 50, 25),
(2128, 50, 23),
(2129, 50, 27),
(2130, 50, 26),
(2131, 47, 1),
(2132, 47, 2),
(2133, 47, 3),
(2134, 47, 7),
(2135, 47, 10),
(2136, 47, 15),
(2137, 47, 16),
(2138, 47, 8),
(2139, 47, 9),
(2140, 47, 4),
(2141, 47, 11),
(2142, 47, 12),
(2143, 43, 19),
(2144, 43, 2),
(2145, 43, 3),
(2146, 43, 7),
(2147, 43, 6),
(2148, 43, 10),
(2149, 43, 15),
(2150, 43, 9),
(2151, 43, 4),
(2152, 43, 5),
(2153, 43, 11),
(2154, 43, 12),
(2155, 43, 13),
(2156, 40, 19),
(2157, 40, 2),
(2158, 40, 3),
(2159, 40, 7),
(2160, 40, 6),
(2161, 40, 10),
(2162, 40, 15),
(2163, 40, 16),
(2164, 40, 9),
(2165, 40, 4),
(2166, 40, 5),
(2167, 40, 11),
(2168, 40, 12),
(2169, 40, 13),
(2170, 35, 1),
(2171, 35, 2),
(2172, 35, 3),
(2173, 35, 7),
(2174, 35, 15),
(2175, 35, 10),
(2176, 35, 8),
(2177, 35, 9),
(2178, 35, 4),
(2179, 35, 11),
(2180, 35, 12),
(2181, 33, 1),
(2182, 33, 2),
(2183, 33, 3),
(2184, 33, 7),
(2185, 33, 15),
(2186, 33, 16),
(2187, 33, 8),
(2188, 33, 9),
(2189, 33, 4),
(2190, 33, 11),
(2191, 33, 12),
(2192, 30, 1),
(2193, 30, 2),
(2194, 30, 3),
(2195, 30, 7),
(2196, 30, 10),
(2197, 30, 15),
(2198, 30, 8),
(2199, 30, 9),
(2200, 30, 4),
(2201, 30, 11),
(2202, 27, 1),
(2203, 27, 2),
(2204, 27, 3),
(2205, 27, 7),
(2206, 27, 10),
(2207, 27, 15),
(2208, 27, 8),
(2209, 27, 9),
(2210, 27, 4),
(2211, 27, 11),
(2212, 27, 12),
(2213, 80, 17),
(2214, 80, 18),
(2215, 80, 16),
(2216, 81, 17),
(2217, 81, 18),
(2224, 83, 16),
(2225, 83, 18),
(2226, 83, 17),
(2227, 84, 16),
(2228, 84, 17),
(2229, 84, 18),
(2230, 90, 1),
(2231, 91, 1),
(2232, 96, 16),
(2233, 96, 18),
(2234, 96, 17),
(2235, 97, 16),
(2236, 97, 18),
(2237, 98, 16),
(2238, 98, 18),
(2239, 99, 16),
(2240, 99, 17),
(2241, 99, 18),
(2242, 100, 16),
(2243, 100, 18),
(2244, 100, 17),
(2245, 101, 16),
(2246, 101, 18),
(2247, 101, 17),
(2248, 102, 16),
(2249, 102, 17),
(2250, 102, 18),
(2251, 103, 16),
(2252, 103, 17),
(2253, 103, 18),
(2254, 104, 17),
(2255, 105, 17),
(2256, 106, 17),
(2257, 106, 18),
(2258, 107, 17),
(2259, 107, 18),
(2260, 107, 16),
(2261, 108, 17),
(2262, 108, 18),
(2269, 17, 1),
(2270, 17, 2),
(2271, 17, 3),
(2272, 17, 10),
(2273, 17, 15),
(2274, 17, 8),
(2275, 17, 9),
(2276, 17, 4),
(2277, 17, 11),
(2278, 17, 12),
(2287, 82, 17),
(2288, 82, 18),
(2289, 82, 16),
(2290, 109, 17),
(2291, 109, 16),
(2292, 110, 17),
(2293, 110, 16),
(2296, 111, 17),
(2297, 111, 16),
(2298, 112, 17),
(2299, 112, 16),
(2300, 113, 17),
(2301, 113, 16),
(2302, 114, 17),
(2303, 114, 16),
(2304, 117, 17),
(2305, 117, 16),
(2308, 119, 17),
(2309, 119, 16),
(2310, 120, 17),
(2311, 120, 16),
(2312, 118, 17),
(2313, 118, 16),
(2314, 124, 1),
(2315, 124, 2),
(2316, 124, 3),
(2317, 124, 6),
(2318, 124, 7),
(2319, 124, 10),
(2320, 124, 15),
(2321, 124, 4),
(2322, 124, 5),
(2323, 124, 11),
(2324, 124, 13),
(2325, 125, 1),
(2326, 125, 2),
(2327, 125, 3),
(2328, 125, 6),
(2329, 125, 7),
(2330, 125, 10),
(2331, 125, 15),
(2332, 125, 4),
(2333, 125, 5),
(2334, 125, 11),
(2335, 125, 13),
(2336, 126, 1),
(2337, 126, 2),
(2338, 126, 3),
(2339, 126, 6),
(2340, 126, 15),
(2341, 126, 10),
(2342, 126, 4),
(2343, 126, 5),
(2344, 126, 13),
(2345, 126, 11),
(2366, 4, 19),
(2367, 4, 2),
(2368, 4, 3),
(2369, 4, 7),
(2370, 4, 6),
(2371, 4, 10),
(2372, 4, 15),
(2373, 4, 4),
(2374, 4, 5),
(2375, 4, 11),
(2376, 23, 1),
(2377, 23, 2),
(2378, 23, 3),
(2379, 23, 10),
(2380, 23, 15),
(2381, 23, 16),
(2382, 23, 8),
(2383, 23, 9),
(2384, 23, 4),
(2385, 23, 11),
(2386, 23, 12),
(2387, 23, 13),
(2388, 21, 1),
(2389, 21, 2),
(2390, 21, 3),
(2391, 21, 7),
(2392, 21, 10),
(2393, 21, 15),
(2394, 21, 16),
(2395, 21, 8),
(2396, 21, 9),
(2397, 21, 4),
(2398, 21, 11),
(2399, 21, 12),
(2400, 20, 1),
(2401, 20, 2),
(2402, 20, 3),
(2403, 20, 7),
(2404, 20, 10),
(2405, 20, 15),
(2406, 20, 16),
(2407, 20, 8),
(2408, 20, 9),
(2409, 20, 4),
(2410, 20, 11),
(2411, 20, 12),
(2412, 3, 19),
(2413, 3, 2),
(2414, 3, 3),
(2415, 3, 6),
(2416, 3, 15),
(2417, 3, 4),
(2418, 3, 5),
(2419, 3, 13),
(2444, 5, 19),
(2445, 5, 2),
(2446, 5, 7),
(2447, 5, 6),
(2448, 5, 15),
(2449, 5, 10),
(2450, 5, 4),
(2451, 5, 12),
(2453, 128, 17),
(2454, 129, 17),
(2455, 127, 17),
(2456, 130, 17),
(2457, 130, 16),
(2458, 131, 17),
(2459, 131, 16),
(2460, 132, 17),
(2461, 133, 17),
(2462, 134, 17),
(2463, 134, 18),
(2464, 134, 16),
(2465, 135, 17),
(2466, 135, 18),
(2467, 135, 16),
(2468, 136, 17),
(2469, 136, 18),
(2470, 137, 1),
(2471, 137, 10),
(2472, 137, 33),
(2473, 137, 16),
(2474, 138, 1),
(2475, 138, 2),
(2476, 138, 3),
(2477, 138, 6),
(2478, 138, 15),
(2479, 138, 4),
(2480, 138, 5),
(2481, 138, 11),
(2482, 138, 13),
(2484, 139, 17);

-- --------------------------------------------------------

--
-- Table structure for table `product_attribute_values`
--

CREATE TABLE `product_attribute_values` (
  `product_attribute_id` int UNSIGNED NOT NULL,
  `attribute_value_id` int UNSIGNED NOT NULL
) ENGINE=InnoDB DEFAULT CHARSET=utf8mb4 COLLATE=utf8mb4_unicode_ci;

--
-- Dumping data for table `product_attribute_values`
--

INSERT INTO `product_attribute_values` (`product_attribute_id`, `attribute_value_id`) VALUES
(1282, 1),
(1417, 1),
(1875, 1),
(1897, 1),
(1908, 1),
(2131, 1),
(2314, 1),
(2325, 1),
(2336, 1),
(2376, 1),
(2388, 1),
(2400, 1),
(2470, 1),
(2474, 1),
(1291, 2),
(1459, 3),
(1471, 3),
(2269, 3),
(1428, 4),
(1438, 4),
(1518, 4),
(1637, 4),
(2040, 4),
(2046, 4),
(2052, 4),
(1592, 5),
(1657, 5),
(1680, 5),
(1745, 5),
(2170, 5),
(2202, 6),
(1733, 7),
(2192, 7),
(1714, 8),
(2181, 8),
(1329, 13),
(1339, 13),
(1348, 13),
(1367, 13),
(1398, 13),
(1407, 13),
(1496, 13),
(1557, 13),
(1572, 13),
(1771, 13),
(1887, 13),
(2144, 13),
(2315, 13),
(2337, 13),
(2367, 13),
(2413, 13),
(2475, 13),
(1543, 14),
(1783, 14),
(2157, 14),
(2326, 14),
(2445, 14),
(1429, 15),
(1439, 15),
(1460, 15),
(1519, 15),
(1593, 15),
(1638, 15),
(1658, 15),
(1681, 15),
(1734, 15),
(1746, 15),
(2047, 15),
(2064, 15),
(2079, 15),
(2182, 15),
(2193, 15),
(2270, 15),
(1472, 16),
(1715, 16),
(1734, 16),
(2041, 16),
(2053, 16),
(2064, 16),
(2071, 16),
(2091, 16),
(2099, 16),
(2171, 16),
(2203, 16),
(1418, 17),
(1909, 17),
(2389, 17),
(2401, 17),
(1876, 18),
(2132, 18),
(2377, 18),
(1286, 22),
(1349, 22),
(1368, 22),
(1399, 22),
(1408, 22),
(1772, 22),
(1888, 22),
(2316, 22),
(2414, 22),
(1330, 24),
(1340, 24),
(1497, 24),
(1544, 24),
(1558, 24),
(1573, 24),
(2145, 24),
(2338, 24),
(2368, 24),
(2476, 24),
(1461, 25),
(1473, 25),
(1716, 25),
(1735, 25),
(2072, 25),
(2092, 25),
(2100, 25),
(2172, 25),
(2204, 25),
(1292, 26),
(1430, 26),
(1440, 26),
(1520, 26),
(1594, 26),
(1639, 26),
(1659, 26),
(1682, 26),
(1735, 26),
(1747, 26),
(2065, 26),
(2080, 26),
(2183, 26),
(2194, 26),
(2271, 26),
(1877, 27),
(1898, 27),
(1910, 27),
(2133, 27),
(2378, 27),
(2390, 27),
(2402, 27),
(1344, 28),
(1551, 28),
(1566, 28),
(1578, 28),
(2051, 28),
(2057, 28),
(2069, 28),
(2077, 28),
(2084, 28),
(2104, 28),
(2109, 28),
(2178, 28),
(1285, 29),
(1298, 29),
(1335, 29),
(1344, 29),
(1353, 29),
(1372, 29),
(1403, 29),
(1409, 29),
(1435, 29),
(1468, 29),
(1480, 29),
(1502, 29),
(1527, 29),
(1551, 29),
(1566, 29),
(1578, 29),
(1600, 29),
(1645, 29),
(1666, 29),
(1689, 29),
(1720, 29),
(1742, 29),
(1753, 29),
(1893, 29),
(2077, 29),
(2084, 29),
(2104, 29),
(2140, 29),
(2151, 29),
(2165, 29),
(2178, 29),
(2189, 29),
(2200, 29),
(2210, 29),
(2276, 29),
(2321, 29),
(2342, 29),
(2373, 29),
(2384, 29),
(2397, 29),
(2417, 29),
(2450, 29),
(2479, 29),
(1424, 30),
(1446, 30),
(1480, 30),
(1527, 30),
(1720, 30),
(1883, 30),
(1905, 30),
(1915, 30),
(2057, 30),
(2178, 30),
(2409, 30),
(1335, 31),
(1600, 31),
(1645, 31),
(1666, 31),
(1689, 31),
(1742, 31),
(1753, 31),
(2165, 31),
(2210, 31),
(1353, 32),
(1372, 32),
(1403, 32),
(1409, 32),
(1502, 32),
(1566, 32),
(1600, 32),
(1689, 32),
(1742, 32),
(1778, 32),
(1791, 32),
(1893, 32),
(2151, 32),
(2200, 32),
(2321, 32),
(2332, 32),
(2342, 32),
(2373, 32),
(2450, 32),
(2479, 32),
(1335, 33),
(1353, 33),
(1372, 33),
(1403, 33),
(1778, 33),
(1791, 33),
(2151, 33),
(2165, 33),
(2321, 33),
(2332, 33),
(2479, 33),
(1287, 34),
(1345, 34),
(1354, 34),
(1373, 34),
(1404, 34),
(1410, 34),
(1503, 34),
(1552, 34),
(1567, 34),
(2152, 34),
(2374, 34),
(2418, 34),
(1354, 35),
(1373, 35),
(1404, 35),
(1410, 35),
(1503, 35),
(1552, 35),
(1567, 35),
(1779, 35),
(1894, 35),
(2152, 35),
(2166, 35),
(2322, 35),
(2333, 35),
(2343, 35),
(2374, 35),
(2480, 35),
(1354, 36),
(1373, 36),
(1404, 36),
(1410, 36),
(1503, 36),
(1567, 36),
(1779, 36),
(1792, 36),
(1894, 36),
(2152, 36),
(2166, 36),
(2322, 36),
(2333, 36),
(2343, 36),
(2480, 36),
(1373, 37),
(1404, 37),
(1503, 37),
(1779, 37),
(1792, 37),
(2166, 37),
(2322, 37),
(2333, 37),
(1342, 38),
(1498, 38),
(1546, 38),
(1560, 38),
(1574, 38),
(1288, 39),
(1332, 39),
(1342, 39),
(1351, 39),
(1370, 39),
(1401, 39),
(1411, 39),
(1498, 39),
(1546, 39),
(1560, 39),
(1574, 39),
(1774, 39),
(2160, 39),
(2370, 39),
(2415, 39),
(2447, 39),
(1332, 40),
(1351, 40),
(1370, 40),
(1401, 40),
(1411, 40),
(1498, 40),
(1560, 40),
(1574, 40),
(1774, 40),
(1786, 40),
(1889, 40),
(2147, 40),
(2160, 40),
(2317, 40),
(2328, 40),
(2339, 40),
(2447, 40),
(2477, 40),
(1351, 41),
(1370, 41),
(1401, 41),
(1411, 41),
(1774, 41),
(1786, 41),
(1889, 41),
(2147, 41),
(2160, 41),
(2317, 41),
(2328, 41),
(2339, 41),
(1401, 42),
(2317, 42),
(1341, 43),
(1748, 43),
(2073, 43),
(1350, 44),
(1412, 44),
(1441, 44),
(1462, 44),
(1474, 44),
(1521, 44),
(1545, 44),
(1559, 44),
(1640, 44),
(1660, 44),
(1683, 44),
(1736, 44),
(1773, 44),
(1878, 44),
(1899, 44),
(1911, 44),
(2134, 44),
(2146, 44),
(2173, 44),
(2184, 44),
(2195, 44),
(2205, 44),
(2329, 44),
(2369, 44),
(2391, 44),
(1331, 45),
(1595, 45),
(1736, 45),
(1785, 45),
(2159, 45),
(2318, 45),
(2403, 45),
(2446, 45),
(1296, 47),
(1444, 47),
(1525, 47),
(1549, 47),
(1564, 47),
(1577, 47),
(1718, 47),
(2138, 47),
(2198, 47),
(2208, 47),
(2382, 47),
(1422, 48),
(1433, 48),
(1466, 48),
(1478, 48),
(1598, 48),
(1643, 48),
(1664, 48),
(1740, 48),
(1751, 48),
(1881, 48),
(1903, 48),
(2176, 48),
(2274, 48),
(2395, 48),
(2407, 48),
(1687, 49),
(1740, 49),
(1913, 49),
(2187, 49),
(1297, 51),
(1479, 51),
(1688, 51),
(1777, 51),
(1882, 51),
(2150, 51),
(2164, 51),
(2177, 51),
(2199, 51),
(2209, 51),
(1423, 52),
(1434, 52),
(1445, 52),
(1467, 52),
(1526, 52),
(1550, 52),
(1565, 52),
(1644, 52),
(1665, 52),
(1719, 52),
(1752, 52),
(1790, 52),
(1892, 52),
(1914, 52),
(2188, 52),
(1423, 53),
(1599, 53),
(1665, 53),
(1688, 53),
(1741, 53),
(1752, 53),
(2177, 53),
(2275, 53),
(1434, 54),
(1479, 54),
(1752, 54),
(1882, 54),
(2139, 54),
(2408, 54),
(1467, 55),
(1644, 55),
(1688, 55),
(1719, 55),
(1882, 55),
(1904, 55),
(1914, 55),
(2139, 55),
(2177, 55),
(2188, 55),
(2199, 55),
(2209, 55),
(2383, 55),
(1431, 56),
(1442, 56),
(1463, 56),
(1596, 56),
(1641, 56),
(1738, 56),
(1879, 56),
(2135, 56),
(2175, 56),
(2206, 56),
(1717, 57),
(1293, 58),
(1419, 58),
(1475, 58),
(1596, 58),
(1661, 58),
(1684, 58),
(1738, 58),
(1749, 58),
(1900, 58),
(2196, 58),
(2272, 58),
(1522, 59),
(2379, 59),
(2392, 59),
(2404, 59),
(1334, 60),
(1369, 60),
(1413, 60),
(1500, 60),
(1562, 60),
(1575, 60),
(2161, 60),
(2330, 60),
(2341, 60),
(1334, 61),
(1402, 61),
(1500, 61),
(1775, 61),
(1891, 61),
(2148, 61),
(2319, 61),
(2371, 61),
(1787, 62),
(2341, 62),
(2449, 62),
(1299, 63),
(1425, 63),
(1436, 63),
(1601, 63),
(1743, 63),
(1916, 63),
(2190, 63),
(2201, 63),
(2277, 63),
(2398, 63),
(2410, 63),
(1447, 64),
(1469, 64),
(1481, 64),
(1528, 64),
(1646, 64),
(1667, 64),
(1690, 64),
(1721, 64),
(1743, 64),
(1754, 64),
(1884, 64),
(1906, 64),
(2141, 64),
(2179, 64),
(2211, 64),
(2385, 64),
(1289, 65),
(1553, 65),
(1568, 65),
(1579, 65),
(1895, 65),
(2375, 65),
(2481, 65),
(1336, 66),
(1504, 66),
(2153, 66),
(1355, 67),
(1793, 67),
(2167, 67),
(2323, 67),
(2345, 67),
(1374, 68),
(1405, 68),
(1780, 68),
(2334, 68),
(1290, 69),
(1448, 69),
(1470, 69),
(1744, 69),
(2212, 69),
(1300, 70),
(1426, 70),
(1437, 70),
(1482, 70),
(1602, 70),
(1647, 70),
(1668, 70),
(1691, 70),
(1722, 70),
(1744, 70),
(1755, 70),
(1907, 70),
(1917, 70),
(2142, 70),
(2180, 70),
(2278, 70),
(2386, 70),
(2399, 70),
(1885, 72),
(2191, 72),
(1346, 73),
(1414, 73),
(1529, 73),
(1554, 73),
(2411, 73),
(1505, 74),
(1569, 74),
(1580, 74),
(1794, 74),
(2154, 74),
(2451, 74),
(2168, 75),
(1301, 77),
(1337, 77),
(1356, 77),
(1406, 77),
(1427, 77),
(1555, 77),
(1570, 77),
(1781, 77),
(1795, 77),
(1896, 77),
(2155, 77),
(2169, 77),
(2324, 77),
(2335, 77),
(2344, 77),
(2387, 77),
(2419, 77),
(2482, 77),
(1333, 79),
(1352, 79),
(1371, 79),
(1400, 79),
(1415, 79),
(1499, 79),
(1547, 79),
(1561, 79),
(1576, 79),
(1776, 79),
(1788, 79),
(1890, 79),
(2149, 79),
(2162, 79),
(2372, 79),
(2416, 79),
(2448, 79),
(1294, 80),
(1432, 80),
(1443, 80),
(1464, 80),
(1476, 80),
(1523, 80),
(1597, 80),
(1642, 80),
(1662, 80),
(1685, 80),
(1737, 80),
(1750, 80),
(2083, 80),
(2107, 80),
(2174, 80),
(2185, 80),
(2197, 80),
(2207, 80),
(2273, 80),
(1284, 81),
(1420, 81),
(1880, 81),
(1901, 81),
(1912, 81),
(2136, 81),
(2380, 81),
(2393, 81),
(2405, 81),
(2320, 82),
(2331, 82),
(2340, 82),
(2478, 82),
(1547, 83),
(1561, 83),
(1576, 83),
(1776, 83),
(1788, 83),
(1890, 83),
(2149, 83),
(2162, 83),
(2331, 83),
(2042, 84),
(2050, 84),
(2093, 84),
(2101, 84),
(1295, 85),
(2239, 85),
(2245, 85),
(2248, 85),
(2251, 85),
(2291, 85),
(2313, 85),
(2224, 86),
(2245, 86),
(2248, 86),
(2251, 86),
(1295, 87),
(1465, 87),
(1477, 87),
(1960, 87),
(2215, 87),
(2224, 87),
(2232, 87),
(2235, 87),
(2237, 87),
(2242, 87),
(2245, 87),
(2248, 87),
(2251, 87),
(2260, 87),
(2293, 87),
(2299, 87),
(2305, 87),
(2457, 87),
(2459, 87),
(2464, 87),
(2467, 87),
(1283, 88),
(1295, 88),
(1343, 88),
(1421, 88),
(1501, 88),
(1943, 88),
(1986, 88),
(2137, 88),
(2251, 88),
(2291, 88),
(2293, 88),
(2381, 88),
(2394, 88),
(2406, 88),
(1283, 89),
(1343, 89),
(1421, 89),
(1501, 89),
(1548, 89),
(1563, 89),
(1902, 89),
(1943, 89),
(1960, 89),
(1981, 89),
(1986, 89),
(2137, 89),
(2381, 89),
(2394, 89),
(2406, 89),
(2473, 89),
(1283, 90),
(1295, 90),
(1343, 90),
(1421, 90),
(1465, 90),
(1477, 90),
(1501, 90),
(1524, 90),
(1548, 90),
(1563, 90),
(1663, 90),
(1686, 90),
(1739, 90),
(1902, 90),
(1943, 90),
(1960, 90),
(1981, 90),
(1986, 90),
(2137, 90),
(2163, 90),
(2186, 90),
(2235, 90),
(2237, 90),
(2245, 90),
(2248, 90),
(2251, 90),
(2293, 90),
(2381, 90),
(2394, 90),
(2406, 90),
(2457, 90),
(2459, 90),
(2473, 90),
(1297, 91),
(1423, 91),
(1434, 91),
(1445, 91),
(1467, 91),
(1479, 91),
(1665, 91),
(1688, 91),
(1741, 91),
(1914, 91),
(2188, 91),
(2275, 91),
(2383, 91),
(2396, 91),
(2408, 91),
(1297, 92),
(1445, 92),
(1599, 92),
(1644, 92),
(1741, 92),
(1904, 92),
(2139, 92),
(2275, 92),
(2396, 92),
(1599, 93),
(1719, 93),
(1904, 93),
(2199, 93),
(2209, 93),
(1295, 94),
(1421, 94),
(1465, 94),
(1477, 94),
(1501, 94),
(1524, 94),
(1548, 94),
(1563, 94),
(1663, 94),
(1686, 94),
(1739, 94),
(1789, 94),
(1902, 94),
(1943, 94),
(1960, 94),
(1981, 94),
(1986, 94),
(2097, 94),
(2163, 94),
(2186, 94),
(2215, 94),
(2224, 94),
(2227, 94),
(2232, 94),
(2235, 94),
(2237, 94),
(2239, 94),
(2242, 94),
(2245, 94),
(2248, 94),
(2251, 94),
(2260, 94),
(2289, 94),
(2291, 94),
(2293, 94),
(2297, 94),
(2299, 94),
(2301, 94),
(2303, 94),
(2305, 94),
(2309, 94),
(2311, 94),
(2313, 94),
(2457, 94),
(2459, 94),
(2464, 94),
(2467, 94),
(1524, 95),
(1563, 95),
(1663, 95),
(1686, 95),
(2097, 95),
(2186, 95),
(2232, 95),
(2235, 95),
(2239, 95),
(2242, 95),
(2291, 95),
(2293, 95),
(2301, 95),
(2303, 95),
(2305, 95),
(2309, 95),
(2311, 95),
(2313, 95),
(2464, 95),
(2467, 95),
(2213, 96),
(2216, 96),
(2226, 96),
(2228, 96),
(2234, 96),
(2240, 96),
(2244, 96),
(2247, 96),
(2249, 96),
(2252, 96),
(2254, 96),
(2255, 96),
(2256, 96),
(2258, 96),
(2261, 96),
(2287, 96),
(2298, 96),
(2300, 96),
(2302, 96),
(2304, 96),
(2308, 96),
(2310, 96),
(2456, 96),
(2458, 96),
(2460, 96),
(2461, 96),
(2462, 96),
(2465, 96),
(2468, 96),
(2484, 96),
(1994, 97),
(2216, 97),
(2226, 97),
(2228, 97),
(2249, 97),
(2261, 97),
(2287, 97),
(2290, 97),
(2292, 97),
(2296, 97),
(2298, 97),
(2300, 97),
(2302, 97),
(2310, 97),
(2312, 97),
(2453, 97),
(2454, 97),
(2455, 97),
(2456, 97),
(2458, 97),
(2461, 97),
(2468, 97),
(2214, 98),
(2217, 98),
(2225, 98),
(2229, 98),
(2233, 98),
(2236, 98),
(2238, 98),
(2241, 98),
(2243, 98),
(2246, 98),
(2250, 98),
(2253, 98),
(2259, 98),
(2262, 98),
(2288, 98),
(2463, 98),
(2466, 98),
(2469, 98),
(2214, 99),
(2217, 99),
(2225, 99),
(2229, 99),
(2233, 99),
(2236, 99),
(2238, 99),
(2241, 99),
(2243, 99),
(2246, 99),
(2250, 99),
(2253, 99),
(2257, 99),
(2259, 99),
(2262, 99),
(2288, 99),
(2463, 99),
(2466, 99),
(2469, 99),
(2214, 100),
(2217, 100),
(2225, 100),
(2229, 100),
(2233, 100),
(2236, 100),
(2238, 100),
(2243, 100),
(2246, 100),
(2250, 100),
(2253, 100),
(2257, 100),
(2259, 100),
(2262, 100),
(2288, 100),
(2463, 100),
(2466, 100),
(2469, 100),
(2214, 101),
(2217, 101),
(2225, 101),
(2229, 101),
(2233, 101),
(2236, 101),
(2238, 101),
(2241, 101),
(2243, 101),
(2246, 101),
(2250, 101),
(2253, 101),
(2257, 101),
(2259, 101),
(2262, 101),
(2288, 101),
(2463, 101),
(2466, 101),
(2469, 101),
(2214, 102),
(2217, 102),
(2225, 102),
(2229, 102),
(2233, 102),
(2236, 102),
(2238, 102),
(2241, 102),
(2246, 102),
(2250, 102),
(2253, 102),
(2257, 102),
(2259, 102),
(2262, 102),
(2288, 102),
(2463, 102),
(2466, 102),
(2469, 102),
(1416, 103),
(2412, 103),
(1338, 104),
(1770, 105),
(2156, 105),
(1886, 106),
(1347, 107),
(1397, 107),
(1495, 107),
(1328, 108),
(1542, 109),
(1782, 110),
(2143, 110),
(1556, 111),
(1571, 111),
(1366, 114),
(2366, 114),
(2444, 115),
(1784, 116),
(2158, 116),
(2327, 116),
(1949, 117),
(2124, 117),
(1940, 118),
(1974, 118),
(1957, 119),
(1983, 119),
(1992, 119),
(2116, 119),
(1993, 120),
(2125, 120),
(1950, 121),
(1958, 121),
(1975, 121),
(1984, 121),
(1941, 122),
(2117, 122),
(1939, 123),
(1973, 123),
(1948, 124),
(1956, 124),
(1982, 125),
(1991, 125),
(2115, 125),
(2123, 125),
(1953, 128),
(1997, 128),
(2128, 128),
(1978, 129),
(1988, 129),
(2120, 129),
(1945, 130),
(1962, 130),
(1988, 130),
(1995, 131),
(2126, 131),
(1951, 132),
(1976, 132),
(1942, 133),
(1951, 133),
(1959, 133),
(1985, 133),
(2118, 133),
(1952, 134),
(1944, 135),
(1977, 135),
(1987, 135),
(1996, 135),
(2119, 135),
(2127, 135),
(1961, 136),
(1987, 136),
(1980, 137),
(1990, 137),
(1947, 138),
(1955, 138),
(1980, 138),
(1999, 138),
(2130, 138),
(1964, 139),
(2122, 139),
(1954, 140),
(1963, 140),
(1979, 140),
(1946, 141),
(1963, 141),
(1979, 141),
(1989, 141),
(1998, 141),
(2121, 141),
(2129, 141),
(2016, 142),
(2021, 143),
(2026, 143),
(2111, 143),
(2015, 144),
(2020, 144),
(2025, 144),
(2110, 144),
(2017, 145),
(2022, 146),
(2027, 146),
(2112, 146),
(2018, 147),
(2028, 147),
(2023, 148),
(2114, 149),
(2024, 150),
(2019, 151),
(2029, 151),
(2113, 151),
(2043, 152),
(2054, 152),
(2075, 152),
(2081, 152),
(2094, 152),
(2103, 152),
(2048, 153),
(2054, 153),
(2066, 153),
(2075, 153),
(2081, 153),
(2086, 153),
(2094, 153),
(2103, 153),
(2106, 153),
(2043, 154),
(2048, 154),
(2066, 154),
(2075, 154),
(2081, 154),
(2086, 154),
(2103, 154),
(2106, 154),
(2054, 155),
(2066, 155),
(2094, 155),
(2106, 155),
(2471, 155),
(2044, 156),
(2049, 156),
(2055, 156),
(2067, 156),
(2076, 156),
(2082, 156),
(2088, 156),
(2095, 156),
(2102, 156),
(2108, 156),
(2472, 156),
(2063, 157),
(2078, 157),
(2085, 157),
(2105, 157),
(2070, 158),
(2090, 159),
(2098, 159),
(2230, 159),
(2231, 159),
(2056, 160),
(2068, 160),
(2074, 160),
(2087, 160),
(2045, 161),
(2051, 161),
(2057, 161),
(2089, 161),
(2096, 161),
(2109, 161),
(2227, 162),
(2232, 162),
(2289, 162),
(2293, 162),
(2299, 162),
(2301, 162),
(2464, 162),
(2227, 163),
(2232, 163),
(2237, 163),
(2289, 163),
(2293, 163);

-- --------------------------------------------------------

--
-- Table structure for table `product_categories`
--

CREATE TABLE `product_categories` (
  `product_id` int UNSIGNED NOT NULL,
  `category_id` int UNSIGNED NOT NULL
) ENGINE=InnoDB DEFAULT CHARSET=utf8mb4 COLLATE=utf8mb4_unicode_ci;

--
-- Dumping data for table `product_categories`
--

INSERT INTO `product_categories` (`product_id`, `category_id`) VALUES
(47, 7),
(48, 7),
(59, 7),
(60, 7),
(61, 7),
(62, 7),
(63, 7),
(64, 7),
(65, 7),
(66, 7),
(67, 7),
(68, 7),
(85, 7),
(86, 7),
(87, 7),
(88, 7),
(89, 7),
(93, 7),
(121, 7),
(122, 7),
(123, 7),
(126, 7),
(137, 7),
(80, 12),
(81, 12),
(82, 12),
(83, 12),
(84, 12),
(96, 12),
(97, 12),
(98, 12),
(99, 12),
(100, 12),
(101, 12),
(102, 12),
(103, 12),
(104, 12),
(105, 12),
(106, 12),
(107, 12),
(108, 12),
(117, 12),
(119, 12),
(120, 12),
(130, 12),
(131, 12),
(132, 12),
(133, 12),
(134, 12),
(135, 12),
(136, 12),
(80, 13),
(81, 13),
(82, 13),
(83, 13),
(84, 13),
(96, 13),
(97, 13),
(98, 13),
(99, 13),
(100, 13),
(101, 13),
(102, 13),
(103, 13),
(104, 13),
(105, 13),
(106, 13),
(107, 13),
(108, 13),
(134, 13),
(135, 13),
(136, 13),
(80, 14),
(81, 14),
(82, 14),
(83, 14),
(84, 14),
(96, 14),
(97, 14),
(98, 14),
(99, 14),
(100, 14),
(101, 14),
(102, 14),
(103, 14),
(104, 14),
(106, 14),
(107, 14),
(108, 14),
(134, 14),
(135, 14),
(136, 14),
(96, 15),
(97, 15),
(98, 15),
(99, 15),
(100, 15),
(101, 15),
(102, 15),
(103, 15),
(81, 16),
(84, 16),
(101, 16),
(104, 17),
(105, 17),
(106, 18),
(107, 18),
(117, 19),
(118, 19),
(119, 19),
(120, 19),
(117, 20),
(118, 20),
(119, 20),
(120, 20),
(117, 21),
(118, 21),
(119, 21),
(120, 21),
(117, 25),
(118, 25),
(119, 25),
(120, 25),
(80, 27),
(81, 27),
(82, 27),
(83, 27),
(84, 27),
(134, 27),
(135, 27),
(80, 28),
(81, 28),
(82, 28),
(83, 28),
(84, 28),
(80, 32),
(81, 32),
(83, 32),
(84, 32),
(134, 32),
(135, 32),
(136, 32),
(81, 34),
(82, 34),
(134, 34),
(135, 34),
(136, 34),
(83, 35),
(84, 35),
(103, 35),
(106, 35),
(111, 35),
(112, 35),
(113, 35),
(116, 35),
(117, 35),
(119, 35),
(120, 35),
(124, 35),
(127, 35),
(128, 35),
(129, 35),
(130, 35),
(132, 35),
(133, 35),
(134, 35),
(135, 35),
(136, 35),
(137, 35),
(139, 35),
(131, 36),
(132, 36),
(133, 36),
(80, 37),
(81, 37),
(82, 37),
(83, 37),
(84, 37),
(134, 37),
(135, 37),
(136, 37),
(97, 38),
(99, 38),
(100, 38),
(101, 38),
(102, 38),
(103, 38),
(96, 39),
(97, 39),
(98, 39),
(101, 39),
(102, 39),
(103, 39),
(104, 40),
(105, 40),
(107, 52),
(108, 52),
(107, 53),
(108, 53),
(107, 54),
(107, 55),
(108, 55),
(106, 56),
(107, 56),
(108, 56),
(46, 59),
(47, 59),
(48, 59),
(49, 59),
(50, 59),
(51, 59),
(52, 59),
(53, 59),
(54, 59),
(55, 59),
(57, 59),
(58, 59),
(59, 59),
(60, 59),
(61, 59),
(62, 59),
(63, 59),
(64, 59),
(65, 59),
(66, 59),
(67, 59),
(68, 59),
(85, 59),
(86, 59),
(87, 59),
(88, 59),
(89, 59),
(92, 59),
(93, 59),
(94, 59),
(95, 59),
(115, 59),
(116, 59),
(121, 59),
(122, 59),
(124, 59),
(126, 59),
(137, 59),
(138, 59),
(11, 61),
(12, 61),
(124, 61),
(125, 61),
(126, 61),
(138, 63),
(51, 82),
(52, 82),
(53, 82),
(54, 82),
(55, 82),
(56, 82),
(57, 82),
(58, 82),
(139, 82),
(50, 83),
(51, 83),
(52, 83),
(53, 83),
(54, 83),
(55, 83),
(56, 83),
(57, 83),
(58, 83),
(139, 83),
(51, 84),
(52, 84),
(53, 84),
(54, 84),
(55, 84),
(56, 84),
(139, 84),
(51, 85),
(52, 85),
(53, 85),
(54, 85),
(55, 85),
(57, 85),
(58, 85),
(51, 86),
(52, 86),
(53, 86),
(54, 86),
(56, 86),
(57, 86),
(51, 87),
(52, 87),
(53, 87),
(54, 87),
(55, 87),
(57, 87),
(51, 88),
(52, 88),
(53, 88),
(54, 88),
(55, 88),
(57, 88),
(139, 88),
(139, 91),
(109, 98),
(110, 98),
(111, 98),
(112, 98),
(113, 98),
(114, 98),
(112, 99),
(113, 99),
(114, 99),
(109, 100),
(110, 100),
(111, 100),
(113, 100),
(114, 100),
(114, 103),
(110, 104),
(111, 104),
(112, 104),
(113, 104),
(114, 104),
(109, 105),
(111, 105),
(112, 105),
(113, 105),
(114, 105),
(109, 106),
(110, 106),
(109, 107),
(110, 107),
(113, 107),
(124, 112),
(125, 112),
(126, 112),
(93, 114),
(94, 114),
(95, 114),
(89, 115),
(91, 115),
(92, 115),
(93, 115),
(94, 115),
(95, 115),
(115, 115),
(116, 115),
(124, 116),
(125, 116),
(126, 116),
(86, 117),
(88, 117),
(91, 117),
(92, 117),
(121, 117),
(122, 117),
(123, 117),
(63, 120),
(64, 120),
(65, 120),
(66, 120),
(67, 120),
(68, 120),
(85, 120),
(86, 120),
(87, 120),
(88, 120),
(89, 120),
(137, 120),
(109, 126),
(110, 126),
(111, 126),
(127, 126),
(128, 126),
(129, 126),
(130, 126),
(131, 126),
(132, 126),
(133, 126),
(127, 127),
(128, 127),
(50, 130),
(53, 130),
(55, 130),
(56, 130),
(130, 131),
(131, 131),
(132, 131),
(133, 131),
(127, 133),
(128, 133),
(129, 133),
(59, 142),
(60, 142),
(61, 142),
(62, 142),
(91, 156),
(92, 156),
(94, 156),
(95, 156),
(115, 156),
(116, 156),
(137, 156),
(138, 156),
(1, 181),
(2, 181),
(3, 181),
(4, 181),
(5, 181),
(6, 181),
(7, 181),
(8, 181),
(9, 181),
(10, 181),
(11, 181),
(12, 181),
(14, 181),
(15, 181),
(16, 181),
(17, 181),
(18, 181),
(19, 181),
(20, 181),
(21, 181),
(22, 181),
(23, 181),
(24, 181),
(25, 181),
(26, 181),
(27, 181),
(28, 181),
(29, 181),
(30, 181),
(31, 181),
(33, 181),
(34, 181),
(35, 181),
(36, 181),
(37, 181),
(38, 181),
(40, 181),
(41, 181),
(42, 181),
(43, 181),
(44, 181),
(46, 181),
(47, 181),
(48, 181),
(49, 181),
(50, 181),
(51, 181),
(52, 181),
(53, 181),
(54, 181),
(55, 181),
(56, 181),
(57, 181),
(58, 181),
(59, 181),
(60, 181),
(61, 181),
(62, 181),
(63, 181),
(64, 181),
(65, 181),
(66, 181),
(67, 181),
(68, 181),
(85, 181),
(86, 181),
(87, 181),
(88, 181),
(89, 181),
(90, 181),
(91, 181),
(92, 181),
(93, 181),
(94, 181),
(95, 181),
(115, 181),
(116, 181),
(121, 181),
(122, 181),
(123, 181),
(124, 181),
(125, 181),
(126, 181),
(137, 181),
(138, 181),
(1, 182),
(3, 182),
(4, 182),
(5, 182),
(6, 182),
(7, 182),
(8, 182),
(9, 182),
(10, 182),
(11, 182),
(12, 182),
(24, 182),
(25, 182),
(26, 182),
(40, 182),
(41, 182),
(42, 182),
(43, 182),
(44, 182),
(138, 182),
(2, 183),
(14, 183),
(15, 183),
(16, 183),
(17, 183),
(18, 183),
(19, 183),
(22, 183),
(24, 183),
(27, 183),
(28, 183),
(29, 183),
(30, 183),
(31, 183),
(32, 183),
(33, 183),
(34, 183),
(35, 183),
(36, 183),
(37, 183),
(38, 183),
(46, 183),
(47, 183),
(48, 183),
(49, 183),
(2, 184),
(5, 184),
(15, 184),
(16, 184),
(18, 184),
(19, 184),
(21, 184),
(22, 184),
(23, 184),
(28, 184),
(46, 184),
(47, 184),
(48, 184),
(126, 184),
(132, 184),
(134, 184),
(137, 184),
(138, 184),
(95, 185),
(115, 186),
(125, 186),
(137, 186),
(2, 187),
(14, 188),
(20, 188),
(21, 188),
(23, 188),
(46, 188),
(47, 188),
(48, 188),
(49, 188),
(124, 188),
(125, 188),
(126, 188),
(137, 188),
(138, 188),
(15, 189),
(16, 189),
(22, 189),
(5, 190),
(17, 190),
(18, 190),
(19, 190),
(90, 191),
(91, 191),
(2, 192),
(14, 192),
(15, 192),
(16, 192),
(17, 192),
(18, 192),
(19, 192),
(22, 192),
(24, 192),
(27, 192),
(28, 192),
(29, 192),
(30, 192),
(31, 192),
(32, 192),
(33, 192),
(34, 192),
(35, 192),
(36, 192),
(37, 192),
(38, 192),
(46, 192),
(47, 192),
(48, 192),
(49, 192),
(2, 193),
(15, 193),
(16, 193),
(17, 193),
(18, 193),
(19, 193),
(22, 193),
(24, 193),
(27, 193),
(28, 193),
(29, 193),
(30, 193),
(31, 193),
(32, 193),
(33, 193),
(34, 193),
(35, 193),
(36, 193),
(37, 193),
(38, 193),
(46, 193),
(14, 194),
(47, 194),
(48, 194),
(49, 194),
(2, 195),
(14, 195),
(15, 195),
(16, 195),
(17, 195),
(18, 195),
(20, 195),
(21, 195),
(22, 195),
(23, 195),
(24, 195),
(27, 195),
(28, 195),
(29, 195),
(30, 195),
(31, 195),
(32, 195),
(33, 195),
(34, 195),
(35, 195),
(36, 195),
(37, 195),
(38, 195),
(46, 195),
(47, 195),
(48, 195),
(49, 195),
(2, 196),
(14, 196),
(15, 196),
(16, 196),
(17, 196),
(18, 196),
(19, 196),
(20, 196),
(21, 196),
(22, 196),
(23, 196),
(24, 196),
(27, 196),
(28, 196),
(29, 196),
(30, 196),
(31, 196),
(32, 196),
(33, 196),
(34, 196),
(35, 196),
(36, 196),
(37, 196),
(38, 196),
(46, 196),
(47, 196),
(48, 196),
(49, 196),
(2, 197),
(14, 197),
(15, 197),
(16, 197),
(17, 197),
(18, 197),
(19, 197),
(20, 197),
(21, 197),
(22, 197),
(23, 197),
(24, 197),
(27, 197),
(28, 197),
(30, 197),
(32, 197),
(33, 197),
(35, 197),
(48, 197),
(49, 197),
(93, 202),
(94, 202),
(95, 202),
(1, 204),
(7, 204),
(6, 205),
(8, 205),
(9, 205),
(10, 205),
(11, 205),
(12, 205),
(29, 205),
(40, 205),
(41, 205),
(42, 205),
(43, 205),
(44, 205),
(1, 206),
(3, 206),
(4, 206),
(5, 206),
(6, 206),
(7, 206),
(8, 206),
(9, 206),
(10, 206),
(11, 206),
(12, 206),
(24, 206),
(25, 206),
(26, 206),
(40, 206),
(41, 206),
(42, 206),
(43, 206),
(44, 206),
(6, 207),
(7, 207),
(8, 207),
(9, 207),
(10, 207),
(11, 207),
(12, 207),
(20, 207),
(21, 207),
(22, 207),
(23, 207),
(24, 207),
(25, 207),
(26, 207),
(40, 207),
(41, 207),
(42, 207),
(43, 207),
(44, 207),
(137, 208),
(90, 211),
(91, 211),
(92, 211),
(115, 211),
(116, 211),
(1, 212),
(3, 212),
(5, 212),
(6, 212),
(7, 212),
(8, 212),
(9, 212),
(10, 212),
(11, 212),
(12, 212),
(24, 212),
(25, 212),
(26, 212),
(40, 212),
(41, 212),
(42, 212),
(43, 212),
(44, 212),
(138, 212),
(129, 213);

-- --------------------------------------------------------

--
-- Table structure for table `product_options`
--

CREATE TABLE `product_options` (
  `product_id` int UNSIGNED NOT NULL,
  `option_id` int UNSIGNED NOT NULL
) ENGINE=InnoDB DEFAULT CHARSET=utf8mb4 COLLATE=utf8mb4_unicode_ci;

--
-- Dumping data for table `product_options`
--

INSERT INTO `product_options` (`product_id`, `option_id`) VALUES
(1, 2),
(1, 14),
(1, 15),
(1, 16),
(138, 17),
(138, 18),
(138, 19),
(137, 20),
(136, 21),
(136, 22),
(135, 24),
(135, 25),
(134, 26),
(134, 27),
(2, 29),
(2, 30),
(5, 31),
(5, 32),
(5, 33),
(7, 34),
(7, 35),
(7, 36),
(7, 37),
(8, 38),
(8, 39),
(8, 40),
(11, 41),
(11, 42),
(11, 43),
(12, 44),
(12, 45),
(12, 46),
(14, 47),
(14, 48),
(16, 49),
(16, 50),
(16, 51),
(17, 52),
(17, 53),
(19, 54),
(19, 55),
(19, 56),
(21, 57),
(23, 58),
(23, 59),
(24, 60),
(25, 61),
(25, 62),
(27, 63),
(27, 64),
(29, 65),
(30, 66),
(31, 67),
(32, 68),
(32, 69),
(32, 70),
(34, 71),
(34, 72),
(35, 73),
(37, 74),
(37, 75),
(40, 76),
(40, 77),
(42, 78),
(42, 79),
(44, 80),
(47, 81),
(49, 82),
(46, 83),
(50, 84),
(51, 85),
(53, 86),
(53, 87),
(55, 88),
(55, 89),
(56, 90),
(56, 91),
(58, 92),
(58, 93),
(60, 94),
(60, 95),
(63, 96),
(65, 97),
(66, 98),
(66, 99),
(68, 100),
(88, 101),
(88, 102),
(80, 103),
(80, 104),
(81, 105),
(83, 106),
(83, 107),
(91, 108),
(92, 109),
(94, 110),
(96, 111),
(96, 112),
(97, 113),
(99, 114),
(99, 115),
(100, 116),
(103, 117),
(103, 118),
(106, 119),
(107, 120),
(109, 121),
(111, 122),
(112, 123),
(115, 124),
(117, 125),
(119, 126),
(120, 127),
(121, 128),
(122, 129),
(124, 130),
(130, 131),
(131, 132);

-- --------------------------------------------------------

--
-- Table structure for table `product_tags`
--

CREATE TABLE `product_tags` (
  `product_id` int UNSIGNED NOT NULL,
  `tag_id` int UNSIGNED NOT NULL
) ENGINE=InnoDB DEFAULT CHARSET=utf8mb4 COLLATE=utf8mb4_unicode_ci;

--
-- Dumping data for table `product_tags`
--

INSERT INTO `product_tags` (`product_id`, `tag_id`) VALUES
(56, 3),
(80, 3),
(81, 3),
(82, 3),
(83, 3),
(84, 3),
(96, 3),
(97, 3),
(99, 3),
(100, 3),
(101, 3),
(102, 3),
(103, 3),
(104, 3),
(105, 3),
(106, 3),
(107, 3),
(108, 3),
(109, 3),
(110, 3),
(111, 3),
(114, 3),
(117, 3),
(118, 3),
(119, 3),
(120, 3),
(127, 3),
(128, 3),
(129, 3),
(134, 3),
(135, 3),
(136, 3),
(139, 3),
(1, 4),
(2, 4),
(5, 4),
(7, 4),
(8, 4),
(9, 4),
(10, 4),
(11, 4),
(12, 4),
(14, 4),
(15, 4),
(16, 4),
(17, 4),
(18, 4),
(19, 4),
(20, 4),
(21, 4),
(22, 4),
(23, 4),
(24, 4),
(25, 4),
(26, 4),
(27, 4),
(28, 4),
(29, 4),
(30, 4),
(31, 4),
(32, 4),
(33, 4),
(34, 4),
(35, 4),
(36, 4),
(37, 4),
(38, 4),
(40, 4),
(41, 4),
(42, 4),
(43, 4),
(44, 4),
(46, 4),
(47, 4),
(48, 4),
(49, 4),
(50, 4),
(51, 4),
(52, 4),
(53, 4),
(54, 4),
(55, 4),
(56, 4),
(57, 4),
(58, 4),
(59, 4),
(60, 4),
(61, 4),
(62, 4),
(63, 4),
(64, 4),
(65, 4),
(66, 4),
(67, 4),
(68, 4),
(85, 4),
(86, 4),
(87, 4),
(88, 4),
(89, 4),
(90, 4),
(91, 4),
(92, 4),
(93, 4),
(94, 4),
(95, 4),
(115, 4),
(116, 4),
(121, 4),
(122, 4),
(123, 4),
(124, 4),
(125, 4),
(126, 4),
(137, 4),
(138, 4),
(51, 5),
(53, 5),
(54, 5),
(55, 5),
(56, 5),
(57, 5),
(58, 5),
(139, 5),
(3, 6),
(5, 6),
(6, 6),
(7, 6),
(8, 6),
(9, 6),
(10, 6),
(11, 6),
(12, 6),
(14, 6),
(15, 6),
(16, 6),
(17, 6),
(18, 6),
(19, 6),
(20, 6),
(21, 6),
(22, 6),
(23, 6),
(24, 6),
(25, 6),
(26, 6),
(27, 6),
(28, 6),
(29, 6),
(30, 6),
(31, 6),
(32, 6),
(33, 6),
(34, 6),
(35, 6),
(41, 6),
(42, 6),
(43, 6),
(44, 6),
(47, 6),
(49, 6),
(50, 6),
(52, 6),
(54, 6),
(57, 6),
(58, 6),
(59, 6),
(60, 6),
(61, 6),
(62, 6),
(63, 6),
(64, 6),
(65, 6),
(66, 6),
(68, 6),
(85, 6),
(86, 6),
(87, 6),
(89, 6),
(90, 6),
(91, 6),
(94, 6),
(95, 6),
(115, 6),
(116, 6),
(121, 6),
(122, 6),
(123, 6),
(124, 6),
(125, 6),
(126, 6),
(137, 6),
(138, 6),
(2, 7),
(14, 7),
(15, 7),
(16, 7),
(17, 7),
(18, 7),
(19, 7),
(23, 7),
(27, 7),
(28, 7),
(29, 7),
(30, 7),
(31, 7),
(32, 7),
(33, 7),
(34, 7),
(35, 7),
(36, 7),
(37, 7),
(38, 7),
(46, 7),
(47, 7),
(48, 7),
(1, 8),
(2, 8),
(14, 8),
(15, 8),
(16, 8),
(20, 8),
(23, 8),
(103, 8),
(104, 8),
(108, 8),
(109, 8),
(110, 8),
(111, 8),
(112, 8),
(113, 8),
(114, 8),
(116, 8),
(120, 8),
(124, 8),
(125, 8),
(127, 8),
(129, 8),
(136, 8),
(137, 8),
(138, 8),
(121, 9),
(122, 9),
(137, 9),
(1, 10),
(5, 10),
(6, 10),
(12, 10),
(40, 10),
(41, 10),
(43, 10),
(44, 10),
(81, 11),
(82, 11),
(83, 11),
(84, 11),
(96, 11),
(97, 11),
(98, 11),
(99, 11),
(100, 11),
(103, 11),
(104, 11),
(105, 11),
(106, 11),
(108, 11),
(110, 11),
(111, 11),
(112, 11),
(117, 11),
(118, 11),
(119, 11),
(130, 11),
(131, 11),
(134, 11),
(135, 11),
(136, 11),
(139, 11),
(1, 12),
(2, 12),
(3, 12),
(5, 12),
(7, 12),
(20, 12),
(101, 12),
(102, 12),
(103, 12),
(104, 12),
(106, 12),
(107, 12),
(108, 12),
(109, 12),
(111, 12),
(112, 12),
(113, 12),
(114, 12),
(120, 12),
(122, 12),
(123, 12),
(128, 12),
(130, 12),
(131, 12),
(133, 12),
(134, 12),
(135, 12),
(136, 12),
(137, 12),
(138, 12),
(139, 12),
(22, 13),
(50, 13),
(51, 13),
(52, 13),
(53, 13),
(54, 13),
(55, 13),
(57, 13),
(58, 13),
(63, 14),
(64, 14),
(65, 14),
(67, 14),
(68, 14),
(85, 14),
(86, 14),
(87, 14),
(88, 14),
(89, 14),
(63, 15),
(64, 15),
(65, 15),
(66, 15),
(67, 15),
(68, 15),
(85, 15),
(86, 15),
(87, 15),
(88, 15),
(89, 15),
(80, 16),
(81, 16),
(84, 16),
(96, 16),
(97, 16),
(98, 16),
(99, 16),
(100, 16),
(101, 16),
(102, 16),
(103, 16),
(104, 16),
(134, 16),
(135, 16),
(96, 17),
(98, 17),
(99, 17),
(100, 17),
(80, 19),
(83, 19),
(84, 19),
(135, 19),
(136, 19),
(80, 20),
(81, 20),
(82, 20),
(83, 20),
(84, 20),
(134, 20),
(135, 20),
(136, 20),
(14, 21),
(15, 21),
(17, 21),
(18, 21),
(19, 21),
(28, 21),
(30, 21),
(33, 21),
(34, 21),
(36, 21),
(37, 21),
(38, 21),
(46, 21),
(47, 21),
(48, 21),
(49, 21),
(50, 21),
(51, 21),
(52, 21),
(53, 21),
(54, 21),
(55, 21),
(56, 21),
(57, 21),
(58, 21),
(59, 21),
(60, 21),
(61, 21),
(62, 21),
(90, 21),
(93, 21),
(94, 21),
(95, 21),
(113, 21),
(115, 21),
(116, 21),
(139, 21),
(61, 22),
(62, 22),
(84, 22),
(90, 22),
(93, 22),
(94, 22),
(95, 22),
(130, 24),
(131, 24),
(132, 24),
(133, 24),
(130, 25),
(131, 25),
(132, 25),
(133, 25),
(130, 26),
(131, 26),
(132, 26),
(133, 26),
(81, 27),
(106, 27),
(107, 27),
(108, 27),
(82, 28),
(96, 28),
(97, 28),
(98, 28),
(100, 28),
(101, 28),
(102, 28),
(103, 28),
(104, 28),
(117, 28),
(118, 28),
(119, 28),
(132, 28),
(134, 28),
(136, 28),
(81, 29),
(82, 29),
(103, 29),
(106, 29),
(108, 29),
(117, 29),
(118, 29),
(119, 29),
(130, 29),
(131, 29),
(132, 29),
(133, 29),
(80, 30),
(81, 30),
(106, 30),
(107, 30),
(108, 30),
(96, 31),
(97, 31),
(98, 31),
(99, 31),
(100, 31),
(101, 31),
(102, 31),
(103, 31),
(104, 31),
(105, 31),
(107, 31),
(108, 31),
(112, 31),
(117, 31),
(120, 31),
(128, 31),
(129, 31),
(132, 31),
(133, 31),
(134, 31),
(2, 32),
(14, 32),
(36, 32),
(37, 32),
(38, 32),
(46, 32),
(47, 32),
(48, 32),
(49, 32),
(50, 33),
(54, 33),
(90, 33),
(92, 33),
(115, 33),
(116, 33),
(119, 33),
(123, 33),
(3, 34),
(4, 34),
(21, 34),
(28, 34),
(29, 34),
(34, 34),
(50, 34),
(52, 34),
(53, 34),
(54, 34),
(55, 34),
(57, 34),
(58, 34),
(59, 34),
(60, 34),
(61, 34),
(62, 34),
(65, 34),
(94, 34),
(95, 34),
(115, 34),
(116, 34),
(121, 34),
(122, 34),
(123, 34),
(3, 35),
(4, 35),
(5, 35),
(6, 35),
(8, 35),
(9, 35),
(10, 35),
(11, 35),
(12, 35),
(18, 35),
(19, 35),
(20, 35),
(21, 35),
(22, 35),
(23, 35),
(24, 35),
(25, 35),
(26, 35),
(27, 35),
(31, 35),
(32, 35),
(33, 35),
(35, 35),
(36, 35),
(37, 35),
(38, 35),
(40, 35),
(41, 35),
(42, 35),
(43, 35),
(44, 35),
(46, 35),
(47, 35),
(48, 35),
(49, 35),
(86, 35),
(88, 35),
(125, 35),
(126, 35),
(1, 36),
(3, 36),
(4, 36),
(6, 36),
(7, 36),
(8, 36),
(9, 36),
(10, 36),
(11, 36),
(21, 36),
(24, 36),
(25, 36),
(26, 36),
(40, 36),
(41, 36),
(42, 36),
(43, 36),
(44, 36),
(4, 37),
(6, 37),
(7, 37),
(26, 37),
(124, 37),
(138, 37),
(129, 39),
(127, 40),
(66, 41),
(63, 42),
(64, 42),
(65, 42),
(66, 42),
(67, 42),
(68, 42),
(85, 42),
(86, 42),
(87, 42),
(88, 42),
(89, 42),
(137, 42);

-- --------------------------------------------------------

--
-- Table structure for table `product_translations`
--

CREATE TABLE `product_translations` (
  `id` int UNSIGNED NOT NULL,
  `product_id` int UNSIGNED NOT NULL,
  `locale` varchar(191) CHARACTER SET utf8mb4 COLLATE utf8mb4_unicode_ci NOT NULL,
  `name` varchar(191) CHARACTER SET utf8mb4 COLLATE utf8mb4_unicode_ci NOT NULL,
  `description` longtext CHARACTER SET utf8mb4 COLLATE utf8mb4_unicode_ci NOT NULL,
  `short_description` text CHARACTER SET utf8mb4 COLLATE utf8mb4_unicode_ci
) ENGINE=InnoDB DEFAULT CHARSET=utf8mb4 COLLATE=utf8mb4_unicode_ci;

--
-- Dumping data for table `product_translations`
--

INSERT INTO `product_translations` (`id`, `product_id`, `locale`, `name`, `description`, `short_description`) VALUES
(1, 1, 'en', 'Apple MacBook Pro 2019 Model (13-Inch, Intel Core i5, 1.4Ghz, 8GB, 128GB)', '<div id=\"dpx-product-description_feature_div\">\r\n<div id=\"descriptionAndDetails\" class=\"a-section a-spacing-extra-large\">\r\n<div id=\"productDescription_feature_div\" class=\"celwidget\" data-feature-name=\"productDescription\" data-cel-widget=\"productDescription_feature_div\">\r\n<div id=\"productDescription_feature_div\" class=\"a-row feature\" data-feature-name=\"productDescription\" data-template-name=\"productDescription\" data-cel-widget=\"productDescription_feature_div\">\r\n<div id=\"productDescription\" class=\"a-section a-spacing-small\">\r\n<h1 style=\"text-align: center;\">Apple MacBook Pro 2019</h1>\r\n<p><img style=\"display: block; margin-left: auto; margin-right: auto;\" src=\"/storage/media/N6nId5NOP7e9GODBWgtTRADWF0g54vNEneySdJzJ.jpeg\" alt=\"\" width=\"1500\" height=\"1747\" /></p>\r\n<p><img style=\"display: block; margin-left: auto; margin-right: auto;\" src=\"/storage/media/XbP2OOs5f6Ouz7SFojXIsDocK7voYCMZLoLoMvo4.jpeg\" alt=\"\" width=\"1500\" height=\"1748\" /></p>\r\n<p><img style=\"display: block; margin-left: auto; margin-right: auto;\" src=\"/storage/media/uJWTTFHG93018uuCqxjzFm6tXLE9PRxFi28nbZ6u.jpeg\" alt=\"\" width=\"1500\" height=\"1747\" /></p>\r\n<p><img style=\"display: block; margin-left: auto; margin-right: auto;\" src=\"/storage/media/HfxUy8r6ncbEJ9GZ6znsMxFlN61kvSvzboYEH5OS.jpeg\" alt=\"\" width=\"1500\" height=\"1747\" /></p>\r\n<p>&nbsp;</p>\r\n<p>&nbsp;</p>\r\n<h4>Product Details:</h4>\r\n<p>A touch of genius. The Apple 13.3\" MacBook Pro with Touch Bar is faster and more powerful than before, yet remarkably thinner and lighter. It has the brightest, most colorful Mac notebook display ever. And it introduces the Touch Bar - a Multi-Touch enabled strip of glass built into the keyboard for instant access to tools you want, right when you want them. The new MacBook Pro is built on groundbreaking ideas. And it\'s ready for yours.</p>\r\n<p><strong>Thunderbolt 3 Compatible</strong></p>\r\n<p>The Thunderbolt 3 is a revolutionary USB-C cable that can be used to transfer 4K video in seconds, connect your laptop to a TV screen or other device, or provide power and charge your laptop faster than ever before. The Apple MacBook Pro has four Thunderbolt 3 ports so you can take advantage of this lightening fast, high pixel connection.</p>\r\n<p><strong>Sleek and Stylish</strong></p>\r\n<p>The MacBook Pro has a thin body that is easily transported in a backpack or briefcase. The space gray finish is stylish and durable, and features like the ergonomic keyboard and large glass trackpad make it easy to use. The High Sierra operating system is intuitive and features a practical array of apps including iCloud.</p>\r\n<p><strong>Touch Bar with Touch ID</strong></p>\r\n<p>The Apple 256GB MacBook Pro includes a touch sensitive LED bar instead of the function keys at the top of the keyboard. This bar displays options that work best with the app you are currently using and don\'t require the memorization needed to keep track of the uses of each function key. Touch ID is integrated into this Apple laptop\'s power button and can be used to authorize purchases in Apple Pay. The Touch ID accurately scans your fingerprint so it can match it with the Secure Enclave in the laptop\'s Apple T2 co-processor chip. Make payments with ease and peace of mind knowing that Touch ID technology operates with the highest degree of precision.</p>\r\n<h4>&nbsp;</h4>\r\n<h4>Technical Details:</h4>\r\n<table id=\"productDetails_techSpec_section_1\" class=\"a-keyvalue prodDetTable\" role=\"presentation\">\r\n<tbody>\r\n<tr>\r\n<th class=\"a-color-secondary a-size-base prodDetSectionEntry\" style=\"text-align: left;\">Screen Size</th>\r\n<td class=\"a-size-base\" style=\"text-align: right;\">13.3 inches</td>\r\n</tr>\r\n<tr>\r\n<th class=\"a-color-secondary a-size-base prodDetSectionEntry\" style=\"text-align: left;\">Screen Resolution</th>\r\n<td class=\"a-size-base\" style=\"text-align: right;\">2560 x 1600</td>\r\n</tr>\r\n<tr>\r\n<th class=\"a-color-secondary a-size-base prodDetSectionEntry\" style=\"text-align: left;\">Processor</th>\r\n<td class=\"a-size-base\" style=\"text-align: right;\">3.1 GHz core_i5</td>\r\n</tr>\r\n<tr>\r\n<th class=\"a-color-secondary a-size-base prodDetSectionEntry\" style=\"text-align: left;\">RAM</th>\r\n<td class=\"a-size-base\" style=\"text-align: right;\">8 GB LPDDR3</td>\r\n</tr>\r\n<tr>\r\n<th class=\"a-color-secondary a-size-base prodDetSectionEntry\" style=\"text-align: left;\">Memory Speed</th>\r\n<td class=\"a-size-base\" style=\"text-align: right;\">2133 GHz</td>\r\n</tr>\r\n<tr>\r\n<th class=\"a-color-secondary a-size-base prodDetSectionEntry\" style=\"text-align: left;\">Hard Drive</th>\r\n<td class=\"a-size-base\" style=\"text-align: right;\">256 GB 256GB PCIe SSD</td>\r\n</tr>\r\n<tr>\r\n<th class=\"a-color-secondary a-size-base prodDetSectionEntry\" style=\"text-align: left;\">Graphics Coprocessor</th>\r\n<td class=\"a-size-base\" style=\"text-align: right;\">NVIDIA GeForce 320M</td>\r\n</tr>\r\n<tr>\r\n<th class=\"a-color-secondary a-size-base prodDetSectionEntry\" style=\"text-align: left;\">Chipset Brand</th>\r\n<td class=\"a-size-base\" style=\"text-align: right;\">Intel</td>\r\n</tr>\r\n<tr>\r\n<th class=\"a-color-secondary a-size-base prodDetSectionEntry\" style=\"text-align: left;\">Wireless Type</th>\r\n<td class=\"a-size-base\" style=\"text-align: right;\">802.11b</td>\r\n</tr>\r\n</tbody>\r\n</table>\r\n<br />\r\n<p>&nbsp;</p>\r\n</div>\r\n</div>\r\n</div>\r\n</div>\r\n</div>\r\n<div id=\"dpx-btf-renewed-program-description_feature_div\">\r\n<div id=\"renewedProgramDescriptionBtf_feature_div\" class=\"celwidget\" data-feature-name=\"renewedProgramDescriptionBtf\" data-cel-widget=\"renewedProgramDescriptionBtf_feature_div\"></div>\r\n</div>', 'Ninth-generation 6-Core Intel Core i7 Processor\r\nStunning 16-inch Retina Display with True Tone technology\r\nTouch Bar and Touch ID\r\nAmd Radeon Pro 5300M Graphics with GDDR6 memory'),
(2, 2, 'en', 'Oneplus 7 Pro GM1910 256GB, 8GB, Dual Sim, 6.67 inch, 48MP Main Lens Triple Camera', '<p>Oneplus 7 Pro GM1910 (China Model), DispIay Size: 6.67\", QHD+ AMOLED | ResoIution: 1440 x 3120 pixeIs | Type: AMOLED | Cover Glass: 3D Corning Gorilla, Triple Rear Camera: 48MP Main + 16MP Ultra Wide Angle + 8MP Telephoto . Memory: 256GB+8GB, Dual LED Flash, Video: 4K resolution at 30/60 fps | 1080p resolution at 30/60 fps | Super Slow Motion: 1080p videos at 240 fps | 720p video at 480 fps, Time-Lapse, Video Editor. Pop-up front camera: 16MP.<br />UnIocked ceII phones are compatible with GSM carrier such as AT&amp;T and T-Mobile, but are not compatible with CDMA carriers such as Verizon and Sprint.<br />PIease check if your GSM ceIIular carrier supports the bands for this model before purchasing, LTE may not be available in all areas: FDD LTE: Band B1/2/3/4/5/7/8/12/13/17/18/19/20/25/26/28/29/30/66/71, TDD-LTE: Band B34/38/39/41/46/48, UMTS(WCDMA): Band B1/2/4/5/8/9/19, CDMA: BC0/BC1, GSM: 850/900/1800/1900 MHz.<br />This device may not incIude a US warranty as some manufacturers do not honor warranties for internationaI items. PIease contact the seller for specific warranty information.<br />The box contains: Your new device, USB cabIe, Charger, CIear Case, Documentation.</p>', 'Oneplus 7 Pro GM1910 (China Model), DispIay Size: 6.67\", QHD+ AMOLED | ResoIution: 1440 x 3120 pixeIs | Type: AMOLED | Cover Glass: 3D Corning Gorilla, Triple Rear Camera: 48MP Main + 16MP Ultra Wide Angle + 8MP Telephoto . Memory: 256GB+8GB, Dual LED Flash'),
(3, 3, 'en', 'HP Spectre x360 2-in-1 15.6\" 4K Ultra HD Touch-Screen Laptop, Intel i7 8th Gen', '<p><span class=\"a-list-item\">LATEST 8TH GENERATION CPU: Intel Core i7-8500</span></p>\r\n<p>&nbsp;</p>\r\n<p><span class=\"a-list-item\">UNMATCHED PERFORMANCE:16 GB DDR4-2133 SDRAM (2 x 8 GB) of system memory for intense multitasking and gaming, smoothly run your graphics-heavy PC games and video-editing</span></p>\r\n<p>&nbsp;</p>\r\n<p><span class=\"a-list-item\">SUPERIOR SPEED and Advanced Wireless connectivity: Fast Data Access with 512GB solid state drive PCIe NVMe 4x3 Lane, a flash-based SSD with no moving parts, resulting in faster start-up times data access. Advanced Wireless Connectivity: Intel 802.11ac (2x2) Wi-Fi and Bluetooth 4.2 Combo</span></p>\r\n<p>&nbsp;</p>\r\n<p><strong><span style=\"text-decoration: underline;\"><span class=\"a-list-item\">Specification:</span></span></strong></p>\r\n<table id=\"productDetails_techSpec_section_1\" class=\"a-keyvalue prodDetTable\" role=\"presentation\">\r\n<tbody>\r\n<tr>\r\n<th class=\"a-color-secondary a-size-base prodDetSectionEntry\" style=\"text-align: left;\">Screen Size</th>\r\n<td class=\"a-size-base\" style=\"text-align: right;\">15.6 inches</td>\r\n</tr>\r\n<tr>\r\n<th class=\"a-color-secondary a-size-base prodDetSectionEntry\" style=\"text-align: left;\">Screen Resolution</th>\r\n<td class=\"a-size-base\" style=\"text-align: right;\">3840 x 2160</td>\r\n</tr>\r\n<tr>\r\n<th class=\"a-color-secondary a-size-base prodDetSectionEntry\" style=\"text-align: left;\">Max Screen Resolution</th>\r\n<td class=\"a-size-base\" style=\"text-align: right;\">3840 x 2160</td>\r\n</tr>\r\n<tr>\r\n<th class=\"a-color-secondary a-size-base prodDetSectionEntry\" style=\"text-align: left;\">Processor</th>\r\n<td class=\"a-size-base\" style=\"text-align: right;\">1.8 GHz Intel Core i7</td>\r\n</tr>\r\n<tr>\r\n<th class=\"a-color-secondary a-size-base prodDetSectionEntry\" style=\"text-align: left;\">RAM</th>\r\n<td class=\"a-size-base\" style=\"text-align: right;\">16 GB DDR</td>\r\n</tr>\r\n<tr>\r\n<th class=\"a-color-secondary a-size-base prodDetSectionEntry\" style=\"text-align: left;\">Memory Speed</th>\r\n<td class=\"a-size-base\" style=\"text-align: right;\">2400 MHz</td>\r\n</tr>\r\n<tr>\r\n<th class=\"a-color-secondary a-size-base prodDetSectionEntry\" style=\"text-align: left;\">Hard Drive</th>\r\n<td class=\"a-size-base\" style=\"text-align: right;\">512 GB SSD</td>\r\n</tr>\r\n<tr>\r\n<th class=\"a-color-secondary a-size-base prodDetSectionEntry\" style=\"text-align: left;\">Graphics Coprocessor</th>\r\n<td class=\"a-size-base\" style=\"text-align: right;\">NVIDIA GeForce MX150</td>\r\n</tr>\r\n<tr>\r\n<th class=\"a-color-secondary a-size-base prodDetSectionEntry\" style=\"text-align: left;\">Chipset Brand</th>\r\n<td class=\"a-size-base\" style=\"text-align: right;\">NVIDIA</td>\r\n</tr>\r\n<tr>\r\n<th class=\"a-color-secondary a-size-base prodDetSectionEntry\" style=\"text-align: left;\">Card Description</th>\r\n<td class=\"a-size-base\" style=\"text-align: right;\">Dedicated</td>\r\n</tr>\r\n<tr>\r\n<th class=\"a-color-secondary a-size-base prodDetSectionEntry\" style=\"text-align: left;\">Graphics Card Ram Size</th>\r\n<td class=\"a-size-base\" style=\"text-align: right;\">2 GB</td>\r\n</tr>\r\n<tr>\r\n<th class=\"a-color-secondary a-size-base prodDetSectionEntry\" style=\"text-align: left;\">Wireless Type</th>\r\n<td class=\"a-size-base\" style=\"text-align: right;\">802.11ac</td>\r\n</tr>\r\n<tr>\r\n<th class=\"a-color-secondary a-size-base prodDetSectionEntry\" style=\"text-align: left;\">Average Battery Life (in hours)</th>\r\n<td class=\"a-size-base\" style=\"text-align: right;\">13 hours</td>\r\n</tr>\r\n</tbody>\r\n</table>', 'LATEST 8TH GENERATION CPU: Intel Core i7-8500\r\nUNMATCHED PERFORMANCE:16 GB DDR4-2133 SDRAM (2 x 8 GB) of system memory for intense multitasking and gaming, smoothly run your graphics-heavy PC games and video-editing'),
(4, 4, 'en', 'Dell XPS 13 9380, 13.3\" 4K UHD (3840X2160) Multi-Touch IPS Display, Intel Core i7-8565U', '<p><span class=\"a-list-item\">World\'s smallest 13-inch laptop; The smaller, thinner, lighter 4K Ultra HD XPS 13 is ready for take-off and also Star performances with the new 8th Gen Intel Core processors, more Cores mean increased performance.</span></p>\r\n<p>&nbsp;</p>\r\n<p><span class=\"a-list-item\">World\'s most innovative HD Webcam; we\'ve miniaturised the HD Webcam to fit it into the top inginityedge border making the 13-inch laptop more gorgeous than ever.</span></p>\r\n<p>&nbsp;</p>\r\n<p><span class=\"a-list-item\">Next-gen Dell Cinema; colors burst, sound rumbles, streaming is Seamless and Dell has combined specialized hardware and software to make every scene more stunning.</span></p>\r\n<p>&nbsp;</p>\r\n<p><span class=\"a-list-item\">Recycle-friendly: 90% of the laptop\'s Parts can be easily recycled or reused, and the white bamboo Packaging trays are 100% recyclable.</span></p>\r\n<p>&nbsp;</p>\r\n<p><span class=\"a-list-item\">The XPS 13 is cut from a single block of aluminum, so it\'s more durable than a machine that\'s pieced together. Inspired by the aerospace industry, The carbon fiber and woven glass fiber of the palm rest allow for maximum strength and minimal weight. Corning Gorilla Glass 4 is tough, damage resistant, durable and elegant and better able to withstand damage from drops.</span></p>\r\n<p>&nbsp;</p>\r\n<p><strong><span style=\"text-decoration: underline;\"><span class=\"a-list-item\">Specifications:</span></span></strong></p>\r\n<table id=\"productDetails_techSpec_section_1\" class=\"a-keyvalue prodDetTable\" style=\"border-collapse: collapse; float: left; height: 210px; width: 378px;\" role=\"presentation\">\r\n<tbody>\r\n<tr style=\"height: 21px;\">\r\n<th class=\"a-color-secondary a-size-base prodDetSectionEntry\" style=\"height: 21px; width: 156.219px; text-align: left;\">Screen Size</th>\r\n<td class=\"a-size-base\" style=\"height: 21px; width: 193.219px; text-align: right;\">13.3 inches</td>\r\n</tr>\r\n<tr style=\"height: 21px;\">\r\n<th class=\"a-color-secondary a-size-base prodDetSectionEntry\" style=\"height: 21px; width: 156.219px; text-align: left;\">Max Screen Resolution</th>\r\n<td class=\"a-size-base\" style=\"height: 21px; width: 193.219px; text-align: right;\">3840X2160 pixels</td>\r\n</tr>\r\n<tr style=\"height: 21px;\">\r\n<th class=\"a-color-secondary a-size-base prodDetSectionEntry\" style=\"height: 21px; width: 156.219px; text-align: left;\">Processor</th>\r\n<td class=\"a-size-base\" style=\"height: 21px; width: 193.219px; text-align: right;\">1.8 GHz Core i7 8550U</td>\r\n</tr>\r\n<tr style=\"height: 21px;\">\r\n<th class=\"a-color-secondary a-size-base prodDetSectionEntry\" style=\"height: 21px; width: 156.219px; text-align: left;\">RAM</th>\r\n<td class=\"a-size-base\" style=\"height: 21px; width: 193.219px; text-align: right;\">16 GB LPDDR3</td>\r\n</tr>\r\n<tr style=\"height: 21px;\">\r\n<th class=\"a-color-secondary a-size-base prodDetSectionEntry\" style=\"height: 21px; width: 156.219px; text-align: left;\">Memory Speed</th>\r\n<td class=\"a-size-base\" style=\"height: 21px; width: 193.219px; text-align: right;\">4.6 GHz</td>\r\n</tr>\r\n<tr style=\"height: 21px;\">\r\n<th class=\"a-color-secondary a-size-base prodDetSectionEntry\" style=\"height: 21px; width: 156.219px; text-align: left;\">Hard Drive</th>\r\n<td class=\"a-size-base\" style=\"height: 21px; width: 193.219px; text-align: right;\">512 GB SSD</td>\r\n</tr>\r\n<tr style=\"height: 21px;\">\r\n<th class=\"a-color-secondary a-size-base prodDetSectionEntry\" style=\"height: 21px; width: 156.219px; text-align: left;\">Graphics Coprocessor</th>\r\n<td class=\"a-size-base\" style=\"height: 21px; width: 193.219px; text-align: right;\">Intel UHD Graphics</td>\r\n</tr>\r\n<tr style=\"height: 21px;\">\r\n<th class=\"a-color-secondary a-size-base prodDetSectionEntry\" style=\"height: 21px; width: 156.219px; text-align: left;\">Chipset Brand</th>\r\n<td class=\"a-size-base\" style=\"height: 21px; width: 193.219px; text-align: right;\">intel</td>\r\n</tr>\r\n<tr style=\"height: 21px;\">\r\n<th class=\"a-color-secondary a-size-base prodDetSectionEntry\" style=\"height: 21px; width: 156.219px; text-align: left;\">Card Description</th>\r\n<td class=\"a-size-base\" style=\"height: 21px; width: 193.219px; text-align: right;\">Integrated</td>\r\n</tr>\r\n<tr style=\"height: 21px;\">\r\n<th class=\"a-color-secondary a-size-base prodDetSectionEntry\" style=\"height: 21px; width: 156.219px; text-align: left;\">Wireless Type</th>\r\n<td class=\"a-size-base\" style=\"height: 21px; width: 193.219px; padding-left: 120px; text-align: right;\">802.11ac</td>\r\n</tr>\r\n</tbody>\r\n</table>', 'World\'s smallest 13-inch laptop; The smaller, thinner, lighter 4K Ultra HD XPS 13 is ready for take-off and also Star performances with the new 8th Gen Intel Core processors, more Cores mean increased performance.'),
(5, 5, 'en', 'Huawei Kepler MateBook D 14\" - AMD R5 - 8GB+256GB, Mystic Silver', '<p><span class=\"a-list-item\">Premium &amp; Stylish: Metallic unibody in Mystic Silver, only 0.62-inch thin and 3.5 pounds</span></p>\r\n<p>&nbsp;</p>\r\n<p><span class=\"a-list-item\">Maximized productivity: Full-size chiclet backlit keyboard, largest possible clickpad for a 14-inch notebook, USB-C, USB-A, HDMI ports, and 57.4 Whr large capacity battery packed in slim body</span></p>\r\n<p>&nbsp;</p>\r\n<p><span class=\"a-list-item\">Fast &amp; Powerful: Windows 10 Signature Edition comes clean with no bloatware to slow you down and powered by an AMD R5 processor</span></p>\r\n<p>&nbsp;</p>\r\n<p><span class=\"a-list-item\">Touch Screen: Ultra-slim bezel at only 5.2mm, 1920x1080 Full High Definition (FHD), 16:9 wide IPS LCD display</span></p>\r\n<p>&nbsp;</p>\r\n<p><span class=\"a-list-item\">Home Theatre Sound: Dolby ATMOS Sound System quad-speaker and split frequency setup with sounds that flow above and around you for an immersive experience</span></p>\r\n<p>&nbsp;</p>\r\n<p><span style=\"text-decoration: underline;\"><strong><span class=\"a-list-item\">Specifications:</span></strong></span></p>\r\n<p>&nbsp;</p>\r\n<table id=\"productDetails_techSpec_section_1\" class=\"a-keyvalue prodDetTable\" role=\"presentation\">\r\n<tbody>\r\n<tr>\r\n<th class=\"a-color-secondary a-size-base prodDetSectionEntry\" style=\"text-align: left;\">Screen Size</th>\r\n<td class=\"a-size-base\" style=\"text-align: right;\">14 inches</td>\r\n</tr>\r\n<tr>\r\n<th class=\"a-color-secondary a-size-base prodDetSectionEntry\" style=\"text-align: left;\">Max Screen Resolution</th>\r\n<td class=\"a-size-base\" style=\"text-align: right;\">1920 X 1080 pixels</td>\r\n</tr>\r\n<tr>\r\n<th class=\"a-color-secondary a-size-base prodDetSectionEntry\" style=\"text-align: left;\">Processor</th>\r\n<td class=\"a-size-base\" style=\"text-align: right;\">2 GHz 8032</td>\r\n</tr>\r\n<tr>\r\n<th class=\"a-color-secondary a-size-base prodDetSectionEntry\" style=\"text-align: left;\">RAM</th>\r\n<td class=\"a-size-base\" style=\"text-align: right;\">8 GB DDR4</td>\r\n</tr>\r\n<tr>\r\n<th class=\"a-color-secondary a-size-base prodDetSectionEntry\" style=\"text-align: left;\">Hard Drive</th>\r\n<td class=\"a-size-base\" style=\"text-align: right;\">256 GB Flash Memory Solid State</td>\r\n</tr>\r\n<tr>\r\n<th class=\"a-color-secondary a-size-base prodDetSectionEntry\" style=\"text-align: left;\">Graphics Coprocessor</th>\r\n<td class=\"a-size-base\" style=\"text-align: right;\">AMD Radeon Vega 8</td>\r\n</tr>\r\n<tr>\r\n<th class=\"a-color-secondary a-size-base prodDetSectionEntry\" style=\"text-align: left;\">Chipset Brand</th>\r\n<td class=\"a-size-base\" style=\"text-align: right;\">amd</td>\r\n</tr>\r\n<tr>\r\n<th class=\"a-color-secondary a-size-base prodDetSectionEntry\" style=\"text-align: left;\">Card Description</th>\r\n<td class=\"a-size-base\" style=\"text-align: right;\">Dedicated</td>\r\n</tr>\r\n<tr>\r\n<th class=\"a-color-secondary a-size-base prodDetSectionEntry\" style=\"text-align: left;\">Graphics Card Ram Size</th>\r\n<td class=\"a-size-base\" style=\"text-align: right;\">2 GB</td>\r\n</tr>\r\n<tr>\r\n<th class=\"a-color-secondary a-size-base prodDetSectionEntry\" style=\"text-align: left;\">Wireless Type</th>\r\n<td class=\"a-size-base\" style=\"text-align: right;\">802.11abg</td>\r\n</tr>\r\n<tr>\r\n<th class=\"a-color-secondary a-size-base prodDetSectionEntry\" style=\"text-align: left;\">Number of USB 2.0 Ports</th>\r\n<td class=\"a-size-base\" style=\"text-align: right;\">1</td>\r\n</tr>\r\n<tr>\r\n<th class=\"a-color-secondary a-size-base prodDetSectionEntry\" style=\"text-align: left;\">Number of USB 3.0 Ports</th>\r\n<td class=\"a-size-base\" style=\"text-align: right;\">1</td>\r\n</tr>\r\n</tbody>\r\n</table>\r\n<p>&nbsp;</p>', 'Premium & Stylish: Metallic uni-body in Mystic Silver, only 0.62-inch thin and 3.5 pounds. Windows 10 Signature Edition comes clean with no bloatware to slow you down and powered by an AMD R5 processor.'),
(6, 6, 'en', 'Acer Swift 3 SF315-41G-R6MP Laptop, 15.6\" Full HD IPS Display, AMD Ryzen 7 2700U', '<p>Acer Swift 3 SF315-41G-R6MP comes with these high level specs: AMD Ryzen 7 2700U Quad-Core Processor 2.2GHz with Precision Boost up to 3.8GHz (Up to 4MB L3 Cache), Windows 10 Home, 15.6\" Full HD Widescreen IPS LED-backlit Display with Corning Gorilla Glass, 1920 x 1080 resolution, 16:9 aspect ratio, AMD Radeon RX 540 with 2 GB of dedicated GDDR5 VRAM, 8GB DDR4 Onboard Memory, 256GB SSD, Secure Digital (SD) card reader, Acer True Harmony, Two Built-in Stereo Speakers, 802.11ac Wi-Fi featuring 2x2 MU-MIMO technology (Dual-Band 2.4GHz and 5GHz), Bluetooth 4.1, HD Webcam (1280 x 720) supporting Super High Dynamic Range (SHDR), 1 - USB 3.1 (Type-C) port (Gen 1 up to 5 Gbps), 2 - USB 3.0 ports (one with power-off charging), 1 - USB 2.0 port, 1 - HDMI Port with HDCP support, 4-cell Li-Ion Battery (3220 mAh), Up to 9-hours Battery Life, 4.63 lbs. | 2.1 kg (system unit only) (NH.GV8AA.001).</p>\r\n<p>&nbsp;</p>\r\n<p>&nbsp;</p>\r\n<p><span style=\"text-decoration: underline;\"><strong><span class=\"a-list-item\">Specifications:</span></strong></span></p>\r\n<table id=\"productDetails_techSpec_section_1\" class=\"a-keyvalue prodDetTable\" role=\"presentation\">\r\n<tbody>\r\n<tr>\r\n<th class=\"a-color-secondary a-size-base prodDetSectionEntry\" style=\"text-align: left;\">Screen Size</th>\r\n<td class=\"a-size-base\" style=\"text-align: right;\">15.6 inches</td>\r\n</tr>\r\n<tr>\r\n<th class=\"a-color-secondary a-size-base prodDetSectionEntry\" style=\"text-align: left;\">Max Screen Resolution</th>\r\n<td class=\"a-size-base\" style=\"text-align: right;\">1920 x 1080 pixels</td>\r\n</tr>\r\n<tr>\r\n<th class=\"a-color-secondary a-size-base prodDetSectionEntry\" style=\"text-align: left;\">Processor</th>\r\n<td class=\"a-size-base\" style=\"text-align: right;\">3.8 GHz AMD Ryzen 7</td>\r\n</tr>\r\n<tr>\r\n<th class=\"a-color-secondary a-size-base prodDetSectionEntry\" style=\"text-align: left;\">RAM</th>\r\n<td class=\"a-size-base\" style=\"text-align: right;\">8 GB DDR4</td>\r\n</tr>\r\n<tr>\r\n<th class=\"a-color-secondary a-size-base prodDetSectionEntry\" style=\"text-align: left;\">Memory Speed</th>\r\n<td class=\"a-size-base\" style=\"text-align: right;\">3.8 GHz</td>\r\n</tr>\r\n<tr>\r\n<th class=\"a-color-secondary a-size-base prodDetSectionEntry\" style=\"text-align: left;\">Hard Drive</th>\r\n<td class=\"a-size-base\" style=\"text-align: right;\">256 GB Flash Memory Solid State</td>\r\n</tr>\r\n<tr>\r\n<th class=\"a-color-secondary a-size-base prodDetSectionEntry\" style=\"text-align: left;\">Graphics Coprocessor</th>\r\n<td class=\"a-size-base\" style=\"text-align: right;\">AMD Radeon RX 540</td>\r\n</tr>\r\n<tr>\r\n<th class=\"a-color-secondary a-size-base prodDetSectionEntry\" style=\"text-align: left;\">Chipset Brand</th>\r\n<td class=\"a-size-base\" style=\"text-align: right;\">AMD</td>\r\n</tr>\r\n<tr>\r\n<th class=\"a-color-secondary a-size-base prodDetSectionEntry\" style=\"text-align: left;\">Card Description</th>\r\n<td class=\"a-size-base\" style=\"text-align: right;\">Dedicated</td>\r\n</tr>\r\n<tr>\r\n<th class=\"a-color-secondary a-size-base prodDetSectionEntry\" style=\"text-align: left;\">Graphics Card Ram Size</th>\r\n<td class=\"a-size-base\" style=\"text-align: right;\">2 GB</td>\r\n</tr>\r\n<tr>\r\n<th class=\"a-color-secondary a-size-base prodDetSectionEntry\" style=\"text-align: left;\">Wireless Type</th>\r\n<td class=\"a-size-base\" style=\"text-align: right;\">802.11ac</td>\r\n</tr>\r\n<tr>\r\n<th class=\"a-color-secondary a-size-base prodDetSectionEntry\" style=\"text-align: left;\">Number of USB 2.0 Ports</th>\r\n<td class=\"a-size-base\" style=\"text-align: right;\">1</td>\r\n</tr>\r\n<tr>\r\n<th class=\"a-color-secondary a-size-base prodDetSectionEntry\" style=\"text-align: left;\">Number of USB 3.0 Ports</th>\r\n<td class=\"a-size-base\" style=\"text-align: right;\">3</td>\r\n</tr>\r\n</tbody>\r\n</table>\r\n<p>&nbsp;</p>', 'AMD Ryzen 7 2700U Quad-Core Processor (Up to 3.8GHz). AMD Radeon RX 540 with 2 GB of dedicated GDDR5 VRAM. 15.6\" Full HD (1920 x 1080) IPS Widescreen LED-backlit Display with Corning Gorilla Glass'),
(7, 7, 'en', 'Apple MacBook Air (13-inch, 8GB RAM, 256GB Storage, 1.6GHz Intel Core i5) - Gold', '<p>For the first time, you can now use the Apple MacBook Air (2019) in any environment. Thanks to True Tone, the screen automatically adapts to the amount of light in the room. Your eyes will thank you for that. Thanks to Touch ID, you won\'t need to enter a password, because you can unlock the MacBook Air with a single touch. Thanks to its convenient 13-inch size, you can easily put it in your bag and carry it from the lecture hall to the canteen. Use the 128GB SSD to store all your reports. And after that, you\'ll still have enough space for your holiday pictures.</p>\r\n<p>&nbsp;</p>\r\n<p><span style=\"text-decoration: underline;\"><strong>Specifications:</strong></span></p>\r\n<p>&nbsp;</p>\r\n<table class=\"a-bordered\" style=\"height: 516px;\">\r\n<tbody>\r\n<tr style=\"height: 97px;\">\r\n<td style=\"text-align: left; height: 97px; width: 79.2188px;\">\r\n<p><strong>Display</strong></p>\r\n</td>\r\n<td style=\"height: 97px; width: 447.219px;\">\r\n<p>13.3-inch (diagonal) LED-backlit display with IPS technology; 2560-by-1600 native resolution at 227 pixels per inch with support for millions of colors; True Tone technology</p>\r\n</td>\r\n</tr>\r\n<tr style=\"height: 75px;\">\r\n<td style=\"text-align: left; height: 75px; width: 79.2188px;\">\r\n<p><strong>Processor</strong></p>\r\n</td>\r\n<td style=\"height: 75px; width: 447.219px;\">\r\n<p>1.6GHz dual-core Intel Core i5, Turbo Boost up to 3.6GHz, with 4MB L3 cache</p>\r\n</td>\r\n</tr>\r\n<tr style=\"height: 97px;\">\r\n<td style=\"text-align: left; height: 97px; width: 79.2188px;\">\r\n<p><strong>Graphics and Video Support</strong></p>\r\n</td>\r\n<td style=\"height: 97px; width: 447.219px;\">\r\n<p>Intel UHD Graphics 617, support for Thunderbolt 3&ndash;enabled external graphics processors (eGPUs)</p>\r\n</td>\r\n</tr>\r\n<tr style=\"height: 97px;\">\r\n<td style=\"text-align: left; height: 97px; width: 79.2188px;\">\r\n<p><strong>Charging and Expansion</strong></p>\r\n</td>\r\n<td style=\"height: 97px; width: 447.219px;\">\r\n<p>Two Thunderbolt 3 (USB-C) ports with support for:, Charging, DisplayPort, Thunderbolt (up to 40 Gbps), USB-C 3.1 Gen 2 (up to 10 Gbps)</p>\r\n</td>\r\n</tr>\r\n<tr style=\"height: 75px;\">\r\n<td style=\"text-align: left; height: 75px; width: 79.2188px;\">\r\n<p><strong>Wireless</strong></p>\r\n</td>\r\n<td style=\"height: 75px; width: 447.219px;\">\r\n<p>802.11ac Wi-Fi wireless networking; IEEE 802.11a/b/g/n compatible. Bluetooth 4.2 wireless technology</p>\r\n</td>\r\n</tr>\r\n<tr style=\"height: 75px;\">\r\n<td style=\"text-align: left; height: 75px; width: 79.2188px;\">\r\n<p><strong>In the Box</strong></p>\r\n</td>\r\n<td style=\"height: 75px; width: 447.219px;\">\r\n<p>13-inch MacBook Air, 30W USB-C Power Adapter, USB-C Charge Cable (2 m)</p>\r\n</td>\r\n</tr>\r\n</tbody>\r\n</table>', 'Stunning 13.3-Inch Retina Display with True Tone withTouch ID. Dual-core 8th-Generation Intel Core i5 Processor with Intel UHD Graphics 617. Fast SSD Storage and 8GB memory.'),
(8, 8, 'en', 'ASUS ROG Zephyrus S GX502GV Gaming Laptop Intel i7-9750H, 32GB RAM', '<p>Armed with the power and versatility to slice through both AAA games and professional work, the ROG Zephyrus S GX502 redefines the bounds of Windows 10 ultra-slim gaming. Its innovative cooling design unleashes the true potential of the latest 9th Gen Intel Core i7 CPU and NVIDIA GeForce RTX 2060 GPU, allowing them to take full advantage of the ultra-responsive 144Hz/3ms PANTONE Validated display. Its adaptability shines with G-SYNC and Optimus modes, giving you the freedom to shift between exceptionally smooth gameplay and better battery life on the go.</p>\r\n<p>&nbsp;</p>\r\n<p><strong><span class=\"a-list-item\">Specifications:</span></strong></p>\r\n<table id=\"productDetails_techSpec_section_1\" class=\"a-keyvalue prodDetTable\" role=\"presentation\">\r\n<tbody>\r\n<tr>\r\n<th class=\"a-color-secondary a-size-base prodDetSectionEntry\" style=\"text-align: left;\">Screen Size</th>\r\n<td class=\"a-size-base\" style=\"text-align: right;\">15.6 inches</td>\r\n</tr>\r\n<tr>\r\n<th class=\"a-color-secondary a-size-base prodDetSectionEntry\" style=\"text-align: left;\">Screen Resolution</th>\r\n<td class=\"a-size-base\" style=\"text-align: right;\">1920 x 1080</td>\r\n</tr>\r\n<tr>\r\n<th class=\"a-color-secondary a-size-base prodDetSectionEntry\" style=\"text-align: left;\">Max Screen Resolution</th>\r\n<td class=\"a-size-base\" style=\"text-align: right;\">1920 x 1080</td>\r\n</tr>\r\n<tr>\r\n<th class=\"a-color-secondary a-size-base prodDetSectionEntry\" style=\"text-align: left;\">Processor</th>\r\n<td class=\"a-size-base\" style=\"text-align: right;\">2.6 GHz Intel Core i7</td>\r\n</tr>\r\n<tr>\r\n<th class=\"a-color-secondary a-size-base prodDetSectionEntry\" style=\"text-align: left;\">RAM</th>\r\n<td class=\"a-size-base\" style=\"text-align: right;\">32 GB DDR4</td>\r\n</tr>\r\n<tr>\r\n<th class=\"a-color-secondary a-size-base prodDetSectionEntry\" style=\"text-align: left;\">Memory Speed</th>\r\n<td class=\"a-size-base\" style=\"text-align: right;\">2666 MHz</td>\r\n</tr>\r\n<tr>\r\n<th class=\"a-color-secondary a-size-base prodDetSectionEntry\" style=\"text-align: left;\">Hard Drive</th>\r\n<td class=\"a-size-base\" style=\"text-align: right;\">1000 GB flash_memory_solid_state</td>\r\n</tr>\r\n<tr>\r\n<th class=\"a-color-secondary a-size-base prodDetSectionEntry\" style=\"text-align: left;\">Graphics Coprocessor</th>\r\n<td class=\"a-size-base\" style=\"text-align: right;\">NVIDIA GeForce RTX 2060</td>\r\n</tr>\r\n<tr>\r\n<th class=\"a-color-secondary a-size-base prodDetSectionEntry\" style=\"text-align: left;\">Chipset Brand</th>\r\n<td class=\"a-size-base\" style=\"text-align: right;\">NVIDIA</td>\r\n</tr>\r\n<tr>\r\n<th class=\"a-color-secondary a-size-base prodDetSectionEntry\" style=\"text-align: left;\">Card Description</th>\r\n<td class=\"a-size-base\" style=\"text-align: right;\">Dedicated</td>\r\n</tr>\r\n<tr>\r\n<th class=\"a-color-secondary a-size-base prodDetSectionEntry\" style=\"text-align: left;\">Graphics Card Ram Size</th>\r\n<td class=\"a-size-base\" style=\"text-align: right;\">6.00</td>\r\n</tr>\r\n<tr>\r\n<th class=\"a-color-secondary a-size-base prodDetSectionEntry\" style=\"text-align: left;\">Wireless Type</th>\r\n<td class=\"a-size-base\" style=\"text-align: right;\">802.11ac</td>\r\n</tr>\r\n</tbody>\r\n</table>', 'Processor: Intel i7-9750H Six Core Processor (12MB Cache, 2.6MHz-4.5GHz) 45W\r\nRAM: 32GB DDR4 2666MHz (16GB On Board) | Hard Drive: 1TB NVMe Solid State Drive'),
(9, 9, 'en', 'Dell G5 15 Gaming Laptop Intel Core i7-9750H, NVIDIA GTX 1650, 15.6\" FHD LCD Screen', '<p class=\"a-spacing-base\"><span class=\"a-text-bold\">Kick performance into high gear:</span>&nbsp;Engineered with 9th Generation Intel Core i7-9750H Processor and 16GB memory for powerful performance and uninterrupted gameplay.</p>\r\n<p class=\"a-spacing-base\">&nbsp;</p>\r\n<p class=\"a-spacing-base\"><span class=\"a-text-bold\">No shortage of storage:</span>&nbsp;Experience faster load times and a quieter system thanks to multiple storage including dual drives with 256GB M.2 PCIe NVMe Solid State Drive + 1TB 5400 rpm SATA Hard Drive.</p>\r\n<p class=\"a-spacing-base\">&nbsp;</p>\r\n<p class=\"a-spacing-base\"><span class=\"a-text-bold\">Battle ready:</span>&nbsp;Stay in the fight with an improved and stable WiFi connection.</p>\r\n<p>&nbsp;</p>\r\n<p><span style=\"text-decoration: underline;\"><strong>Specifications:</strong></span></p>\r\n<p>&nbsp;</p>\r\n<table id=\"productDetails_techSpec_section_1\" class=\"a-keyvalue prodDetTable\" style=\"height: 392px;\" role=\"presentation\">\r\n<tbody>\r\n<tr style=\"height: 20px;\">\r\n<th class=\"a-color-secondary a-size-base prodDetSectionEntry\" style=\"text-align: left; height: 20px; width: 139.444px;\">Screen Size</th>\r\n<td class=\"a-size-base\" style=\"height: 20px; width: 456.111px; text-align: right;\">15.6 inches</td>\r\n</tr>\r\n<tr style=\"height: 42px;\">\r\n<th class=\"a-color-secondary a-size-base prodDetSectionEntry\" style=\"text-align: left; height: 42px; width: 139.444px;\">Max Screen Resolution</th>\r\n<td class=\"a-size-base\" style=\"height: 42px; width: 456.111px; text-align: right;\">1920 x 1080 pixels</td>\r\n</tr>\r\n<tr style=\"height: 20px;\">\r\n<th class=\"a-color-secondary a-size-base prodDetSectionEntry\" style=\"text-align: left; height: 20px; width: 139.444px;\">Processor</th>\r\n<td class=\"a-size-base\" style=\"height: 20px; width: 456.111px; text-align: right;\">4.5 GHz Core i7 Family</td>\r\n</tr>\r\n<tr style=\"height: 20px;\">\r\n<th class=\"a-color-secondary a-size-base prodDetSectionEntry\" style=\"text-align: left; height: 20px; width: 139.444px;\">RAM</th>\r\n<td class=\"a-size-base\" style=\"height: 20px; width: 456.111px; text-align: right;\">16 GB DDR4</td>\r\n</tr>\r\n<tr style=\"height: 20px;\">\r\n<th class=\"a-color-secondary a-size-base prodDetSectionEntry\" style=\"text-align: left; height: 20px; width: 139.444px;\">Memory Speed</th>\r\n<td class=\"a-size-base\" style=\"height: 20px; width: 456.111px; text-align: right;\">2666 MHz</td>\r\n</tr>\r\n<tr style=\"height: 42px;\">\r\n<th class=\"a-color-secondary a-size-base prodDetSectionEntry\" style=\"text-align: left; height: 42px; width: 139.444px;\">Hard Drive</th>\r\n<td class=\"a-size-base\" style=\"height: 42px; width: 456.111px; text-align: right;\">256 GB 256GB M.2 PCIe NVMe Solid State Drive + 1TB 5400 rpm 2.5\" SATA Hard Drive</td>\r\n</tr>\r\n<tr style=\"height: 42px;\">\r\n<th class=\"a-color-secondary a-size-base prodDetSectionEntry\" style=\"text-align: left; height: 42px; width: 139.444px;\">Graphics Coprocessor</th>\r\n<td class=\"a-size-base\" style=\"height: 42px; width: 456.111px; text-align: right;\">NVIDIA GeForce GTX 1050 Ti</td>\r\n</tr>\r\n<tr style=\"height: 20px;\">\r\n<th class=\"a-color-secondary a-size-base prodDetSectionEntry\" style=\"text-align: left; height: 20px; width: 139.444px;\">Chipset Brand</th>\r\n<td class=\"a-size-base\" style=\"height: 20px; width: 456.111px; text-align: right;\">NVIDIA GeForce GTX 1650 Ti</td>\r\n</tr>\r\n<tr style=\"height: 20px;\">\r\n<th class=\"a-color-secondary a-size-base prodDetSectionEntry\" style=\"text-align: left; height: 20px; width: 139.444px;\">Card Description</th>\r\n<td class=\"a-size-base\" style=\"height: 20px; width: 456.111px; text-align: right;\">Dedicated</td>\r\n</tr>\r\n<tr style=\"height: 42px;\">\r\n<th class=\"a-color-secondary a-size-base prodDetSectionEntry\" style=\"text-align: left; height: 42px; width: 139.444px;\">Graphics Card Ram Size</th>\r\n<td class=\"a-size-base\" style=\"height: 42px; width: 456.111px; text-align: right;\">4 GB</td>\r\n</tr>\r\n<tr style=\"height: 20px;\">\r\n<th class=\"a-color-secondary a-size-base prodDetSectionEntry\" style=\"text-align: left; height: 20px; width: 139.444px;\">Wireless Type</th>\r\n<td class=\"a-size-base\" style=\"height: 20px; width: 456.111px; text-align: right;\">5 GHz Radio Frequency</td>\r\n</tr>\r\n<tr style=\"height: 42px;\">\r\n<th class=\"a-color-secondary a-size-base prodDetSectionEntry\" style=\"text-align: left; height: 42px; width: 139.444px;\">Number of USB 2.0 Ports</th>\r\n<td class=\"a-size-base\" style=\"height: 42px; width: 456.111px; text-align: right;\">1</td>\r\n</tr>\r\n<tr style=\"height: 42px;\">\r\n<th class=\"a-color-secondary a-size-base prodDetSectionEntry\" style=\"text-align: left; height: 42px; width: 139.444px;\">Number of USB 3.0 Ports</th>\r\n<td class=\"a-size-base\" style=\"height: 42px; width: 456.111px; text-align: right;\">2</td>\r\n</tr>\r\n</tbody>\r\n</table>\r\n<p>&nbsp;</p>', 'Dell G5 15 Gaming Laptop 15. 6\" FHD LCD Screen 9th Gen Intel Core i7-9750H NVIDIA GTX 1650 4GB GDDR5 256GB SSD + 1TB SATA HD Storage 16GB RAM G5590-7679BLK-PUS'),
(10, 10, 'en', 'ZenBook Pro Duo UX581 Touchscreen Laptop with Screenpad Plus (Intel i9-9980HK, GeForce RTX 2060', '<p><span class=\"a-list-item\">Processor: Intel Core i9-9980HK Eight Core Processor (16MB Cache, 2.4GHz-5.0GHz) 45W</span></p>\r\n<p><span class=\"a-list-item\">RAM: 32GB DDR4 2666MHz | Hard Drive: 2TB NVMe Solid State Drive</span></p>\r\n<p><span class=\"a-list-item\">Graphics: GeForce RTX 2060 6GB | Display: 15.6\" 4K UHD NanoEdge Touchscreen Glossy Display (3840 x 2160) with Screenpad Plus: 14\" 4K Matte Touchscreen</span></p>\r\n<p>&nbsp;</p>\r\n<p>&nbsp;</p>\r\n<p><span class=\"a-list-item\">Features: Screenpad Plus allows you to extend the screen or split Windows and apps on both displays, exclusive ErgoLift design for improved typing position, detachable palm rest, and ASUS Active Stylus pen included | Operating System: Windows 10 Pro x64</span></p>\r\n<p><span class=\"a-list-item\">2TB NVMe SSD Upgrade | 3-Year XPC Limited Warranty (View warranty section below for more details.)</span></p>\r\n<p>&nbsp;</p>\r\n<p><span style=\"text-decoration: underline;\"><strong><span class=\"a-list-item\">Specifications:</span></strong></span></p>\r\n<p>&nbsp;</p>\r\n<table id=\"productDetails_techSpec_section_1\" class=\"a-keyvalue prodDetTable\" style=\"height: 220px;\" role=\"presentation\">\r\n<tbody>\r\n<tr style=\"height: 20px;\">\r\n<th class=\"a-color-secondary a-size-base prodDetSectionEntry\" style=\"height: 20px; width: 169.444px; text-align: left;\">Screen Size</th>\r\n<td class=\"a-size-base\" style=\"height: 20px; width: 207.222px; text-align: right;\">15.6 inches</td>\r\n</tr>\r\n<tr style=\"height: 20px;\">\r\n<th class=\"a-color-secondary a-size-base prodDetSectionEntry\" style=\"height: 20px; width: 169.444px; text-align: left;\">Screen Resolution</th>\r\n<td class=\"a-size-base\" style=\"height: 20px; width: 207.222px; text-align: right;\">3840 x 2160</td>\r\n</tr>\r\n<tr style=\"height: 20px;\">\r\n<th class=\"a-color-secondary a-size-base prodDetSectionEntry\" style=\"height: 20px; width: 169.444px; text-align: left;\">Max Screen Resolution</th>\r\n<td class=\"a-size-base\" style=\"height: 20px; width: 207.222px; text-align: right;\">3840 x 2160</td>\r\n</tr>\r\n<tr style=\"height: 20px;\">\r\n<th class=\"a-color-secondary a-size-base prodDetSectionEntry\" style=\"height: 20px; width: 169.444px; text-align: left;\">Processor</th>\r\n<td class=\"a-size-base\" style=\"height: 20px; width: 207.222px; text-align: right;\">2.4 GHz Core i9</td>\r\n</tr>\r\n<tr style=\"height: 20px;\">\r\n<th class=\"a-color-secondary a-size-base prodDetSectionEntry\" style=\"height: 20px; width: 169.444px; text-align: left;\">RAM</th>\r\n<td class=\"a-size-base\" style=\"height: 20px; width: 207.222px; text-align: right;\">32 GB DDR4</td>\r\n</tr>\r\n<tr style=\"height: 20px;\">\r\n<th class=\"a-color-secondary a-size-base prodDetSectionEntry\" style=\"height: 20px; width: 169.444px; text-align: left;\">Memory Speed</th>\r\n<td class=\"a-size-base\" style=\"height: 20px; width: 207.222px; text-align: right;\">2666 MHz</td>\r\n</tr>\r\n<tr style=\"height: 20px;\">\r\n<th class=\"a-color-secondary a-size-base prodDetSectionEntry\" style=\"height: 20px; width: 169.444px; text-align: left;\">Hard Drive</th>\r\n<td class=\"a-size-base\" style=\"height: 20px; width: 207.222px; text-align: right;\">2 TB flash_memory_solid_state</td>\r\n</tr>\r\n<tr style=\"height: 20px;\">\r\n<th class=\"a-color-secondary a-size-base prodDetSectionEntry\" style=\"height: 20px; width: 169.444px; text-align: left;\">Graphics Coprocessor</th>\r\n<td class=\"a-size-base\" style=\"height: 20px; width: 207.222px; text-align: right;\">GeForce RTX 2060</td>\r\n</tr>\r\n<tr style=\"height: 20px;\">\r\n<th class=\"a-color-secondary a-size-base prodDetSectionEntry\" style=\"height: 20px; width: 169.444px; text-align: left;\">Chipset Brand</th>\r\n<td class=\"a-size-base\" style=\"height: 20px; width: 207.222px; text-align: right;\">NVIDIA</td>\r\n</tr>\r\n<tr style=\"height: 20px;\">\r\n<th class=\"a-color-secondary a-size-base prodDetSectionEntry\" style=\"height: 20px; width: 169.444px; text-align: left;\">Card Description</th>\r\n<td class=\"a-size-base\" style=\"height: 20px; width: 207.222px; text-align: right;\">Dedicated</td>\r\n</tr>\r\n<tr style=\"height: 20px;\">\r\n<th class=\"a-color-secondary a-size-base prodDetSectionEntry\" style=\"height: 20px; width: 169.444px; text-align: left;\">Wireless Type</th>\r\n<td class=\"a-size-base\" style=\"height: 20px; width: 207.222px; text-align: right;\">802.11ac</td>\r\n</tr>\r\n</tbody>\r\n</table>', 'Processor: Intel Core i9-9980HK Eight Core Processor (16MB Cache, 2.4GHz-5.0GHz) 45W\r\nRAM: 32GB DDR4 2666MHz | Hard Drive: 2TB NVMe Solid State Drive'),
(11, 11, 'en', 'ASUS Mothership X Laptop (Intel i9-9980HK 8-Core, 64GB RAM, 2TB PCIe SSD, 17.3\" Full HD', '<p><span class=\"a-list-item\">9th Gen Intel Core i9-9980HK 2.40GHz Processor (upto 5.0 GHz, 16MB Cache, 8-Cores) ; NVIDIA RTX 2080 8GB GDDR6 Dedicated Graphics, VR Ready</span></p>\r\n<p>&nbsp;</p>\r\n<p><span class=\"a-list-item\">64GB DDR4 SODIMM RAM; 802.11ax Wifi, Bluetooth 5.0, Ethernet LAN (RJ-45), 1080p Full HD Webcam, Backlit Keyboard</span></p>\r\n<p>&nbsp;</p>\r\n<p><span class=\"a-list-item\">17.3\" Full HD (1920x1080) 144Hz Display; 2x280W Power Supply, 6-Cell 90WHr Battery; Black Color</span></p>\r\n<p>&nbsp;</p>\r\n<p><span class=\"a-list-item\">2TB PCIe NVMe SSD; 1 USB 3.1 Gen1, 3 USB 3.1 Gen2, 1 HDMI, 2xUSB 3.2 Type-C Gen1, 1 x Microphone Jack, 1 x Headphone Jack.</span></p>\r\n<p>&nbsp;</p>\r\n<p><span class=\"a-list-item\">Windows 10 Pro-64, 1 Year Manufacturer warranty from MichaelElectronics2 (Professionally upgraded by MichaelElectronics2)</span></p>\r\n<p>&nbsp;</p>\r\n<p><span style=\"text-decoration: underline;\"><strong><span class=\"a-list-item\">Specifications:</span></strong></span></p>\r\n<table id=\"productDetails_techSpec_section_1\" class=\"a-keyvalue prodDetTable\" role=\"presentation\">\r\n<tbody>\r\n<tr>\r\n<th class=\"a-color-secondary a-size-base prodDetSectionEntry\" style=\"text-align: left; width: 172.778px;\">Screen Size</th>\r\n<td class=\"a-size-base\" style=\"width: 422.778px; text-align: right;\">17.3 inches</td>\r\n</tr>\r\n<tr>\r\n<th class=\"a-color-secondary a-size-base prodDetSectionEntry\" style=\"text-align: left; width: 172.778px;\">Screen Resolution</th>\r\n<td class=\"a-size-base\" style=\"width: 422.778px; text-align: right;\">1920 x 1080</td>\r\n</tr>\r\n<tr>\r\n<th class=\"a-color-secondary a-size-base prodDetSectionEntry\" style=\"text-align: left; width: 172.778px;\">Processor</th>\r\n<td class=\"a-size-base\" style=\"width: 422.778px; text-align: right;\">2.4 GHz Core i9</td>\r\n</tr>\r\n<tr>\r\n<th class=\"a-color-secondary a-size-base prodDetSectionEntry\" style=\"text-align: left; width: 172.778px;\">RAM</th>\r\n<td class=\"a-size-base\" style=\"width: 422.778px; text-align: right;\">64 GB SO-DIMM</td>\r\n</tr>\r\n<tr>\r\n<th class=\"a-color-secondary a-size-base prodDetSectionEntry\" style=\"text-align: left; width: 172.778px;\">Hard Drive</th>\r\n<td class=\"a-size-base\" style=\"width: 422.778px; text-align: right;\">PCIe SSD</td>\r\n</tr>\r\n<tr>\r\n<th class=\"a-color-secondary a-size-base prodDetSectionEntry\" style=\"text-align: left; width: 172.778px;\">Graphics Coprocessor</th>\r\n<td class=\"a-size-base\" style=\"width: 422.778px; text-align: right;\">NVIDIA GeForce RTX 2080</td>\r\n</tr>\r\n<tr>\r\n<th class=\"a-color-secondary a-size-base prodDetSectionEntry\" style=\"text-align: left; width: 172.778px;\">Wireless Type</th>\r\n<td class=\"a-size-base\" style=\"width: 422.778px; text-align: right;\">2.4 GHz Radio Frequency, Bluetooth, 802.11ax, 5 GHz Radio Frequency</td>\r\n</tr>\r\n<tr>\r\n<th class=\"a-color-secondary a-size-base prodDetSectionEntry\" style=\"text-align: left; width: 172.778px;\">Number of USB 3.0 Ports</th>\r\n<td class=\"a-size-base\" style=\"width: 422.778px; text-align: right;\">1</td>\r\n</tr>\r\n</tbody>\r\n</table>\r\n<p>&nbsp;</p>', '9th Gen Intel Core i9-9980HK 2.40GHz Processor (upto 5.0 GHz, 16MB Cache, 8-Cores) ; NVIDIA RTX 2080 8GB GDDR6 Dedicated Graphics, VR Ready\r\n64GB DDR4 SODIMM RAM; 802.11ax Wifi, Bluetooth 5.0, Ethernet LAN (RJ-45), 1080p Full HD Webcam, Backlit Keyboard'),
(12, 12, 'en', 'HP Elite Dragonfly Notebook PC(8th generation Core i5)', '<p>The Dragonfly is made from magnesium alloy, which has been CNC&rsquo;ed by robots to get its sharp corner design. The design is a lot more sleek, more ThinkPad-esque if you will, than the curvy Air. Its size is smaller, too: 11.9 x 7.8 x 0.6 inches versus the 12 x 8.4 x 0.2-to-0.6 inches of the MacBook Air. HP\'s overall package is notably smaller while keeping the same screen size: 13.3 inches.</p>\r\n<p>&nbsp;</p>\r\n<p><span style=\"text-decoration: underline;\"><strong>Specifications:</strong></span></p>\r\n<p>&nbsp;</p>\r\n<table id=\"productDetails_techSpec_section_1\" class=\"a-keyvalue prodDetTable\" role=\"presentation\">\r\n<tbody>\r\n<tr>\r\n<th class=\"a-color-secondary a-size-base prodDetSectionEntry\" style=\"text-align: left;\">Screen Size</th>\r\n<td class=\"a-size-base\" style=\"text-align: right;\">13.3 inches</td>\r\n</tr>\r\n<tr>\r\n<th class=\"a-color-secondary a-size-base prodDetSectionEntry\" style=\"text-align: left;\">Max Screen Resolution</th>\r\n<td class=\"a-size-base\" style=\"text-align: right;\">1280 x 800</td>\r\n</tr>\r\n<tr>\r\n<th class=\"a-color-secondary a-size-base prodDetSectionEntry\" style=\"text-align: left;\">Processor</th>\r\n<td class=\"a-size-base\" style=\"text-align: right;\">1.6 GHz Intel Core i5</td>\r\n</tr>\r\n<tr>\r\n<th class=\"a-color-secondary a-size-base prodDetSectionEntry\" style=\"text-align: left;\">RAM</th>\r\n<td class=\"a-size-base\" style=\"text-align: right;\">16 GB LPDDR3</td>\r\n</tr>\r\n<tr>\r\n<th class=\"a-color-secondary a-size-base prodDetSectionEntry\" style=\"text-align: left;\">Hard Drive</th>\r\n<td class=\"a-size-base\" style=\"text-align: right;\">Flash Memory Solid State</td>\r\n</tr>\r\n<tr>\r\n<th class=\"a-color-secondary a-size-base prodDetSectionEntry\" style=\"text-align: left;\">Chipset Brand</th>\r\n<td class=\"a-size-base\" style=\"text-align: right;\">Intel</td>\r\n</tr>\r\n<tr>\r\n<th class=\"a-color-secondary a-size-base prodDetSectionEntry\" style=\"text-align: left;\">Card Description</th>\r\n<td class=\"a-size-base\" style=\"text-align: right;\">Integrated</td>\r\n</tr>\r\n<tr>\r\n<th class=\"a-color-secondary a-size-base prodDetSectionEntry\" style=\"text-align: left;\">Graphics Card Ram Size</th>\r\n<td class=\"a-size-base\" style=\"text-align: right;\">1</td>\r\n</tr>\r\n<tr>\r\n<th class=\"a-color-secondary a-size-base prodDetSectionEntry\" style=\"text-align: left;\">Number of USB 3.0 Ports</th>\r\n<td class=\"a-size-base\" style=\"text-align: right;\">2</td>\r\n</tr>\r\n<tr>\r\n<th class=\"a-color-secondary a-size-base prodDetSectionEntry\" style=\"text-align: left;\">Average Battery Life (in hours)</th>\r\n<td class=\"a-size-base\" style=\"text-align: right;\">1 days</td>\r\n</tr>\r\n</tbody>\r\n</table>\r\n<p>&nbsp;</p>\r\n<p>&nbsp;</p>\r\n<p>&nbsp;</p>\r\n<p>&nbsp;</p>', 'Buy dragonfly i5-8365u/13/16GB/256/PC Intel i5-8365u, 13.3 FHD BV LED UWVA TS, UMA, 16GB LPDDR3, 256GB SSD, ax+bt, 4C Batt, W10 Pro64, 3Yr wrty');
INSERT INTO `product_translations` (`id`, `product_id`, `locale`, `name`, `description`, `short_description`) VALUES
(13, 13, 'en', 'Alienware - 17.3\" Gaming Laptop - Intel Core i7 - 16GB Memory', '<p>Dell Alienware m17 17.3\" Gaming Laptop i7-8750H 16GB RAM 512GB SSD 1TB HDD (+8GB SSHD) RTX 2070 Max-Q 8GB - 8th Gen i7-8750H Hexa-core - 60 Hz Refresh Rate - NVIDIA GeForce RTX 2070 Max-Q 8GB GDD</p>\r\n<p>&nbsp;</p>\r\n<p><span style=\"text-decoration: underline;\"><strong>Specifications:</strong></span></p>\r\n<p>&nbsp;</p>\r\n<table id=\"productDetails_techSpec_section_1\" class=\"a-keyvalue prodDetTable\" role=\"presentation\">\r\n<tbody>\r\n<tr style=\"height: 20px;\">\r\n<th style=\"text-align: left; width: 167.219px; height: 20px;\">Brand Name</th>\r\n<td style=\"text-align: right; width: 306.219px; height: 20px;\">Alienware</td>\r\n</tr>\r\n<tr style=\"height: 21px;\">\r\n<th style=\"text-align: left; width: 167.219px; height: 21px;\">Series</th>\r\n<td style=\"text-align: right; width: 306.219px; height: 21px;\">M17-7219</td>\r\n</tr>\r\n<tr style=\"height: 21px;\">\r\n<th style=\"text-align: left; width: 167.219px; height: 21px;\">Item model number</th>\r\n<td style=\"text-align: right; width: 306.219px; height: 21px;\">AWM17-7219SLV-PUS</td>\r\n</tr>\r\n<tr style=\"height: 21px;\">\r\n<th style=\"text-align: left; width: 167.219px; height: 21px;\">Item Weight</th>\r\n<td style=\"text-align: right; width: 306.219px; height: 21px;\">9.74 pounds</td>\r\n</tr>\r\n<tr style=\"height: 20px;\">\r\n<th class=\"a-color-secondary a-size-base prodDetSectionEntry\" style=\"text-align: left; height: 20px; width: 167.219px;\">Screen Size</th>\r\n<td class=\"a-size-base\" style=\"text-align: right; height: 20px; width: 306.219px;\">17.3 inches</td>\r\n</tr>\r\n<tr style=\"height: 20px;\">\r\n<th class=\"a-color-secondary a-size-base prodDetSectionEntry\" style=\"text-align: left; height: 20px; width: 167.219px;\">Max Screen Resolution</th>\r\n<td class=\"a-size-base\" style=\"text-align: right; height: 20px; width: 306.219px;\">1920 x 1080</td>\r\n</tr>\r\n<tr style=\"height: 20px;\">\r\n<th class=\"a-color-secondary a-size-base prodDetSectionEntry\" style=\"text-align: left; height: 20px; width: 167.219px;\">Processor</th>\r\n<td class=\"a-size-base\" style=\"text-align: right; height: 20px; width: 306.219px;\">8032</td>\r\n</tr>\r\n<tr style=\"height: 20px;\">\r\n<th class=\"a-color-secondary a-size-base prodDetSectionEntry\" style=\"text-align: left; height: 20px; width: 167.219px;\">RAM</th>\r\n<td class=\"a-size-base\" style=\"text-align: right; height: 20px; width: 306.219px;\">16 GB DDR4</td>\r\n</tr>\r\n<tr style=\"height: 20px;\">\r\n<th class=\"a-color-secondary a-size-base prodDetSectionEntry\" style=\"text-align: left; height: 20px; width: 167.219px;\">Memory Speed</th>\r\n<td class=\"a-size-base\" style=\"text-align: right; height: 20px; width: 306.219px;\">4.1 GHz</td>\r\n</tr>\r\n<tr style=\"height: 20px;\">\r\n<th class=\"a-color-secondary a-size-base prodDetSectionEntry\" style=\"text-align: left; height: 20px; width: 167.219px;\">Hard Drive</th>\r\n<td class=\"a-size-base\" style=\"text-align: right; height: 20px; width: 306.219px;\">1000 GB 512GB PCIe SSD | 1TB Hybrid HDD</td>\r\n</tr>\r\n<tr style=\"height: 20px;\">\r\n<th class=\"a-color-secondary a-size-base prodDetSectionEntry\" style=\"text-align: left; height: 20px; width: 167.219px;\">Graphics Coprocessor</th>\r\n<td class=\"a-size-base\" style=\"text-align: right; height: 20px; width: 306.219px;\">NVIDIA GeForce RTX 2070 Max-Q</td>\r\n</tr>\r\n<tr style=\"height: 20px;\">\r\n<th class=\"a-color-secondary a-size-base prodDetSectionEntry\" style=\"text-align: left; height: 20px; width: 167.219px;\">Chipset Brand</th>\r\n<td class=\"a-size-base\" style=\"text-align: right; height: 20px; width: 306.219px;\">nvidia</td>\r\n</tr>\r\n<tr style=\"height: 20px;\">\r\n<th class=\"a-color-secondary a-size-base prodDetSectionEntry\" style=\"text-align: left; height: 20px; width: 167.219px;\">Card Description</th>\r\n<td class=\"a-size-base\" style=\"text-align: right; height: 20px; width: 306.219px;\">Dedicated</td>\r\n</tr>\r\n<tr style=\"height: 20px;\">\r\n<th class=\"a-color-secondary a-size-base prodDetSectionEntry\" style=\"text-align: left; height: 20px; width: 167.219px;\">Wireless Type</th>\r\n<td class=\"a-size-base\" style=\"text-align: right; height: 20px; width: 306.219px;\">Bluetooth</td>\r\n</tr>\r\n</tbody>\r\n</table>', '8th-gen Intel Core i7-8750H mobile processor (2.2GHz - 4.10 GHz)\r\nNVIDIA GeForce RTX 2070 8GB Graphics Card'),
(14, 14, 'en', 'iPhone 11 Pro Max 64G 6.5-inch Genuine Phone With Dual Card and Full Screen', '<p><span class=\"a-list-item\">Carrier - This phone is locked to simple Mobile from Tracfone, which means this Device can only be used on the Simple Mobile wireless network.</span></p>\r\n<p>&nbsp;</p>\r\n<p><span class=\"a-list-item\">Plans - simple Mobile offers a variety of coverage plans, including 30-day unlimited Talk, text &amp; data. No Activation Fees, No Credit Checks, and no Hassles On a Nationwide Lightning-fast Network. For more information or plan options, please visit the Simple Mobile website.</span></p>\r\n<p>&nbsp;</p>\r\n<p><span class=\"a-list-item\">Activation - You&rsquo;ll receive a simple Mobile SIM kit with this iPhone. Follow the instructions to get service activated with the simple Mobile plan of your choice.</span></p>\r\n<p><span class=\"a-list-item\">6. 5-inch Super Retina XDR OLED display</span></p>\r\n<p><span class=\"a-list-item\">Water and dust resistant (4 meters for up to 30 minutes, IP68)</span></p>\r\n<p>&nbsp;</p>\r\n<p><span class=\"a-list-item\">Triple-camera system with 12MP Ultra wide, wide, and telephoto cameras; night mode, Portrait mode, and 4K video up to 60fps</span></p>\r\n<p><span class=\"a-list-item\">12MP True Depth front Camera with Portrait mode, 4K video, and slo-mo</span></p>\r\n<p>&nbsp;</p>\r\n<p><span style=\"text-decoration: underline;\"><strong>Specifications:</strong></span></p>\r\n<div class=\"a-column a-span6 block-content block-type-table textalign-left\">\r\n<div class=\"content-grid-block\">\r\n<table class=\"a-bordered\">\r\n<tbody>\r\n<tr>\r\n<td style=\"width: 71.2188px; text-align: left;\">\r\n<p><strong>Display</strong></p>\r\n</td>\r\n<td style=\"width: 455.219px; text-align: right;\">\r\n<p>6.5-inch Super Retina HD display with XDR and True Tone</p>\r\n</td>\r\n</tr>\r\n<tr>\r\n<td style=\"width: 71.2188px; text-align: left;\">\r\n<p><strong>Capacity</strong></p>\r\n</td>\r\n<td style=\"width: 455.219px; text-align: right;\">\r\n<p>64GB, 256GB, 512GB</p>\r\n</td>\r\n</tr>\r\n<tr>\r\n<td style=\"width: 71.2188px; text-align: left;\">\r\n<p><strong>Splash, Water, and Dust Resistant</strong></p>\r\n</td>\r\n<td style=\"width: 455.219px; text-align: right;\">\r\n<p>All-glass and stainless steel design, water and dust resistant (rated IP68)</p>\r\n</td>\r\n</tr>\r\n<tr>\r\n<td style=\"width: 71.2188px; text-align: left;\">\r\n<p><strong>Camera &amp; Video</strong></p>\r\n</td>\r\n<td style=\"width: 455.219px; text-align: right;\">\r\n<p>Triple 12MP cameras with Portrait mode, Depth Control, Portrait Lighting, Smart HDR, and 4K video up to 60 fps</p>\r\n</td>\r\n</tr>\r\n<tr>\r\n<td style=\"width: 71.2188px; text-align: left;\">\r\n<p><strong>Front Camera</strong></p>\r\n</td>\r\n<td style=\"width: 455.219px; text-align: right;\">\r\n<p>12MP TrueDepth front camera with Portrait mode, Depth Control, Portrait Lighting, and Smart HDR</p>\r\n</td>\r\n</tr>\r\n<tr>\r\n<td style=\"width: 71.2188px; text-align: left;\">\r\n<p><strong>Power and Battery</strong></p>\r\n</td>\r\n<td style=\"width: 455.219px; text-align: right;\">\r\n<p>Lasts up to 5 hours longer than iPhone XS Max; Video playback: Up to 20 hours; Video playback (streamed): Up to 12 hours; Audio playback: Up to 80 hours; 18W adapter included Fast-charge capable: Up to 50% charge in around 30 minutes with 18W adapter or higher</p>\r\n</td>\r\n</tr>\r\n</tbody>\r\n</table>\r\n</div>\r\n</div>\r\n<div class=\"a-column a-span6 block-content block-type-table textalign-left a-span-last\">\r\n<div class=\"content-grid-block\">\r\n<table class=\"a-bordered\">\r\n<tbody>\r\n<tr>\r\n<td style=\"width: 70.2188px; text-align: left;\">\r\n<p><strong>In the Box</strong></p>\r\n</td>\r\n<td style=\"width: 456.219px; text-align: right;\">\r\n<p>iPhone with iOS 13, EarPods with Lightning Connector, USB-C to Lightning Cable, 18W USB-C Power Adapter, Documentation</p>\r\n</td>\r\n</tr>\r\n<tr>\r\n<td style=\"width: 70.2188px; text-align: left;\">\r\n<p><strong>Height</strong></p>\r\n</td>\r\n<td style=\"width: 456.219px; text-align: right;\">\r\n<p>6.22 inches (158.0 mm)</p>\r\n</td>\r\n</tr>\r\n<tr>\r\n<td style=\"width: 70.2188px; text-align: left;\">\r\n<p><strong>Width</strong></p>\r\n</td>\r\n<td style=\"width: 456.219px; text-align: right;\">\r\n<p>3.06 inches (77.8 mm)</p>\r\n</td>\r\n</tr>\r\n<tr>\r\n<td style=\"width: 70.2188px; text-align: left;\">\r\n<p><strong>Depth</strong></p>\r\n</td>\r\n<td style=\"width: 456.219px; text-align: right;\">\r\n<p>0.32 inch (8.1 mm)</p>\r\n</td>\r\n</tr>\r\n<tr>\r\n<td style=\"width: 70.2188px; text-align: left;\">\r\n<p><strong>Weight</strong></p>\r\n</td>\r\n<td style=\"width: 456.219px; text-align: right;\">\r\n<p>7.97 ounces (226 grams)</p>\r\n</td>\r\n</tr>\r\n<tr>\r\n<td style=\"width: 70.2188px; text-align: left;\">\r\n<p><strong>Release Date</strong></p>\r\n</td>\r\n<td style=\"width: 456.219px; text-align: right;\">\r\n<p>9/20/2019</p>\r\n</td>\r\n</tr>\r\n</tbody>\r\n</table>\r\n</div>\r\n</div>\r\n<p>&nbsp;</p>\r\n<p>&nbsp;</p>\r\n<p>&nbsp;</p>', 'Water and dust resistant (4 meters for up to 30 minutes, IP68)\r\nTriple-camera system with 12MP Ultra wide, wide, and telephoto cameras; night mode, Portrait mode, and 4K video up to 60fps'),
(15, 15, 'en', 'Samsung Galaxy S20 (SM-G980F/DS) Dual SIM 128GB, 6.2\" (International Version)', '<p><span class=\"a-list-item\">More camera, more power, more fun &ndash; in a slim, balanced form. Create anywhere on the sleek, powerful Galaxy S20 5G with an expansive 6. 2&rdquo; Infinity-O display and radical new 30x Space Zoom. Galaxy S20 5G&rsquo;s modern design gives you an immersive, cinema-quality experience with next-level functionality. Take pro-quality, hi-res images and video with a groundbreaking 64MP camera and full system of studio lenses with super stabilization. Features like the Single Take AI make it quick and easy to capture multiple photos and video with a single tap. Zoom in close, even from 100 feet away, and capture crisp images at night, even without flash, with Bright Night mode. Share your content in real time with double-tap sharing and get hours of power from minutes of charge with Super Fast Charging. Galaxy S20 5G&rsquo;s intelligent battery lasts all day to power every scroll, click, call, tap, playlist and season finale. Do more of what you love with the device that gives you more. Note: Samsung Galaxy S20 5G does not operate on the Verizon 5G mmW network. It will operate on the Verizon 4G LTE network. See carriers for details.</span></p>\r\n<p>&nbsp;</p>\r\n<p><span class=\"a-list-item\">Power of 5G: Get next-level power for everything you love to do with Samsung Galaxy 5G; Share more, game harder, experience more and never miss a beat</span></p>\r\n<p>&nbsp;</p>\r\n<p><span class=\"a-list-item\">Single Take AI: Capture video and multiple types of images with one tap of the shutter button; Lenses, effects and filters capture the best of every moment, every time</span></p>\r\n<p>&nbsp;</p>\r\n<p><span class=\"a-list-item\">Hi-Res Camera Zoom: Capture hi-res images as if you&rsquo;re 3 feet away, from 100 feet away; Whether you want to zoom in close from afar or magnify details nearby, the new 30x Space Zoom gives you impressive power and clarity</span></p>\r\n<p>&nbsp;</p>\r\n<p><span class=\"a-list-item\">Bright Night Mode: Capture crisp images and vibrant video in Bright Night mode and create high-quality content in low light &ndash; no flash needed</span></p>\r\n<p>&nbsp;</p>\r\n<p><span class=\"a-list-item\">Super Fast Charging: Charge up quicker with Super Fast Charge so you can keep moving with more juice; Give your buds &ndash; or Galaxy buds &ndash; a boost of power with Wireless PowerShare right from Galaxy S20 5G</span></p>\r\n<p><span class=\"a-list-item\">All-Day Battery: Galaxy S20 5G&rsquo;s intelligent battery uses an algorithm to learn from how you live to optimize power and take you through a day or more of work and life without ever giving out on you</span></p>\r\n<p>&nbsp;</p>\r\n<p><span class=\"a-list-item\">Massive Storage: Generous storage out of the box and expandable memory means you never have to delete what&rsquo;s important to you; Memory card sold separately</span></p>\r\n<p>&nbsp;</p>\r\n<p><span style=\"text-decoration: underline;\"><strong><span class=\"a-list-item\">Product Details:</span></strong></span></p>\r\n<p>&nbsp;</p>\r\n<table id=\"productDetails_detailBullets_sections1\" class=\"a-keyvalue prodDetTable\" role=\"presentation\">\r\n<tbody>\r\n<tr>\r\n<th class=\"a-color-secondary a-size-base prodDetSectionEntry\" style=\"text-align: left;\"><strong>Product Dimensions</strong></th>\r\n<td class=\"a-size-base\" style=\"text-align: right;\">6.7 x 3.4 x 2.4 inches</td>\r\n</tr>\r\n<tr>\r\n<th class=\"a-color-secondary a-size-base prodDetSectionEntry\" style=\"text-align: left;\"><strong>Item Weight</strong></th>\r\n<td class=\"a-size-base\" style=\"text-align: right;\">5.8 ounces</td>\r\n</tr>\r\n<tr>\r\n<th class=\"a-color-secondary a-size-base prodDetSectionEntry\" style=\"text-align: left;\"><strong>Shipping Weight</strong></th>\r\n<td class=\"a-size-base\" style=\"text-align: right;\">15.2 ounces</td>\r\n</tr>\r\n<tr>\r\n<th class=\"a-color-secondary a-size-base prodDetSectionEntry\" style=\"text-align: left;\"><strong>ASIN</strong></th>\r\n<td class=\"a-size-base\" style=\"text-align: right;\">B082XXKZRC</td>\r\n</tr>\r\n<tr>\r\n<th class=\"a-color-secondary a-size-base prodDetSectionEntry\" style=\"text-align: left;\"><strong>Item model number</strong></th>\r\n<td class=\"a-size-base\" style=\"text-align: right;\">SM-G981ULBAXAA</td>\r\n</tr>\r\n<tr>\r\n<th class=\"a-color-secondary a-size-base prodDetSectionEntry\" style=\"text-align: left;\"><strong>Batteries</strong></th>\r\n<td class=\"a-size-base\" style=\"text-align: right;\">1 Lithium ion batteries required. (included)</td>\r\n</tr>\r\n</tbody>\r\n</table>\r\n<p>&nbsp;</p>', 'Power of 5G: Get next-level power for everything you love to do with Samsung Galaxy 5G; Share more, game harder, experience more and never miss a beat\r\nSingle Take AI: Capture video and multiple types of images with one tap of the shutter button; Lenses, effects and filters capture the best of every moment, every time'),
(16, 16, 'en', 'Samsung Galaxy A51 (SM-A515F/DS) Dual SIM 128GB, GSM Unlocked', '<p>A51\'s Infinity-O Display optimizes visual symmetry. Now you can game, watch, surf, and multi-task without interruption on a 6.5\" FHD+ widescreen display&mdash;all powered by Super AMOLED technology. Enjoy a smartphone experience that minimizes the bezel and maximizes each inch of screen space. The rhythmical pattern of A51\'s design theme comes in smooth and elegant pastel shades including Prism Crush Black, White, Blue and Pink. A premium gloss finish adds the perfect touch of style to its sleek and slim body, perfectly blending of style with in-hand comfort. Go ultra high-res with a 48MP Main Cam for crisp, clear photos day and night. A 123&deg; 12MP Ultra Wide Cam captures more of the view.</p>\r\n<p>&nbsp;</p>\r\n<p><span style=\"text-decoration: underline;\"><strong>Specifications:</strong></span></p>\r\n<p>&nbsp;</p>\r\n<table id=\"productDetails_detailBullets_sections1\" class=\"a-keyvalue prodDetTable\" role=\"presentation\">\r\n<tbody>\r\n<tr>\r\n<th class=\"a-color-secondary a-size-base prodDetSectionEntry\" style=\"text-align: left;\">Product Dimensions</th>\r\n<td class=\"a-size-base\" style=\"text-align: right;\">7 x 3 x 2.5 inches</td>\r\n</tr>\r\n<tr>\r\n<th class=\"a-color-secondary a-size-base prodDetSectionEntry\" style=\"text-align: left;\">Item Weight</th>\r\n<td class=\"a-size-base\" style=\"text-align: right;\">12.8 ounces</td>\r\n</tr>\r\n<tr>\r\n<th class=\"a-color-secondary a-size-base prodDetSectionEntry\" style=\"text-align: left;\">Shipping Weight</th>\r\n<td class=\"a-size-base\" style=\"text-align: right;\">12.8 ounces</td>\r\n</tr>\r\n<tr>\r\n<th class=\"a-color-secondary a-size-base prodDetSectionEntry\" style=\"text-align: left;\">ASIN</th>\r\n<td class=\"a-size-base\" style=\"text-align: right;\">B082YG1L4B</td>\r\n</tr>\r\n<tr>\r\n<th class=\"a-color-secondary a-size-base prodDetSectionEntry\" style=\"text-align: left;\">Item model number</th>\r\n<td class=\"a-size-base\" style=\"text-align: right;\">A515F/DS</td>\r\n</tr>\r\n<tr>\r\n<th class=\"a-color-secondary a-size-base prodDetSectionEntry\" style=\"text-align: left;\">Batteries</th>\r\n<td class=\"a-size-base\" style=\"text-align: right;\">1 Lithium ion batteries required. (included)</td>\r\n</tr>\r\n</tbody>\r\n</table>\r\n<p>&nbsp;</p>\r\n<p>&nbsp;</p>\r\n<p>&nbsp;</p>', 'Display: 6.5 inches Super AMOLED capacitive touchscreen w/ Corning Gorilla Glass 3 - Resolution: 1080 x 2400 pixels\r\nMain Camera (Quad): 48 MP + 12 MP + 5 MP + 5 MP w/ LED flash, panorama, HDR - Selfie Camera: 32 MP w/ HDR'),
(17, 17, 'en', 'Huawei Mate 30 6.62\" No Google Play TAS-AL00/DS 128GB 8GB RAM (GSM Only, No CDMA) Factory Unlocked', '<p>Huawei Mate 30 and Mate 30 Pro do not officially include Google services and applications. Unlocked cell phones are compatible with GSM carrier such as AT&amp;T and T-Mobile, but are not compatible with CDMA carriers such as Verizon and Sprint. The Huawei Mate 30 Pro runs EMUI 10 based on Android 10 and packs 128GB of inbuilt storage (up to 256GB). The Huawei Mate 30 Pro is a dual-SIM (GSM and GSM) smartphone that accepts Nano-SIM and Nano-SIM cards. Connectivity options on the Huawei Mate 30 Pro include Wi-Fi 802.11 a/b/g/n/ac, GPS, NFC, USB Type-C, 3G, and 4G (with support for Band 40 used by some LTE networks in India). Sensors on the phone include accelerometer, ambient light sensor, barometer, compass/ magnetometer, gyroscope, proximity sensor, and fingerprint sensor. The Huawei Mate 30 Pro supports face unlock with 3D face recognition. The Huawei Mate 30 Pro measures 158.10 x 73.10 x 8.80mm (height x width x thickness) and weighs 198.00 grams. It was launched in Space Silver, Emerald Green, Cosmic Purple, Black, Vegan Forest Green, and Vegan Orange colours.</p>\r\n<p>&nbsp;</p>\r\n<p>This phone will work on GSM SIM cards like AT&amp;T or T-Mobile or any other GSM SIM Card network provider but it will NOT work on CDMA such as Sprint, Verizon or US Cellular or Boost Mobile or any other CDMA Networks.</p>\r\n<p>&nbsp;</p>\r\n<p><span style=\"text-decoration: underline;\"><strong>Specifications:</strong></span></p>\r\n<p>&nbsp;</p>\r\n<table id=\"productDetails_detailBullets_sections1\" class=\"a-keyvalue prodDetTable\" style=\"height: 126px;\" role=\"presentation\">\r\n<tbody>\r\n<tr style=\"height: 21px;\">\r\n<th class=\"a-color-secondary a-size-base prodDetSectionEntry\" style=\"height: 21px; width: 154.219px; text-align: left;\">Product Dimensions</th>\r\n<td class=\"a-size-base\" style=\"height: 21px; width: 295.219px; text-align: right;\">7 x 3 x 2.5 inches</td>\r\n</tr>\r\n<tr style=\"height: 21px;\">\r\n<th class=\"a-color-secondary a-size-base prodDetSectionEntry\" style=\"text-align: left; height: 21px; width: 154.219px;\">Item Weight</th>\r\n<td class=\"a-size-base\" style=\"height: 21px; width: 295.219px; text-align: right;\">6.9 ounces</td>\r\n</tr>\r\n<tr style=\"height: 21px;\">\r\n<th class=\"a-color-secondary a-size-base prodDetSectionEntry\" style=\"text-align: left; height: 21px; width: 154.219px;\">Shipping Weight</th>\r\n<td class=\"a-size-base\" style=\"height: 21px; width: 295.219px; text-align: right;\">6.9 ounces</td>\r\n</tr>\r\n<tr style=\"height: 21px;\">\r\n<th class=\"a-color-secondary a-size-base prodDetSectionEntry\" style=\"text-align: left; height: 21px; width: 154.219px;\">ASIN</th>\r\n<td class=\"a-size-base\" style=\"height: 21px; width: 295.219px; text-align: right;\">B07ZHM9ZFH</td>\r\n</tr>\r\n<tr style=\"height: 21px;\">\r\n<th class=\"a-color-secondary a-size-base prodDetSectionEntry\" style=\"text-align: left; height: 21px; width: 154.219px;\">Item model number</th>\r\n<td class=\"a-size-base\" style=\"height: 21px; width: 295.219px; text-align: right;\">TAS-AL00</td>\r\n</tr>\r\n<tr style=\"height: 21px;\">\r\n<th class=\"a-color-secondary a-size-base prodDetSectionEntry\" style=\"text-align: left; height: 21px; width: 154.219px;\">Batteries</th>\r\n<td class=\"a-size-base\" style=\"height: 21px; width: 295.219px; text-align: right;\">1 Lithium ion batteries required. (included)</td>\r\n</tr>\r\n</tbody>\r\n</table>', 'Unlocked cell phones are compatible with GSM carrier such as AT&T and T-Mobile, but are not compatible with CDMA carriers such as Verizon and Sprint.\r\nDisplay 6.62-inch OLED FullView Display\r\nProcessor HiSilicon Kirin 990'),
(18, 18, 'en', 'Huawei P30 Pro 128GB+8GB RAM (VOG-L29) 40MP LTE Factory Unlocked GSM Smartphone', '<p><span class=\"a-list-item\">6.47 inches 1080 x 2340 pixels, 19.5:9 ratio (~398 ppi density) - Android 9.0 + EMUI 9.0 - IP68 dust/water resistant - Front/back glass, aluminum frame</span></p>\r\n<p><span class=\"a-list-item\">128GB + 8GB RAM - NM (Nano Memory), up to 256GB (uses SIM 2) - Non-removable Li-Po 4200 mAh battery - Hisilicon Kirin 980 Octa-core 2.6GHz</span></p>\r\n<p><span class=\"a-list-item\">Rear Camera: 40 MP, f/1.6, 27mm (wide) + 20 MP, f/2.2, 16mm (ultrawide) + Periscope 8 MP, f/3.4, 125mm (telephoto) - Front Camera: 32 MP, f/2.0, (wide) - Video: <a href=\"mailto:2160p@30fps\">2160p@30fps</a></span></p>\r\n<p>&nbsp;</p>\r\n<p><span class=\"a-list-item\">Unlocked cellphones are compatible with most of the GSM carrier ( Like T-Mobile or AT&amp;T ) but please be aware that are not compatible with CDMA carriers ( Like Sprint or Verizon Wireless for example )</span></p>\r\n<p><span class=\"a-list-item\"><span class=\"a-list-item\">3G HSDPA 800 / 850 / 900 / 1700(AWS) / 1900 / 2100 - 4G LTE band 1(2100), 2(1900), 3(1800), 4(1700/2100), 5(850), 6(900), 7(2600), 8(900), 9(1800), 12(700), 17(700), 18(800), 19(800), 20(800), 26(850), 28(700), 32(1500), 34(2000), 38(2600), 39(1900), 40(2300) - Hybrid Dual SIM (Nano-SIM, dual stand-by) &gt; (ensure to check compatibility with your carrier before purchase)6.47 inches 1080 x 2340 pixels, 19.5:9 ratio (~398 ppi density) - Android 9.0 + EMUI 9.0 - IP68 dust/water resistant - Front/back glass, aluminum frame128GB + 8GB RAM - NM (Nano Memory), up to 256GB (uses SIM 2) - Non-removable Li-Po 4200 mAh battery - Hisilicon Kirin 980 Octa-core 2.6GHzRear Camera: 40 MP, f/1.6, 27mm (wide) + 20 MP, f/2.2, 16mm (ultrawide) + Periscope 8 MP, f/3.4, 125mm (telephoto) - Front Camera: 32 MP, f/2.0, (wide) - Video: 2160p@30fpsUnlocked cellphones are compatible with most of the GSM carrier ( Like T-Mobile or AT&amp;T ) but please be aware that are not compatible with CDMA carriers ( Like Sprint or Verizon Wireless for example )<br /></span></span></p>\r\n<p>&nbsp;</p>\r\n<p><span class=\"a-list-item\">This phone will work on GSM SIM cards like AT&amp;T or T-Mobile or any other GSM SIM Card network provider but it will NOT work on CDMA such as Sprint, Verizon or US Cellular or Boost Mobile or any other CDMA Networks.</span></p>\r\n<p>&nbsp;</p>\r\n<p><span style=\"text-decoration: underline;\"><strong><span class=\"a-list-item\">Specifications:</span></strong></span></p>\r\n<p>&nbsp;</p>\r\n<table id=\"productDetails_detailBullets_sections1\" class=\"a-keyvalue prodDetTable\" style=\"height: 126px;\" role=\"presentation\">\r\n<tbody>\r\n<tr style=\"height: 21px;\">\r\n<th class=\"a-color-secondary a-size-base prodDetSectionEntry\" style=\"height: 21px; width: 154.219px; text-align: left;\">Product Dimensions</th>\r\n<td class=\"a-size-base\" style=\"height: 21px; width: 330.219px; text-align: right;\">2.6 x 1.6 x 0.6 inches</td>\r\n</tr>\r\n<tr style=\"height: 21px;\">\r\n<th class=\"a-color-secondary a-size-base prodDetSectionEntry\" style=\"height: 21px; width: 154.219px; text-align: left;\">Item Weight</th>\r\n<td class=\"a-size-base\" style=\"height: 21px; width: 330.219px; text-align: right;\">1.1 pounds</td>\r\n</tr>\r\n<tr style=\"height: 21px;\">\r\n<th class=\"a-color-secondary a-size-base prodDetSectionEntry\" style=\"height: 21px; width: 154.219px; text-align: left;\">Shipping Weight</th>\r\n<td class=\"a-size-base\" style=\"height: 21px; width: 330.219px; text-align: right;\">1.19 pounds</td>\r\n</tr>\r\n<tr style=\"height: 21px;\">\r\n<th class=\"a-color-secondary a-size-base prodDetSectionEntry\" style=\"height: 21px; width: 154.219px; text-align: left;\">ASIN</th>\r\n<td class=\"a-size-base\" style=\"height: 21px; width: 330.219px; text-align: right;\">B07PX3ZRJ6</td>\r\n</tr>\r\n<tr style=\"height: 21px;\">\r\n<th class=\"a-color-secondary a-size-base prodDetSectionEntry\" style=\"height: 21px; width: 154.219px; text-align: left;\">Item model number</th>\r\n<td class=\"a-size-base\" style=\"height: 21px; width: 330.219px; text-align: right;\">6901443293186</td>\r\n</tr>\r\n<tr style=\"height: 21px;\">\r\n<th class=\"a-color-secondary a-size-base prodDetSectionEntry\" style=\"height: 21px; width: 154.219px; text-align: left;\">Batteries</th>\r\n<td class=\"a-size-base\" style=\"height: 21px; width: 330.219px; text-align: right;\">1 Lithium Polymer batteries required. (included)</td>\r\n</tr>\r\n</tbody>\r\n</table>\r\n<p>&nbsp;</p>', '6.47 inches 1080 x 2340 pixels, 19.5:9 ratio (~398 ppi density) - Android 9.0 + EMUI 9.0 - IP68 dust/water resistant - Front/back glass, aluminum frame\r\n128GB + 8GB RAM - NM (Nano Memory), up to 256GB (uses SIM 2) - Non-removable Li-Po 4200 mAh battery - Hisilicon Kirin 980 Octa-core 2.6GHz'),
(19, 19, 'en', 'Huawei Mate 30 Pro 6.53\" 128GB 8GB RAM (GSM Only, No CDMA) Factory Unlocked', '<p>Huawei Mate 30 and Mate 30 Pro do not officially include Google services and applications. Unlocked cell phones are compatible with GSM carrier such as AT&amp;T and T-Mobile, but are not compatible with CDMA carriers such as Verizon and Sprint. The Huawei Mate 30 Pro runs EMUI 10 based on Android 10 and packs 128GB of inbuilt storage (up to 256GB). The Huawei Mate 30 Pro is a dual-SIM (GSM and GSM) smartphone that accepts Nano-SIM and Nano-SIM cards. Connectivity options on the Huawei Mate 30 Pro include Wi-Fi 802.11 a/b/g/n/ac, GPS, NFC, USB Type-C, 3G, and 4G (with support for Band 40 used by some LTE networks in India). Sensors on the phone include accelerometer, ambient light sensor, barometer, compass/ magnetometer, gyroscope, proximity sensor, and fingerprint sensor. The Huawei Mate 30 Pro supports face unlock with 3D face recognition. The Huawei Mate 30 Pro measures 158.10 x 73.10 x 8.80mm (height x width x thickness) and weighs 198.00 grams. It was launched in Space Silver, Emerald Green, Cosmic Purple, Black, Vegan Forest Green, and Vegan Orange colours.</p>\r\n<p>&nbsp;</p>\r\n<p><span style=\"text-decoration: underline;\"><strong>Specifications:</strong></span></p>\r\n<p>&nbsp;</p>\r\n<table id=\"productDetails_detailBullets_sections1\" class=\"a-keyvalue prodDetTable\" role=\"presentation\">\r\n<tbody>\r\n<tr>\r\n<th class=\"a-color-secondary a-size-base prodDetSectionEntry\" style=\"text-align: left;\">Product Dimensions</th>\r\n<td class=\"a-size-base\" style=\"text-align: right;\">6.2 x 2.9 x 0.3 inches</td>\r\n</tr>\r\n<tr>\r\n<th class=\"a-color-secondary a-size-base prodDetSectionEntry\" style=\"text-align: left;\">Item Weight</th>\r\n<td class=\"a-size-base\" style=\"text-align: right;\">7 ounces</td>\r\n</tr>\r\n<tr>\r\n<th class=\"a-color-secondary a-size-base prodDetSectionEntry\" style=\"text-align: left;\">Shipping Weight</th>\r\n<td class=\"a-size-base\" style=\"text-align: right;\">7 ounces</td>\r\n</tr>\r\n<tr>\r\n<th class=\"a-color-secondary a-size-base prodDetSectionEntry\" style=\"text-align: left;\">ASIN</th>\r\n<td class=\"a-size-base\" style=\"text-align: right;\">B07YZW2FVM</td>\r\n</tr>\r\n<tr>\r\n<th class=\"a-color-secondary a-size-base prodDetSectionEntry\" style=\"text-align: left;\">Item model number</th>\r\n<td class=\"a-size-base\" style=\"text-align: right;\">Mate 30 Pro</td>\r\n</tr>\r\n<tr>\r\n<th class=\"a-color-secondary a-size-base prodDetSectionEntry\" style=\"text-align: left;\">Batteries</th>\r\n<td class=\"a-size-base\" style=\"text-align: right;\">1 Lithium ion batteries required. (included)</td>\r\n</tr>\r\n</tbody>\r\n</table>', 'Display 6.53-inch (1176x2400)\r\nProcessor HiSilicon Kirin 990\r\nRear Camera 40MP + 40MP + 8MP Front Camera 32MP'),
(20, 20, 'en', 'Apple iPad Pro (11-inch, Wi-Fi, 64GB) - Silver (1st Generation)', '<p><span class=\"a-list-item\">11-Inch edge-to-edge Liquid Retina display with Promotion&nbsp; true Tone, and wide Color</span></p>\r\n<p><span class=\"a-list-item\">A12X Bionic chip with Neural Engine</span></p>\r\n<p>&nbsp;</p>\r\n<p>&nbsp;</p>\r\n<p><span class=\"a-list-item\">Face ID for secure authentication and Apple Pay</span></p>\r\n<p><span class=\"a-list-item\">12MP back camera, 7MP True Depth front camera</span></p>\r\n<p><span class=\"a-list-item\">Four speaker Audio with wider Stereo sound</span></p>\r\n<p><span class=\"a-list-item\">802. 11AC Wi-Fi and gigabit-class LTE cellular data</span></p>\r\n<p>&nbsp;</p>\r\n<p>&nbsp;</p>\r\n<p><span class=\"a-list-item\">Up to 10 hours of battery life</span></p>\r\n<div class=\"a-row a-expander-container a-expander-inline-container\" aria-live=\"polite\">\r\n<div class=\"a-expander-content a-expander-extend-content a-expander-content-expanded\" aria-expanded=\"true\">\r\n<p><span class=\"a-list-item\">Usb-c connector for charging and accessories</span></p>\r\n<p><span class=\"a-list-item\">Ios 12 with group FaceTime, shared augmented reality experiences, screen time, and more</span></p>\r\n<p>&nbsp;</p>\r\n<p><span style=\"text-decoration: underline;\"><strong><span class=\"a-list-item\">Specifications:</span></strong></span></p>\r\n<p>&nbsp;</p>\r\n<table class=\"a-bordered\">\r\n<tbody>\r\n<tr>\r\n<td style=\"text-align: left;\">\r\n<p><strong>Display</strong></p>\r\n</td>\r\n<td style=\"text-align: right;\">\r\n<p>11‑inch Liquid Retina display with ProMotion technology and True Tone</p>\r\n</td>\r\n</tr>\r\n<tr>\r\n<td style=\"text-align: left;\">\r\n<p><strong>Capacity</strong></p>\r\n</td>\r\n<td style=\"text-align: right;\">\r\n<p>64GB, 256GB, 512GB, 1TB</p>\r\n</td>\r\n</tr>\r\n<tr>\r\n<td style=\"text-align: left;\">\r\n<p><strong>Chip</strong></p>\r\n</td>\r\n<td style=\"text-align: right;\">\r\n<p>A12X Bionic chip with 64-bit desktop-class architecture, Neural Engine, Compared to A8; CPU: 3x faster; Graphics: 8x faster, Embedded M12 coprocessor</p>\r\n</td>\r\n</tr>\r\n<tr>\r\n<td style=\"text-align: left;\">\r\n<p><strong>Camera and Video</strong></p>\r\n</td>\r\n<td style=\"text-align: right;\">\r\n<p>12MP camera with Smart HDR and 4K video at 30 fps or 60 fpss</p>\r\n</td>\r\n</tr>\r\n<tr>\r\n<td style=\"text-align: left;\">\r\n<p><strong>Front Camera</strong></p>\r\n</td>\r\n<td style=\"text-align: right;\">\r\n<p>7MP TrueDepth front camera with Portrait mode, Portrait Lighting, and Smart HDR</p>\r\n</td>\r\n</tr>\r\n<tr>\r\n<td style=\"text-align: left;\">\r\n<p><strong>Battery Life</strong></p>\r\n</td>\r\n<td style=\"text-align: right;\">\r\n<p>Up to 10 hours of surﬁng the web on Wi‑Fi, watching video, or listening to music. Up to 9 hours of surﬁng the web using cellular data network</p>\r\n</td>\r\n</tr>\r\n<tr>\r\n<td style=\"text-align: left;\">\r\n<p><strong>Connector</strong></p>\r\n</td>\r\n<td style=\"text-align: right;\">\r\n<p>USB-C</p>\r\n</td>\r\n</tr>\r\n</tbody>\r\n</table>\r\n</div>\r\n</div>', '11-inch edge-to-edge Liquid Retina display with ProMotion, True Tone, and wide color\r\nA12X Bionic chip with Neural Engine\r\nFace ID for secure authentication and Apple Pay'),
(21, 21, 'en', 'Apple iPad Pro (12.9-inch, Wi-Fi, 256GB) - Space Gray (3rd Generation)', '<p><span class=\"a-list-item\">12.9-inch edge-to-edge Liquid Retina display with ProMotion, True Tone, and wide color</span></p>\r\n<p><span class=\"a-list-item\">A12X Bionic chip with Neural Engine</span></p>\r\n<p><span class=\"a-list-item\">Face ID for secure authentication and Apple Pay</span></p>\r\n<p>&nbsp;</p>\r\n<p>&nbsp;</p>\r\n<p><span class=\"a-list-item\">12MP back camera, 7MP TrueDepth front camera</span></p>\r\n<p><span class=\"a-list-item\">Four speaker audio with wider stereo sound</span></p>\r\n<p><span class=\"a-list-item\">802.11ac Wi-Fi</span></p>\r\n<p><span class=\"a-list-item\">Up to 10 hours of battery life</span></p>\r\n<p>&nbsp;</p>\r\n<p>&nbsp;</p>\r\n<div class=\"a-row a-expander-container a-expander-inline-container\" aria-live=\"polite\">\r\n<div class=\"a-expander-content a-expander-extend-content a-expander-content-expanded\" aria-expanded=\"true\">\r\n<p><span class=\"a-list-item\">USB-C connector for charging and accessories</span></p>\r\n<p><span class=\"a-list-item\">iOS 12 with Group FaceTime, shared augmented reality experiences, Screen Time, and more</span></p>\r\n<p>&nbsp;</p>\r\n<p><span style=\"text-decoration: underline;\"><strong><span class=\"a-list-item\">Specifications:</span></strong></span></p>\r\n<p>&nbsp;</p>\r\n<table class=\"a-bordered\">\r\n<tbody>\r\n<tr>\r\n<td style=\"text-align: left;\">\r\n<p><strong>Display</strong></p>\r\n</td>\r\n<td style=\"text-align: right;\">\r\n<p>12.9‑inch Liquid&nbsp;Retina display with ProMotion technology and True&nbsp;Tone</p>\r\n</td>\r\n</tr>\r\n<tr>\r\n<td style=\"text-align: left;\">\r\n<p><strong>Capacity</strong></p>\r\n</td>\r\n<td style=\"text-align: right;\">\r\n<p>64GB, 256GB, 512GB, 1TB</p>\r\n</td>\r\n</tr>\r\n<tr>\r\n<td style=\"text-align: left;\">\r\n<p><strong>Chip</strong></p>\r\n</td>\r\n<td style=\"text-align: right;\">\r\n<p>A12X Bionic chip with 64-bit desktop-class architecture, Neural Engine, Compared to A8; CPU: 3x faster; Graphics: 8x faster, Embedded M12 coprocessor</p>\r\n</td>\r\n</tr>\r\n<tr>\r\n<td style=\"text-align: left;\">\r\n<p><strong>Camera and Video</strong></p>\r\n</td>\r\n<td style=\"text-align: right;\">\r\n<p>12MP camera with Smart HDR and 4K video at 30 fps or 60 fps</p>\r\n</td>\r\n</tr>\r\n<tr>\r\n<td style=\"text-align: left;\">\r\n<p><strong>Front Camera</strong></p>\r\n</td>\r\n<td style=\"text-align: right;\">\r\n<p>7MP TrueDepth front camera with Portrait mode, Portrait Lighting, and Smart HDR</p>\r\n</td>\r\n</tr>\r\n<tr>\r\n<td style=\"text-align: left;\">\r\n<p><strong>Battery Life</strong></p>\r\n</td>\r\n<td style=\"text-align: right;\">\r\n<p>Up to 10 hours of surﬁng the web on Wi‑Fi, watching video, or listening to music. Up to 9 hours of surﬁng the web using cellular data network</p>\r\n</td>\r\n</tr>\r\n<tr>\r\n<td style=\"text-align: left;\">\r\n<p><strong>Connector</strong></p>\r\n</td>\r\n<td style=\"text-align: right;\">\r\n<p>USB-C</p>\r\n</td>\r\n</tr>\r\n</tbody>\r\n</table>\r\n</div>\r\n</div>', '12.9-inch edge-to-edge Liquid Retina display with ProMotion, True Tone, and wide color\r\nA12X Bionic chip with Neural Engine\r\nFace ID for secure authentication and Apple Pay\r\n12MP back camera, 7MP TrueDepth front camera'),
(22, 22, 'en', 'Samsung Galaxy Tab S6 10.5\",  128GB WiFi Tablet Cloud Blue', '<p><span class=\"a-list-item\">The 2 in 1 that&rsquo;s your all in one; Instantly transform your Android tablet into a PC desktop experience when you attach the keyboard1with built in trackpad</span></p>\r\n<p><span class=\"a-list-item\">Power to multitask; Thanks to the speed of the fast mobile processor, rapidly switch between apps and tasks or immerse yourself in graphic intensive games; Plus, get PC caliber internal RAM</span></p>\r\n<p>&nbsp;</p>\r\n<p>&nbsp;</p>\r\n<p><span class=\"a-list-item\">All new S Pen included; Now the included S Pen lets you pause and skip at the press of the button; Plus, you can still mark up papers, sign docs and take notes; The S Pen even attaches magnetically for easy storage and charging</span></p>\r\n<p><span class=\"a-list-item\">Light on weight; Heavy on entertainment; With a spectacular edge to edge Super AMOLED display, superior graphics and quad speakers tuned by AKG, get drawn into immersive games all on a 2 in 1 that only weighs about a pound</span></p>\r\n<p>&nbsp;</p>\r\n<p>&nbsp;</p>\r\n<p><span class=\"a-list-item\">More hours of power; With up to 15 hours 1 on a full charge, you can create and edit all day, plus enjoy continuous browsing and streaming; Then quickly recharge the Fast Charging battery</span></p>\r\n<p><span class=\"a-list-item\">Disclaimer: 1Based on laboratory testing; Battery life depends on usage; 2Compatible keyboard sold separately.</span></p>\r\n<p>&nbsp;</p>\r\n<p><span style=\"text-decoration: underline;\"><strong><span class=\"a-list-item\">Specifications:</span></strong></span></p>\r\n<p>&nbsp;</p>\r\n<table id=\"productDetails_techSpec_section_1\" class=\"a-keyvalue prodDetTable\" role=\"presentation\">\r\n<tbody>\r\n<tr>\r\n<th class=\"a-color-secondary a-size-base prodDetSectionEntry\" style=\"text-align: left;\">Screen Size</th>\r\n<td class=\"a-size-base\" style=\"text-align: right;\">10.5 inches</td>\r\n</tr>\r\n<tr>\r\n<th class=\"a-color-secondary a-size-base prodDetSectionEntry\" style=\"text-align: left;\">Screen Resolution</th>\r\n<td class=\"a-size-base\" style=\"text-align: right;\">2560 x 1600 pixels</td>\r\n</tr>\r\n<tr>\r\n<th class=\"a-color-secondary a-size-base prodDetSectionEntry\" style=\"text-align: left;\">Max Screen Resolution</th>\r\n<td class=\"a-size-base\" style=\"text-align: right;\">2560 x 1600 pixels</td>\r\n</tr>\r\n<tr>\r\n<th class=\"a-color-secondary a-size-base prodDetSectionEntry\" style=\"text-align: left;\">Processor</th>\r\n<td class=\"a-size-base\" style=\"text-align: right;\">2.84 GHz</td>\r\n</tr>\r\n<tr>\r\n<th class=\"a-color-secondary a-size-base prodDetSectionEntry\" style=\"text-align: left;\">RAM</th>\r\n<td class=\"a-size-base\" style=\"text-align: right;\">6 GB</td>\r\n</tr>\r\n<tr>\r\n<th class=\"a-color-secondary a-size-base prodDetSectionEntry\" style=\"text-align: left;\">Hard Drive</th>\r\n<td class=\"a-size-base\" style=\"text-align: right;\">128 GB</td>\r\n</tr>\r\n<tr>\r\n<th class=\"a-color-secondary a-size-base prodDetSectionEntry\" style=\"text-align: left;\">Graphics Coprocessor</th>\r\n<td class=\"a-size-base\" style=\"text-align: right;\">Qualcomm Snapdragon 855</td>\r\n</tr>\r\n<tr>\r\n<th class=\"a-color-secondary a-size-base prodDetSectionEntry\" style=\"text-align: left;\">Card Description</th>\r\n<td class=\"a-size-base\" style=\"text-align: right;\">Integrated</td>\r\n</tr>\r\n<tr>\r\n<th class=\"a-color-secondary a-size-base prodDetSectionEntry\" style=\"text-align: left;\">Wireless Type</th>\r\n<td class=\"a-size-base\" style=\"text-align: right;\">802.11a/b/g/n/ac, Bluetooth, 2.4 GHz Radio Frequency, 5 GHz Radio Frequency</td>\r\n</tr>\r\n<tr>\r\n<th class=\"a-color-secondary a-size-base prodDetSectionEntry\" style=\"text-align: left;\">Number of USB 3.0 Ports</th>\r\n<td class=\"a-size-base\" style=\"text-align: right;\">1</td>\r\n</tr>\r\n<tr>\r\n<th class=\"a-color-secondary a-size-base prodDetSectionEntry\" style=\"text-align: left;\">Average Battery Life (in hours)</th>\r\n<td class=\"a-size-base\" style=\"text-align: right;\">15 hours</td>\r\n</tr>\r\n<tr>\r\n<th class=\"a-color-secondary a-size-base prodDetSectionEntry\" style=\"text-align: left;\">National Stock Number</th>\r\n<td class=\"a-size-base\" style=\"text-align: right;\">SM-T860NZBAXAR</td>\r\n</tr>\r\n</tbody>\r\n</table>\r\n<p>&nbsp;</p>', 'Power to multitask; Thanks to the speed of the fast mobile processor, rapidly switch between apps and tasks or immerse yourself in graphic intensive games; Plus, get PC caliber internal RAM\r\nAll new S Pen included; Now the included S Pen lets you pause and skip at the press of the button; Plus, you can still mark up papers.'),
(23, 23, 'en', 'New Apple iPad (10.2-Inch, Wi-Fi, 128GB) - Space Gray (Latest Model)', '<p><span class=\"a-list-item\">10.2-Inch Retina Display</span></p>\r\n<p><span class=\"a-list-item\">A10 Fusion chip</span></p>\r\n<p><span class=\"a-list-item\">Touch ID Fingerprint Sensor</span></p>\r\n<p><span class=\"a-list-item\">8MP back camera, 1.2MP FaceTime HD Front camera</span></p>\r\n<p>&nbsp;</p>\r\n<p>&nbsp;</p>\r\n<p><span class=\"a-list-item\">Stereo speakers</span></p>\r\n<p><span class=\"a-list-item\">802.11AC Wi-Fi and gigabit-class LTE cellular data</span></p>\r\n<p><span class=\"a-list-item\">Up to 10 hours of battery life</span></p>\r\n<div class=\"a-row a-expander-container a-expander-inline-container\" aria-live=\"polite\">\r\n<div class=\"a-expander-content a-expander-extend-content a-expander-content-expanded\" aria-expanded=\"true\">\r\n<p><span class=\"a-list-item\">Lightning Connector for charging and accessories</span></p>\r\n<p><span class=\"a-list-item\">Support for smart keyboard and Apple Pencil</span></p>\r\n<p>&nbsp;</p>\r\n<p><span style=\"text-decoration: underline;\"><strong><span class=\"a-list-item\">Specifications:</span></strong></span></p>\r\n<p>&nbsp;</p>\r\n<table class=\"a-bordered\">\r\n<tbody>\r\n<tr>\r\n<td style=\"text-align: left;\">\r\n<p><strong>Display</strong></p>\r\n</td>\r\n<td style=\"text-align: right;\">\r\n<p>10.2‑inch Retina display</p>\r\n</td>\r\n</tr>\r\n<tr>\r\n<td style=\"text-align: left;\">\r\n<p><strong>Capacity</strong></p>\r\n</td>\r\n<td style=\"text-align: right;\">\r\n<p>32GB, 128GB</p>\r\n</td>\r\n</tr>\r\n<tr>\r\n<td style=\"text-align: left;\">\r\n<p><strong>Chip</strong></p>\r\n</td>\r\n<td style=\"text-align: right;\">\r\n<p>A10 Fusion chip with 64-bit architecture, Embedded M10 coprocessor</p>\r\n</td>\r\n</tr>\r\n<tr>\r\n<td style=\"text-align: left;\">\r\n<p><strong>Camera and Video</strong></p>\r\n</td>\r\n<td style=\"text-align: right;\">\r\n<p>8MP camera with HDR and 1080p HD video</p>\r\n</td>\r\n</tr>\r\n<tr>\r\n<td style=\"text-align: left;\">\r\n<p><strong>Front Camera</strong></p>\r\n</td>\r\n<td style=\"text-align: right;\">\r\n<p>1.2MP FaceTime HD front camera with HDR</p>\r\n</td>\r\n</tr>\r\n<tr>\r\n<td style=\"text-align: left;\">\r\n<p><strong>Battery Life</strong></p>\r\n</td>\r\n<td style=\"text-align: right;\">\r\n<p>Up to 10 hours of surﬁng the web on Wi‑Fi, watching video, or listening to music.; Up to 9 hours of surﬁng the web using cellular data network</p>\r\n</td>\r\n</tr>\r\n<tr>\r\n<td style=\"text-align: left;\">\r\n<p><strong>Connector</strong></p>\r\n</td>\r\n<td style=\"text-align: right;\">\r\n<p>Lightning</p>\r\n</td>\r\n</tr>\r\n</tbody>\r\n</table>\r\n</div>\r\n</div>', '10.2-Inch Retina Display\r\nA10 Fusion chip\r\nTouch ID Fingerprint Sensor\r\n8MP back camera, 1.2MP FaceTime HD Front camera\r\nStereo speakers'),
(24, 24, 'en', 'Lenovo Flex 14 2-in-1 Convertible Laptop, 14 Inch FHD Touchscreen Display, AMD Ryzen 5 3500U Processor', '<p><span class=\"a-list-item\">With a 1920 x 1080 Full HD touch screen Display and the powerful and efficient AMD Ryzen 5 3500U mobile Processor, you can work, stream, and game for hours, along with Radeon Vega 8 for fast video and photo editing. Includes HDMI, USB-C, and USB 3.1 inputs</span></p>\r\n<p><span class=\"a-list-item\">Comprehensive, built-in, ongoing protection with Windows 10 helps protect you against viruses, malware, and ransomware</span></p>\r\n<p>&nbsp;</p>\r\n<p>&nbsp;</p>\r\n<p><span class=\"a-list-item\">Convenient true block privacy shutter allows you to physically close your PC\'s webcam whenever you\'re not using it</span></p>\r\n<p><span class=\"a-list-item\">With the included active Pen, you can draw or take notes directly on the screen, anywhere you go</span></p>\r\n<p>&nbsp;</p>\r\n<p>&nbsp;</p>\r\n<p><span class=\"a-list-item\">Up to 10 hours of battery life with recharge Technology to power your laptop computer up to 80% in just one hour</span></p>\r\n<p>&nbsp;</p>\r\n<p style=\"text-align: left;\"><span style=\"text-decoration: underline;\"><strong><span class=\"a-list-item\">Spefications:</span></strong></span></p>\r\n<p style=\"text-align: left;\">&nbsp;</p>\r\n<table id=\"productDetails_techSpec_section_1\" class=\"a-keyvalue prodDetTable\" style=\"height: 260px;\" role=\"presentation\">\r\n<tbody>\r\n<tr style=\"height: 20px;\">\r\n<th class=\"a-color-secondary a-size-base prodDetSectionEntry\" style=\"text-align: left; height: 20px; width: 239.727px;\">Screen Size</th>\r\n<td class=\"a-size-base\" style=\"height: 20px; width: 242.227px; text-align: right;\">14 inches</td>\r\n</tr>\r\n<tr style=\"height: 20px;\">\r\n<th class=\"a-color-secondary a-size-base prodDetSectionEntry\" style=\"text-align: left; height: 20px; width: 239.727px;\">Screen Resolution</th>\r\n<td class=\"a-size-base\" style=\"height: 20px; width: 242.227px; text-align: right;\">1920x1080 pixels</td>\r\n</tr>\r\n<tr style=\"height: 20px;\">\r\n<th class=\"a-color-secondary a-size-base prodDetSectionEntry\" style=\"text-align: left; height: 20px; width: 239.727px;\">Max Screen Resolution</th>\r\n<td class=\"a-size-base\" style=\"height: 20px; width: 242.227px; text-align: right;\">1440 x 900 pixels</td>\r\n</tr>\r\n<tr style=\"height: 20px;\">\r\n<th class=\"a-color-secondary a-size-base prodDetSectionEntry\" style=\"text-align: left; height: 20px; width: 239.727px;\">Processor</th>\r\n<td class=\"a-size-base\" style=\"height: 20px; width: 242.227px; text-align: right;\">2.1 GHz AMD R Series</td>\r\n</tr>\r\n<tr style=\"height: 20px;\">\r\n<th class=\"a-color-secondary a-size-base prodDetSectionEntry\" style=\"text-align: left; height: 20px; width: 239.727px;\">RAM</th>\r\n<td class=\"a-size-base\" style=\"height: 20px; width: 242.227px; text-align: right;\">12 GB DDR4</td>\r\n</tr>\r\n<tr style=\"height: 20px;\">\r\n<th class=\"a-color-secondary a-size-base prodDetSectionEntry\" style=\"text-align: left; height: 20px; width: 239.727px;\">Memory Speed</th>\r\n<td class=\"a-size-base\" style=\"height: 20px; width: 242.227px; text-align: right;\">2400 MHz</td>\r\n</tr>\r\n<tr style=\"height: 20px;\">\r\n<th class=\"a-color-secondary a-size-base prodDetSectionEntry\" style=\"text-align: left; height: 20px; width: 239.727px;\">Hard Drive</th>\r\n<td class=\"a-size-base\" style=\"height: 20px; width: 242.227px; text-align: right;\">256 GB Flash Memory Solid State</td>\r\n</tr>\r\n<tr style=\"height: 20px;\">\r\n<th class=\"a-color-secondary a-size-base prodDetSectionEntry\" style=\"text-align: left; height: 20px; width: 239.727px;\">Graphics Coprocessor</th>\r\n<td class=\"a-size-base\" style=\"height: 20px; width: 242.227px; text-align: right;\">AMD Radeon Vega 8</td>\r\n</tr>\r\n<tr style=\"height: 20px;\">\r\n<th class=\"a-color-secondary a-size-base prodDetSectionEntry\" style=\"text-align: left; height: 20px; width: 239.727px;\">Chipset Brand</th>\r\n<td class=\"a-size-base\" style=\"height: 20px; width: 242.227px; text-align: right;\">AMD</td>\r\n</tr>\r\n<tr style=\"height: 20px;\">\r\n<th class=\"a-color-secondary a-size-base prodDetSectionEntry\" style=\"text-align: left; height: 20px; width: 239.727px;\">Card Description</th>\r\n<td class=\"a-size-base\" style=\"height: 20px; width: 242.227px; text-align: right;\">Integrated</td>\r\n</tr>\r\n<tr style=\"height: 20px;\">\r\n<th class=\"a-color-secondary a-size-base prodDetSectionEntry\" style=\"text-align: left; height: 20px; width: 239.727px;\">Wireless Type</th>\r\n<td class=\"a-size-base\" style=\"height: 20px; width: 242.227px; text-align: right;\">Bluetooth</td>\r\n</tr>\r\n<tr style=\"height: 20px;\">\r\n<th class=\"a-color-secondary a-size-base prodDetSectionEntry\" style=\"text-align: left; height: 20px; width: 239.727px;\">Number of USB 3.0 Ports</th>\r\n<td class=\"a-size-base\" style=\"height: 20px; width: 242.227px; text-align: right;\">2</td>\r\n</tr>\r\n<tr style=\"height: 20px;\">\r\n<th class=\"a-color-secondary a-size-base prodDetSectionEntry\" style=\"text-align: left; height: 20px; width: 239.727px;\">Average Battery Life (in hours)</th>\r\n<td class=\"a-size-base\" style=\"height: 20px; width: 242.227px; text-align: right;\">10 hours</td>\r\n</tr>\r\n</tbody>\r\n</table>', 'A best in class laptop with the versatility of a studio and tablet\r\nMore power now with the new 8th Generation Intel Core processor');
INSERT INTO `product_translations` (`id`, `product_id`, `locale`, `name`, `description`, `short_description`) VALUES
(25, 25, 'en', 'Microsoft  Surface Pro 6 (Intel Core i5, 8GB RAM, 128GB)', '<p><span class=\"a-list-item\">A best in class laptop with the versatility of a studio and tablet</span></p>\r\n<p><span class=\"a-list-item\">More power now with the new 8th Generation Intel Core processor</span></p>\r\n<p><span class=\"a-list-item\">Ultra slim and light, starting at just 1.7 pounds. Sensors : Ambient light sensor, Accelerometer, Gyroscope</span></p>\r\n<p>&nbsp;</p>\r\n<p>&nbsp;</p>\r\n<p><span class=\"a-list-item\">All day battery life, with upto 13.5 hours of video playback</span></p>\r\n<p><span class=\"a-list-item\">Pair with our signature type cover in luxurious Alcantara material and rich colors for a full keyboard experience</span></p>\r\n<p><br /><br /></p>\r\n<p><span style=\"text-decoration: underline;\"><strong>Specifications:</strong></span></p>\r\n<p>&nbsp;</p>\r\n<table id=\"productDetails_techSpec_section_1\" class=\"a-keyvalue prodDetTable\" role=\"presentation\">\r\n<tbody>\r\n<tr>\r\n<th class=\"a-color-secondary a-size-base prodDetSectionEntry\" style=\"text-align: left;\">Screen Size</th>\r\n<td class=\"a-size-base\" style=\"text-align: right;\">12.3 inches</td>\r\n</tr>\r\n<tr>\r\n<th class=\"a-color-secondary a-size-base prodDetSectionEntry\" style=\"text-align: left;\">Max Screen Resolution</th>\r\n<td class=\"a-size-base\" style=\"text-align: right;\">2736x1824 pixels</td>\r\n</tr>\r\n<tr>\r\n<th class=\"a-color-secondary a-size-base prodDetSectionEntry\" style=\"text-align: left;\">Processor</th>\r\n<td class=\"a-size-base\" style=\"text-align: right;\">1.3 GHz Core i5 8400T</td>\r\n</tr>\r\n<tr>\r\n<th class=\"a-color-secondary a-size-base prodDetSectionEntry\" style=\"text-align: left;\">RAM</th>\r\n<td class=\"a-size-base\" style=\"text-align: right;\">8 GB LPDDR3 1866 MHz</td>\r\n</tr>\r\n<tr>\r\n<th class=\"a-color-secondary a-size-base prodDetSectionEntry\" style=\"text-align: left;\">Hard Drive</th>\r\n<td class=\"a-size-base\" style=\"text-align: right;\">128 GB Flash Memory Solid State</td>\r\n</tr>\r\n<tr>\r\n<th class=\"a-color-secondary a-size-base prodDetSectionEntry\" style=\"text-align: left;\">Graphics Coprocessor</th>\r\n<td class=\"a-size-base\" style=\"text-align: right;\">Intel UHD Graphics 620</td>\r\n</tr>\r\n<tr>\r\n<th class=\"a-color-secondary a-size-base prodDetSectionEntry\" style=\"text-align: left;\">Card Description</th>\r\n<td class=\"a-size-base\" style=\"text-align: right;\">Integrated</td>\r\n</tr>\r\n<tr>\r\n<th class=\"a-color-secondary a-size-base prodDetSectionEntry\" style=\"text-align: left;\">Wireless Type</th>\r\n<td class=\"a-size-base\" style=\"text-align: right;\">802.11abg, 802.11a/b/g/n/ac, 802.11a/b/g/n, 802.11a</td>\r\n</tr>\r\n<tr>\r\n<th class=\"a-color-secondary a-size-base prodDetSectionEntry\" style=\"text-align: left;\">Number of USB 3.0 Ports</th>\r\n<td class=\"a-size-base\" style=\"text-align: right;\">1</td>\r\n</tr>\r\n<tr>\r\n<th class=\"a-color-secondary a-size-base prodDetSectionEntry\" style=\"text-align: left;\">Average Battery Life (in hours)</th>\r\n<td class=\"a-size-base\" style=\"text-align: right;\">5 hours</td>\r\n</tr>\r\n</tbody>\r\n</table>', 'A best in class laptop with the versatility of a studio and tablet\r\nMore power now with the new 8th Generation Intel Core processor'),
(26, 26, 'en', 'Microsoft Surface Laptop 3 – 13.5\" Touch-Screen – Intel Core i5 - 8GB Memory - 256GB', '<p><span class=\"a-list-item\">Clean, elegant design &mdash; thin and light, starting at just 2.79 pounds, Surface Laptop 3 is easy to carry</span></p>\r\n<p><span class=\"a-list-item\">Choose from rich tone-on-tone color combinations: new Sandstone, plus Matte Black, Cobalt Blue, and Platinum</span></p>\r\n<p>&nbsp;</p>\r\n<p>&nbsp;</p>\r\n<p><span class=\"a-list-item\">Improved speed and performance to do what you want, with the latest processors &ndash; Surface Laptop 3 is up to two times faster than Surface Laptop 2</span></p>\r\n<p><span class=\"a-list-item\">More ways to connect, with USB-C and USB-A ports for connecting to displays, docking stations and more, as well as accessory charging</span></p>\r\n<p>&nbsp;</p>\r\n<p>&nbsp;</p>\r\n<p><span class=\"a-list-item\">All-day power on the go, with up to 11.5 hours of battery life, Plus standby time when you&rsquo;re away. Go from empty to a full battery with fast charging- up to 80% in about 1 hour</span></p>\r\n<p>&nbsp;</p>\r\n<p><span style=\"text-decoration: underline;\"><strong><span class=\"a-list-item\">Specifications:</span></strong></span></p>\r\n<p>&nbsp;</p>\r\n<p>&nbsp;</p>\r\n<table id=\"productDetails_techSpec_section_1\" class=\"a-keyvalue prodDetTable\" role=\"presentation\">\r\n<tbody>\r\n<tr>\r\n<th class=\"a-color-secondary a-size-base prodDetSectionEntry\" style=\"text-align: left;\">Screen Size</th>\r\n<td class=\"a-size-base\" style=\"text-align: right;\">13.5 inches</td>\r\n</tr>\r\n<tr>\r\n<th class=\"a-color-secondary a-size-base prodDetSectionEntry\" style=\"text-align: left;\">Screen Resolution</th>\r\n<td class=\"a-size-base\" style=\"text-align: right;\">2256 x 1504</td>\r\n</tr>\r\n<tr>\r\n<th class=\"a-color-secondary a-size-base prodDetSectionEntry\" style=\"text-align: left;\">Max Screen Resolution</th>\r\n<td class=\"a-size-base\" style=\"text-align: right;\">2256 x 1504</td>\r\n</tr>\r\n<tr>\r\n<th class=\"a-color-secondary a-size-base prodDetSectionEntry\" style=\"text-align: left;\">Processor</th>\r\n<td class=\"a-size-base\" style=\"text-align: right;\">1.2 GHz Intel Core i5</td>\r\n</tr>\r\n<tr>\r\n<th class=\"a-color-secondary a-size-base prodDetSectionEntry\" style=\"text-align: left;\">RAM</th>\r\n<td class=\"a-size-base\" style=\"text-align: right;\">256 GB LPDDR4</td>\r\n</tr>\r\n<tr>\r\n<th class=\"a-color-secondary a-size-base prodDetSectionEntry\" style=\"text-align: left;\">Hard Drive</th>\r\n<td class=\"a-size-base\" style=\"text-align: right;\">256 GB Flash Memory Solid State</td>\r\n</tr>\r\n<tr>\r\n<th class=\"a-color-secondary a-size-base prodDetSectionEntry\" style=\"text-align: left;\">Graphics Coprocessor</th>\r\n<td class=\"a-size-base\" style=\"text-align: right;\">Intel Iris Plus Graphics</td>\r\n</tr>\r\n<tr>\r\n<th class=\"a-color-secondary a-size-base prodDetSectionEntry\" style=\"text-align: left;\">Chipset Brand</th>\r\n<td class=\"a-size-base\" style=\"text-align: right;\">Intel</td>\r\n</tr>\r\n<tr>\r\n<th class=\"a-color-secondary a-size-base prodDetSectionEntry\" style=\"text-align: left;\">Card Description</th>\r\n<td class=\"a-size-base\" style=\"text-align: right;\">Integrated</td>\r\n</tr>\r\n<tr>\r\n<th class=\"a-color-secondary a-size-base prodDetSectionEntry\" style=\"text-align: left;\">Graphics Card Ram Size</th>\r\n<td class=\"a-size-base\" style=\"text-align: right;\">1 GB</td>\r\n</tr>\r\n<tr>\r\n<th class=\"a-color-secondary a-size-base prodDetSectionEntry\" style=\"text-align: left;\">Wireless Type</th>\r\n<td class=\"a-size-base\" style=\"text-align: right;\">Bluetooth, 802.11ax</td>\r\n</tr>\r\n<tr>\r\n<th class=\"a-color-secondary a-size-base prodDetSectionEntry\" style=\"text-align: left;\">Number of USB 3.0 Ports</th>\r\n<td class=\"a-size-base\" style=\"text-align: right;\">2</td>\r\n</tr>\r\n<tr>\r\n<th class=\"a-color-secondary a-size-base prodDetSectionEntry\" style=\"text-align: left;\">Average Battery Life (in hours)</th>\r\n<td class=\"a-size-base\" style=\"text-align: right;\">1 days</td>\r\n</tr>\r\n</tbody>\r\n</table>\r\n<p>&nbsp;</p>', 'Clean, elegant design — thin and light, starting at just 2.79 pounds, Surface Laptop 3 is easy to carry\r\nImproved speed and performance to do what you want, with the latest processors – Surface Laptop 3 is up to two times faster than Surface Laptop 2'),
(27, 27, 'en', 'ZTE Nubia Red Magic 3 6.65\" 128GB 8GB Dual Sim Factory Unlocked - International Stock', '<p>International Model Factory Unlocked for GSM ONLY will NOT work on CDMA such as Sprint or Verizon or any other CDMA networks in USA, Will work on GSM Networks around the worldBody: 171.7 x 78.5 x 9.7 mm, 215 grams, Corning Gorilla Glass (unspecified version) front, metal unibody. Screen: 6.65\" AMOLED, 1080 x 2340px resolution; 19.5:9 aspect ratio; 388ppi.Chipset: Qualcomm SDM855 Snapdragon 855 (7 nm); Octa-core (1x2.84 GHz Kryo 485 &amp; 3x2.42 GHz Kryo 485 &amp; 4x1.80 GHz Kryo 485); Adreno 640. Memory: 128 GB, 8 GB RAM OS: Android 9.0 (Pie);</p>\r\n<p>&nbsp;</p>\r\n<p>Redmagic 2.0Rear camera: Main: 48MP, f/1.7, 1/2\", 0.8&micro;m pixel size; PDAF; 4320p@15fps, 2160p@30/60fps video recording. h264/h265 and 10bit HDR recording options Front camera: 16MP, f/2.0, 2.0&micro;m; 1080p@30fps video recording.Battery: 5,000 mAh, 18W fast charging. Misc: Game mode slider, stereo loudspeakers with DTS:X, rear-mounted fingerprint reader, USB-C 3.1 connector, customizable 16.8 million color RGB strip on the back, build-in cooling fan, available in Black, Red, Camouflage, Red/Blue.</p>\r\n<p>&nbsp;</p>\r\n<p><span style=\"text-decoration: underline;\"><strong><span class=\"a-list-item\">Specifications:</span></strong></span></p>\r\n<p>&nbsp;</p>\r\n<table id=\"productDetails_detailBullets_sections1\" class=\"a-keyvalue prodDetTable\" role=\"presentation\">\r\n<tbody>\r\n<tr>\r\n<th class=\"a-color-secondary a-size-base prodDetSectionEntry\" style=\"text-align: left;\">Product Dimensions</th>\r\n<td class=\"a-size-base\" style=\"text-align: right;\">6.8 x 3.1 x 0.4 inches</td>\r\n</tr>\r\n<tr>\r\n<th class=\"a-color-secondary a-size-base prodDetSectionEntry\" style=\"text-align: left;\">Item Weight</th>\r\n<td class=\"a-size-base\" style=\"text-align: right;\">7.5 ounces</td>\r\n</tr>\r\n<tr>\r\n<th class=\"a-color-secondary a-size-base prodDetSectionEntry\" style=\"text-align: left;\">Shipping Weight</th>\r\n<td class=\"a-size-base\" style=\"text-align: right;\">9.1 ounces</td>\r\n</tr>\r\n<tr>\r\n<th class=\"a-color-secondary a-size-base prodDetSectionEntry\" style=\"text-align: left;\">ASIN</th>\r\n<td class=\"a-size-base\" style=\"text-align: right;\">B07WFHXVPG</td>\r\n</tr>\r\n<tr>\r\n<th class=\"a-color-secondary a-size-base prodDetSectionEntry\" style=\"text-align: left;\">Batteries</th>\r\n<td class=\"a-size-base\" style=\"text-align: right;\">1 Lithium ion batteries required. (included)</td>\r\n</tr>\r\n</tbody>\r\n</table>\r\n<p>&nbsp;</p>', 'Chipset: Qualcomm SDM855 Snapdragon 855 (7 nm); Octa-core (1x2.84 GHz Kryo 485 & 3x2.42 GHz Kryo 485 & 4x1.80 GHz Kryo 485); Adreno 640. Memory: 128 GB, 8 GB RAM OS: Android 9.0 (Pie); Redmagic 2.0\r\nRear camera: Main: 48MP, f/1.7, 1/2\", 0.8µm pixel size; PDAF; 4320p@15fps, 2160p@30/60fps video recording. h264/h265 and 10bit HDR recording options Front camera: 16MP, f/2.0, 2.0µm; 1080p@30fps video recording.'),
(28, 28, 'en', 'Xiaomi Black Shark SKR-H0 (64GB + 6GB RAM) 6.0\", Snapdragon 845, Liquid Cooled, Dual Cameras', '<p>18:9 Fully wide field of view, the game seizes the opportunity 5.99\" large screen, support DCI-P3, color gamut up to 97%, with 18:9 super wide field of view, play games more cool, compared to the 16:9 screen, faster to find both sides of the target. Personality and comfort coexist The sports car shape, R angle design match the knuckle curvature, SHARK style atmosphere light, boot, call, notification, game scene, showing different effects.</p>\r\n<p>&nbsp;</p>\r\n<p>Liquid Cooling System (Multilayer Cooling-Kit) Processor cooling has a trick Ordinary players look at the configuration, and advanced players watch the heat. Multi-level direct-touch integrated liquid cooling system covers all high-heating modules, effectively cooling the core components of the mobile phone, and the processor can maintain high frequency and stable output for a long time. Independent image processing chip Pixelworks independent image processing chip, support intelligent motion compensation technology, image enhancement, dark scene detail processing, make game and video quality smoother, no jitter, no smear. Professional vision protection The independent image processing chip provides high-quality image images with clear picture quality , smooth video, no jitter, and pixel-level blue light to protect the eyes more professionally. Game dedicated Mic The third microphone is independently designed on the front of the mobile phone, hidden in the earpiece, and the chicken calls for teammates to be clearer. Shocking Biso sound Dual Smart PA design. HiFi level music presentation, team battle sound does not interfere X type smart antenna No matter whether it is horizontal or vertical, it is effective to avoid the \"catch of death\". International Model, Does not have US Warranty</p>\r\n<p>&nbsp;</p>\r\n<p><span class=\"a-list-item\">5.99 inches 1080 x 2160 pixels, 18:9 ratio (~403 ppi density), 97% DCI-P3 coverage, Fingerprint, Android 8.0</span></p>\r\n<p><span class=\"a-list-item\">64GB ROM , 6GB RAM - DOES NOT HAVE microSD Slot or 3.5mm Headset Jack, 4000mAh Long Life Battery</span></p>\r\n<p><span class=\"a-list-item\">20MP + 12MP Dual AI Camera\'s, phase detection autofocus, Dual Tone LED flash, 20MP Front Camera, Octa-core processor Qualcomm Snapdragon 845</span></p>\r\n<p>&nbsp;</p>\r\n<p>&nbsp;</p>\r\n<p><span class=\"a-list-item\">3G HSDPA 850 / 900 / 1900 / 2100, 4G LTE band 1(2100), 3(1800), 4(1700/2100), 5(850), 7(2600), 8(900), 12(700), 34(2000), 38(2600), 39(1900), 40(2300), 41(2500 - Compatible with most GSM Carriers Worldwide</span></p>\r\n<p><span class=\"a-list-item\">International model phone, Does not have US Warranty, will work with Most GSM SIM cards in U.S. and world Including AT&amp;T, T-Mobile, MetroPCS, Etc. Will NOT work with CDMA Carriers Such as Verizon, Sprint, Boost.</span></p>\r\n<p>&nbsp;</p>\r\n<p>&nbsp;</p>\r\n<p><span style=\"text-decoration: underline;\"><strong><span class=\"a-list-item\">Specifications:</span></strong></span></p>\r\n<p>&nbsp;</p>\r\n<table id=\"productDetails_detailBullets_sections1\" class=\"a-keyvalue prodDetTable\" role=\"presentation\">\r\n<tbody>\r\n<tr>\r\n<th class=\"a-color-secondary a-size-base prodDetSectionEntry\" style=\"text-align: left;\">Product Dimensions</th>\r\n<td class=\"a-size-base\" style=\"text-align: right;\">6.4 x 3 x 0.4 inches</td>\r\n</tr>\r\n<tr>\r\n<th class=\"a-color-secondary a-size-base prodDetSectionEntry\" style=\"text-align: left;\">Item Weight</th>\r\n<td class=\"a-size-base\" style=\"text-align: right;\">6.7 ounces</td>\r\n</tr>\r\n<tr>\r\n<th class=\"a-color-secondary a-size-base prodDetSectionEntry\" style=\"text-align: left;\">Shipping Weight</th>\r\n<td class=\"a-size-base\" style=\"text-align: right;\">1.4 pounds</td>\r\n</tr>\r\n<tr>\r\n<th class=\"a-color-secondary a-size-base prodDetSectionEntry\" style=\"text-align: left;\">ASIN</th>\r\n<td class=\"a-size-base\" style=\"text-align: right;\">B07HKNJ1ZW</td>\r\n</tr>\r\n<tr>\r\n<th class=\"a-color-secondary a-size-base prodDetSectionEntry\" style=\"text-align: left;\">Item model number</th>\r\n<td class=\"a-size-base\" style=\"text-align: right;\">SKR-H0N-64</td>\r\n</tr>\r\n<tr>\r\n<th class=\"a-color-secondary a-size-base prodDetSectionEntry\" style=\"text-align: left;\">Batteries</th>\r\n<td class=\"a-size-base\" style=\"text-align: right;\">1 Lithium Polymer batteries required. (included)</td>\r\n</tr>\r\n</tbody>\r\n</table>\r\n<p>&nbsp;</p>\r\n<p>&nbsp;</p>', '5.99 inches 1080 x 2160 pixels, 18:9 ratio (~403 ppi density), 97% DCI-P3 coverage, Fingerprint, Android 8.0\r\n64GB ROM , 6GB RAM - DOES NOT HAVE microSD Slot or 3.5mm Headset Jack, 4000mAh Long Life Battery'),
(29, 29, 'en', 'ASUS ROG Phone 2 (ZS660KL) Smartphone 128GB ROM 8GB RAM Snapdragon 855 Plus', '<p>Unlocked cell phones are compatible with GSM carrier such as AT&amp;T and T-Mobile, but are not compatible with CDMA carriers such as Verizon and Sprint.AMOLED capacitive touchscreen, 16M colors, 6.59 inches, 106.6 cm2 (~80.3% screen-to-body ratio), 1080 x 2340 pixels, 19.5:9 ratio (~391 ppi density)HDR10, 120 Hz, 240 Hz touch-sensingAndroid 9.0 (Pie), ROG UI, Qualcomm SDM855 Snapdragon 855+ (7 nm), Octa-core (1x2.96 GHz Kryo 485 &amp; 3x2.42 GHz Kryo 485 &amp; 4x1.78 GHz Kryo 485)Adreno 640 (700 MHz), 48 MP, f/1.8, 26mm (wide), 1/2\", 0.8&micro;m, PDAF, Laser AF 13 MP, f/2.4, 11mm (ultrawide), 2160p@30/60fps, 1080p@30/60/240fps, 720p@480fps; gyro-EIS (except @240/480fps)</p>\r\n<p>&nbsp;</p>\r\n<p><span style=\"text-decoration: underline;\"><strong>Product Details:</strong></span></p>\r\n<p>&nbsp;</p>\r\n<table id=\"productDetails_detailBullets_sections1\" class=\"a-keyvalue prodDetTable\" role=\"presentation\">\r\n<tbody>\r\n<tr>\r\n<th class=\"a-color-secondary a-size-base prodDetSectionEntry\" style=\"text-align: left;\">Product Dimensions</th>\r\n<td class=\"a-size-base\" style=\"text-align: right;\">7 x 3 x 2.5 inches</td>\r\n</tr>\r\n<tr>\r\n<th class=\"a-color-secondary a-size-base prodDetSectionEntry\" style=\"text-align: left;\">Item Weight</th>\r\n<td class=\"a-size-base\" style=\"text-align: right;\">8.5 ounces</td>\r\n</tr>\r\n<tr>\r\n<th class=\"a-color-secondary a-size-base prodDetSectionEntry\" style=\"text-align: left;\">Shipping Weight</th>\r\n<td class=\"a-size-base\" style=\"text-align: right;\">1.25 pounds&nbsp;</td>\r\n</tr>\r\n<tr>\r\n<th class=\"a-color-secondary a-size-base prodDetSectionEntry\" style=\"text-align: left;\">ASIN</th>\r\n<td class=\"a-size-base\" style=\"text-align: right;\">B07YBVZ2PW</td>\r\n</tr>\r\n<tr>\r\n<th class=\"a-color-secondary a-size-base prodDetSectionEntry\" style=\"text-align: left;\">Item model number</th>\r\n<td class=\"a-size-base\" style=\"text-align: right;\">ZS660KL</td>\r\n</tr>\r\n<tr>\r\n<th class=\"a-color-secondary a-size-base prodDetSectionEntry\" style=\"text-align: left;\">Batteries</th>\r\n<td class=\"a-size-base\" style=\"text-align: right;\">1 Lithium ion batteries required. (included)</td>\r\n</tr>\r\n</tbody>\r\n</table>', 'Adreno 640 (700 MHz), 48 MP, f/1.8, 26mm (wide), 1/2\", 0.8µm, PDAF, Laser AF 13 MP, f/2.4, 11mm (ultrawide), 2160p@30/60fps, 1080p@30/60/240fps, 720p@480fps; gyro-EIS (except @240/480fps)'),
(30, 30, 'en', 'ASUS ROG Gaming Phone ZS600KL (Snapdragon 845, 8GBRAM, 128GB Storage', '<p><span class=\"a-list-item\">For USA Buyers : This Smartphone is compatible/will work with any GSM Networks such as AT&amp;T, T-Mobile. For exact 2G GSM, 3G, 4G/LTE compatibility, please check with your network provider in advance prior to your purchase. This phone WILL NOT WORK with any CDMA Networks such as VERIZON, SPRINT, US CELLULAR.</span></p>\r\n<p>&nbsp;</p>\r\n<p>&nbsp;</p>\r\n<p><span class=\"a-list-item\">Dual-SIM (dual standby), Network Compatibility : SIM CARD 1 [ 2G GSM | 3G UMTS 800(B6) / 800(B19) / 850(B5) / 900(B8) / 1700|2100(B4) / 1800(B3) / 1900(B2) / 2100(B1) | 4G LTE 700(B12) / 700(B13) / 700(B17) / 700(B28) / 700(B29) / 800(B18) / 800(B19) / 800(B20) / 850(B5) / 900(B8) / 1500(B32) / 1700|2100(B4) / 1800(B3) / 1900(B2) / 2100(B1) / 2600(B7) | TD-LTE : 1900(B39) / 2000(B34) / 2300(B40) / 2500(B41) / 2600(B38) / 5900(B46) ] and SIM CARD 2 [ 2G GSM ]</span></p>\r\n<p>&nbsp;</p>\r\n<p>&nbsp;</p>\r\n<p><span class=\"a-list-item\">6\" AMOLED FHD+ Full View Display (2160x1080) 90Hz, 1ms response time</span></p>\r\n<p><span class=\"a-list-item\">128GB Storage, 8GB LPDDR4X RAM, 4000mAh Battery and support Quick Charge 4.0 fast charging</span></p>\r\n<p><span class=\"a-list-item\">Octa-core Qualcomm Snapdragon 845 Overclocked to 2.96Ghz, Programmable ultrasonic AirTrigger touch sensors gives you 2 extra fingers for gaming, 8MP Front Cameras / 12MP with OIS/EIS+ 8MP Wide-angle Rear Cameras</span></p>\r\n<p>&nbsp;</p>\r\n<p><span style=\"text-decoration: underline;\"><strong><span class=\"a-list-item\">Specifications:</span></strong></span></p>\r\n<p>&nbsp;</p>\r\n<table id=\"productDetails_techSpec_section_1\" class=\"a-keyvalue prodDetTable\" role=\"presentation\">\r\n<tbody>\r\n<tr>\r\n<th class=\"a-color-secondary a-size-base prodDetSectionEntry\" style=\"text-align: left;\">Brand Name</th>\r\n<td class=\"a-size-base\" style=\"text-align: right;\">ASUS</td>\r\n</tr>\r\n<tr>\r\n<th class=\"a-color-secondary a-size-base prodDetSectionEntry\" style=\"text-align: left;\">Item Weight</th>\r\n<td class=\"a-size-base\" style=\"text-align: right;\">7 ounces</td>\r\n</tr>\r\n<tr>\r\n<th class=\"a-color-secondary a-size-base prodDetSectionEntry\" style=\"text-align: left;\">Product Dimensions</th>\r\n<td class=\"a-size-base\" style=\"text-align: right;\">3 x 0.3 x 6.2 inches</td>\r\n</tr>\r\n<tr>\r\n<th class=\"a-color-secondary a-size-base prodDetSectionEntry\" style=\"text-align: left;\">Item model number</th>\r\n<td class=\"a-size-base\" style=\"text-align: right;\">90AZ01Q1-M00380</td>\r\n</tr>\r\n<tr>\r\n<th class=\"a-color-secondary a-size-base prodDetSectionEntry\" style=\"text-align: left;\">Batteries</th>\r\n<td class=\"a-size-base\" style=\"text-align: right;\">1 Lithium ion batteries required. (included)</td>\r\n</tr>\r\n<tr>\r\n<th class=\"a-color-secondary a-size-base prodDetSectionEntry\" style=\"text-align: left;\">Color</th>\r\n<td class=\"a-size-base\" style=\"text-align: right;\">Black</td>\r\n</tr>\r\n<tr>\r\n<th class=\"a-color-secondary a-size-base prodDetSectionEntry\" style=\"text-align: left;\">Manufacturer Part Number</th>\r\n<td class=\"a-size-base\" style=\"text-align: right;\">90AZ01Q1-M00380</td>\r\n</tr>\r\n</tbody>\r\n</table>', 'A new era of mobile gaming has dawned. An era where you take full control, where every sense is heightened, where every sinew is ready for the fray. With pure ROG gaming DNA at its core, ROGPhone breaks every rule to go where rivals fear to tread. This is a phone built to win: its extreme CPU and graphics performance, advanced GameCool vapor-chamber cooling system, 90Hz AMOLED HDR display with ultrafast 1ms response time, and groundbreaking landscape-mode design with unique side-mounted ports let you focus all your skills on the game, giving you the edge you need for total domination. ROGPhone will change your game forever.'),
(31, 31, 'en', 'Samsung Galaxy Note 10+ Plus Factory Unlocked Cell Phone with 256GB (U.S. Warranty), Aura White/ Note10+', '<div id=\"descriptionAndDetails\" class=\"a-section a-spacing-extra-large\">\r\n<div id=\"productDescription_feature_div\" class=\"celwidget\" data-feature-name=\"productDescription\" data-cel-widget=\"productDescription_feature_div\">\r\n<div id=\"productDescription_feature_div\" class=\"a-row feature\" data-feature-name=\"productDescription\" data-template-name=\"productDescription\" data-cel-widget=\"productDescription_feature_div\">\r\n<div id=\"productDescription\" class=\"a-section a-spacing-small\">\r\n<p>This Samsung Galaxy Note 10 Plus N975U 256GB Factory Unlocked Smartphone is in new-other condition. It is 100% functional and in near perfect cosmetic condition with the possibility of a few light hair marks. It does NOT come in its original packaging.</p>\r\n<p>Communicate effectively with this unlocked Samsung Galaxy Note10+ smartphone. The 12GB of RAM ensure fast processing speed, while the 256GB hard drive offers ample storage space for media and documents. This Samsung Galaxy Note10+ has a 4300 mAh battery that provides intelligent power for all-day use, and the Bluetooth connectivity lets you access music and other media wirelessly.</p>\r\n<p>&nbsp;</p>\r\n<p><span class=\"a-list-item\">Fast-charging, long-lasting intelligent power and super speed processing outlast whatever you throw at Note 10+. S pen&rsquo;s newest Evolution gives you the power of air gestures, a remote shutter and playlist button and handwriting-to-text, all in One Magic wand.</span></p>\r\n<p><span class=\"a-list-item\">6.8&rdquo; Nearly Bezel-less Infinity Display* Ultrasonic In-Display Fingerprint ID</span></p>\r\n<p>&nbsp;</p>\r\n<p>&nbsp;</p>\r\n<p><span class=\"a-list-item\">Bluetooth, Air Action Wireless Gestures, Handwriting-to-Text</span></p>\r\n<p><span class=\"a-list-item\">With a full set of Pro lenses, super-stabilization, live video bokeh and precision audio recording, Note 10+ is a studio in your pocket | 10MP Selfie Camera with Dual Pixel 12MP Wide, 12MP 2x Zoom, 16MP Ultra Wide</span></p>\r\n<p><span class=\"a-list-item\">256GB Storage / 12GB RAM 4,300mAh Superfast Charging, All-Day Battery, Wireless PowerShare</span></p>\r\n<p>&nbsp;</p>\r\n<p><span style=\"text-decoration: underline;\"><strong><span class=\"a-list-item\">Specifications:</span></strong></span></p>\r\n<p>&nbsp;</p>\r\n<table id=\"productDetails_detailBullets_sections1\" class=\"a-keyvalue prodDetTable\" style=\"height: 133px;\" role=\"presentation\">\r\n<tbody>\r\n<tr style=\"height: 19px;\">\r\n<th class=\"a-color-secondary a-size-base prodDetSectionEntry\" style=\"text-align: left; height: 19px; width: 149.875px;\">Product Dimensions</th>\r\n<td class=\"a-size-base\" style=\"height: 19px; width: 300.542px; text-align: right;\">6.4 x 3 x 0.3 inches</td>\r\n</tr>\r\n<tr style=\"height: 19px;\">\r\n<th class=\"a-color-secondary a-size-base prodDetSectionEntry\" style=\"text-align: left; height: 19px; width: 149.875px;\">Item Weight</th>\r\n<td class=\"a-size-base\" style=\"height: 19px; width: 300.542px; text-align: right;\">2.08 ounces</td>\r\n</tr>\r\n<tr style=\"height: 19px;\">\r\n<th class=\"a-color-secondary a-size-base prodDetSectionEntry\" style=\"text-align: left; height: 19px; width: 149.875px;\">Shipping Weight</th>\r\n<td class=\"a-size-base\" style=\"height: 19px; width: 300.542px; text-align: right;\">15.2 ounces</td>\r\n</tr>\r\n<tr style=\"height: 19px;\">\r\n<th class=\"a-color-secondary a-size-base prodDetSectionEntry\" style=\"text-align: left; height: 19px; width: 149.875px;\">ASIN</th>\r\n<td class=\"a-size-base\" style=\"height: 19px; width: 300.542px; text-align: right;\">B07Z435SXK</td>\r\n</tr>\r\n<tr style=\"height: 19px;\">\r\n<th class=\"a-color-secondary a-size-base prodDetSectionEntry\" style=\"text-align: left; height: 19px; width: 149.875px;\">California residents</th>\r\n<td class=\"a-size-base\" style=\"height: 19px; width: 300.542px; text-align: right;\"><a href=\"https://www.amazon.com/gp/help/customer/display.html/ref=dp_prop65_warn?ie=UTF8&amp;nodeId=3234041\">Click here</a>&nbsp;for Proposition 65 warning</td>\r\n</tr>\r\n<tr style=\"height: 19px;\">\r\n<th class=\"a-color-secondary a-size-base prodDetSectionEntry\" style=\"text-align: left; height: 19px; width: 149.875px;\">Item model number</th>\r\n<td class=\"a-size-base\" style=\"height: 19px; width: 300.542px; text-align: right;\">SM-N975UZWAXAA</td>\r\n</tr>\r\n<tr style=\"height: 19px;\">\r\n<th class=\"a-color-secondary a-size-base prodDetSectionEntry\" style=\"text-align: left; height: 19px; width: 149.875px;\">Batteries</th>\r\n<td class=\"a-size-base\" style=\"height: 19px; width: 300.542px; text-align: right;\">1 Lithium ion batteries required. (included)</td>\r\n</tr>\r\n</tbody>\r\n</table>\r\n<p>&nbsp;</p>\r\n</div>\r\n</div>\r\n</div>\r\n</div>\r\n<div id=\"renewedProgramDescriptionBtf_feature_div\" class=\"celwidget\" data-feature-name=\"renewedProgramDescriptionBtf\" data-cel-widget=\"renewedProgramDescriptionBtf_feature_div\"></div>', 'Fast-charging, long-lasting intelligent power and super speed processing outlast whatever you throw at Note 10+. S pen’s newest Evolution gives you the power of air gestures, a remote shutter and playlist button and handwriting-to-text, all in One Magic wand.\r\n6.8” Nearly Bezel-less Infinity Display* Ultrasonic In-Display Fingerprint ID'),
(32, 32, 'en', 'Google Pixel 2 64GB, Google Unlocked Smartphone, Kinda Blue', '<p><span class=\"a-list-item\" style=\"box-sizing: border-box; color: #111111;\">This Certified Refurbished product is tested and certified to look and work like new. The refurbishing process includes functionality testing, basic cleaning, inspection, and repackaging. The product ships with all relevant accessories, a minimum 90-day warranty, and may arrive in a generic box. Only select sellers who maintain a high performance bar may offer Certified Refurbished products on Amazon.com</span></p>\r\n<p>&nbsp;</p>\r\n<p>&nbsp;</p>\r\n<p><span class=\"a-list-item\" style=\"box-sizing: border-box; color: #111111;\">5.0-inch AMOLED Touchscreen Display with Protective Corning Gorilla Glass 5</span></p>\r\n<p><span class=\"a-list-item\" style=\"box-sizing: border-box; color: #111111;\">Water-resistant metal unibody (IP67 dust/water resistant, up to 1m for 30 mins)</span></p>\r\n<p><span class=\"a-list-item\" style=\"box-sizing: border-box; color: #111111;\">The latest Qualcomm MSM8998 Snapdragon 835 chipset (Octa-core (4x2.35 GHz Kryo &amp; 4x1.9 GHz Kryo CPU)</span></p>\r\n<p><span class=\"a-list-item\" style=\"box-sizing: border-box; color: #111111;\">Up to 7 hours of battery on 15 minutes of charging</span></p>\r\n<p>&nbsp;</p>\r\n<p><span style=\"text-decoration: underline;\"><strong><span class=\"a-list-item\" style=\"box-sizing: border-box; color: #111111; text-decoration: underline;\">Specifications:</span></strong></span></p>\r\n<p>&nbsp;</p>\r\n<table id=\"productDetails_detailBullets_sections1\" class=\"a-keyvalue prodDetTable\" style=\"box-sizing: border-box; margin-bottom: 22px; border-collapse: collapse; width: 457px; border-bottom: 1px solid #e7e7e7; table-layout: fixed; border-spacing: 0px; padding: 0px; color: #111111; font-family: \'Amazon Ember\', Arial, sans-serif; font-size: 13px; font-style: normal; font-variant-ligatures: normal; font-variant-caps: normal; font-weight: 400; letter-spacing: normal; orphans: 2; text-align: start; text-indent: 0px; text-transform: none; white-space: normal; widows: 2; word-spacing: 0px; -webkit-text-stroke-width: 0px; background-color: #ffffff; text-decoration-style: initial; text-decoration-color: initial;\" role=\"presentation\">\r\n<tbody style=\"box-sizing: border-box;\">\r\n<tr style=\"box-sizing: border-box;\">\r\n<th class=\"a-color-secondary a-size-base prodDetSectionEntry\" style=\"box-sizing: border-box; vertical-align: top; padding: 7px 14px 6px; color: #111111; font-size: 13px !important; line-height: 19px !important; background-color: #f3f3f3; font-weight: 400; border-top: 1px solid #e7e7e7; white-space: normal; overflow-wrap: break-word; width: 228px; text-align: left;\">Product Dimensions</th>\r\n<td class=\"a-size-base\" style=\"box-sizing: border-box; vertical-align: top; padding: 7px 14px 6px; font-size: 13px !important; line-height: 19px !important; border-top: 1px solid #e7e7e7; color: #333333; font-family: Arial; text-align: right;\">5.7 x 0.3 x 2.7 inches</td>\r\n</tr>\r\n<tr style=\"box-sizing: border-box;\">\r\n<th class=\"a-color-secondary a-size-base prodDetSectionEntry\" style=\"box-sizing: border-box; vertical-align: top; padding: 7px 14px 6px; color: #111111; font-size: 13px !important; line-height: 19px !important; background-color: #f3f3f3; font-weight: 400; border-top: 1px solid #e7e7e7; white-space: normal; overflow-wrap: break-word; width: 228px; text-align: left;\">Item Weight</th>\r\n<td class=\"a-size-base\" style=\"box-sizing: border-box; vertical-align: top; padding: 7px 14px 6px; font-size: 13px !important; line-height: 19px !important; border-top: 1px solid #e7e7e7; color: #333333; font-family: Arial; text-align: right;\">5.1 ounces</td>\r\n</tr>\r\n<tr style=\"box-sizing: border-box;\">\r\n<th class=\"a-color-secondary a-size-base prodDetSectionEntry\" style=\"box-sizing: border-box; vertical-align: top; padding: 7px 14px 6px; color: #111111; font-size: 13px !important; line-height: 19px !important; background-color: #f3f3f3; font-weight: 400; border-top: 1px solid #e7e7e7; white-space: normal; overflow-wrap: break-word; width: 228px; text-align: left;\">Shipping Weight</th>\r\n<td class=\"a-size-base\" style=\"box-sizing: border-box; vertical-align: top; padding: 7px 14px 6px; font-size: 13px !important; line-height: 19px !important; border-top: 1px solid #e7e7e7; color: #333333; font-family: Arial; text-align: right;\">8.8 ounces</td>\r\n</tr>\r\n<tr style=\"box-sizing: border-box;\">\r\n<th class=\"a-color-secondary a-size-base prodDetSectionEntry\" style=\"box-sizing: border-box; vertical-align: top; padding: 7px 14px 6px; color: #111111; font-size: 13px !important; line-height: 19px !important; background-color: #f3f3f3; font-weight: 400; border-top: 1px solid #e7e7e7; white-space: normal; overflow-wrap: break-word; width: 228px; text-align: left;\">ASIN</th>\r\n<td class=\"a-size-base\" style=\"box-sizing: border-box; vertical-align: top; padding: 7px 14px 6px; font-size: 13px !important; line-height: 19px !important; border-top: 1px solid #e7e7e7; color: #333333; font-family: Arial; text-align: right;\">B07KJHCQCV</td>\r\n</tr>\r\n<tr style=\"box-sizing: border-box;\">\r\n<th class=\"a-color-secondary a-size-base prodDetSectionEntry\" style=\"box-sizing: border-box; vertical-align: top; padding: 7px 14px 6px; color: #111111; font-size: 13px !important; line-height: 19px !important; background-color: #f3f3f3; font-weight: 400; border-top: 1px solid #e7e7e7; white-space: normal; overflow-wrap: break-word; width: 228px; text-align: left;\">Item model number</th>\r\n<td class=\"a-size-base\" style=\"box-sizing: border-box; vertical-align: top; padding: 7px 14px 6px; font-size: 13px !important; line-height: 19px !important; border-top: 1px solid #e7e7e7; color: #333333; font-family: Arial; text-align: right;\">Pixel 2</td>\r\n</tr>\r\n<tr style=\"box-sizing: border-box;\">\r\n<th class=\"a-color-secondary a-size-base prodDetSectionEntry\" style=\"box-sizing: border-box; vertical-align: top; padding: 7px 14px 6px; color: #111111; font-size: 13px !important; line-height: 19px !important; background-color: #f3f3f3; font-weight: 400; border-top: 1px solid #e7e7e7; white-space: normal; overflow-wrap: break-word; width: 228px; text-align: left;\">Batteries</th>\r\n<td class=\"a-size-base\" style=\"box-sizing: border-box; vertical-align: top; padding: 7px 14px 6px; font-size: 13px !important; line-height: 19px !important; border-top: 1px solid #e7e7e7; color: #333333; font-family: Arial; text-align: right;\">1 Lithium ion batteries required.</td>\r\n</tr>\r\n</tbody>\r\n</table>', 'A camera SO GOOD… it deserves unlimited smart storage. Capture every detail and access all your photos for free from any device, with Google Photos.');
INSERT INTO `product_translations` (`id`, `product_id`, `locale`, `name`, `description`, `short_description`) VALUES
(33, 33, 'en', 'Google - Pixel 3a with 64GB Memory Cell Phone (Unlocked) - Just Black - G020G', '<p><span style=\"color: #333333; font-family: \'Amazon Ember\', Arial, sans-serif; font-size: small; font-style: normal; font-variant-ligatures: normal; font-variant-caps: normal; font-weight: 400; letter-spacing: normal; orphans: 2; text-align: start; text-indent: 0px; text-transform: none; white-space: normal; widows: 2; word-spacing: 0px; -webkit-text-stroke-width: 0px; background-color: #ffffff; text-decoration-style: initial; text-decoration-color: initial; display: inline !important; float: none;\">Get more done with Pixel 3A. It has an extraordinary camera with features like night sight, portrait mode, and HDR+. a battery that charges fast and lasts all day [7]. All the helpfulness of the Google assistant built in. And 3 years of security and os updates included [8]. it&rsquo;s everything you love about Google &ndash; in a phone. Works with all major carriers.</span><br style=\"box-sizing: border-box; color: #333333; font-family: \'Amazon Ember\', Arial, sans-serif; font-size: small; font-style: normal; font-variant-ligatures: normal; font-variant-caps: normal; font-weight: 400; letter-spacing: normal; orphans: 2; text-align: start; text-indent: 0px; text-transform: none; white-space: normal; widows: 2; word-spacing: 0px; -webkit-text-stroke-width: 0px; background-color: #ffffff; text-decoration-style: initial; text-decoration-color: initial;\" /><br style=\"box-sizing: border-box; color: #333333; font-family: \'Amazon Ember\', Arial, sans-serif; font-size: small; font-style: normal; font-variant-ligatures: normal; font-variant-caps: normal; font-weight: 400; letter-spacing: normal; orphans: 2; text-align: start; text-indent: 0px; text-transform: none; white-space: normal; widows: 2; word-spacing: 0px; -webkit-text-stroke-width: 0px; background-color: #ffffff; text-decoration-style: initial; text-decoration-color: initial;\" /><span style=\"color: #333333; font-family: \'Amazon Ember\', Arial, sans-serif; font-size: small; font-style: normal; font-variant-ligatures: normal; font-variant-caps: normal; font-weight: 400; letter-spacing: normal; orphans: 2; text-align: start; text-indent: 0px; text-transform: none; white-space: normal; widows: 2; word-spacing: 0px; -webkit-text-stroke-width: 0px; background-color: #ffffff; text-decoration-style: initial; text-decoration-color: initial; display: inline !important; float: none;\">1. Google photos offers free unlimited online storage for all photos and videos uploaded in high-quality. Photos and videos uploaded in high-quality may be compressed or resized. Requires Google account. Data rates may apply. G.Co/help/photostorage</span><br style=\"box-sizing: border-box; color: #333333; font-family: \'Amazon Ember\', Arial, sans-serif; font-size: small; font-style: normal; font-variant-ligatures: normal; font-variant-caps: normal; font-weight: 400; letter-spacing: normal; orphans: 2; text-align: start; text-indent: 0px; text-transform: none; white-space: normal; widows: 2; word-spacing: 0px; -webkit-text-stroke-width: 0px; background-color: #ffffff; text-decoration-style: initial; text-decoration-color: initial;\" /><br style=\"box-sizing: border-box; color: #333333; font-family: \'Amazon Ember\', Arial, sans-serif; font-size: small; font-style: normal; font-variant-ligatures: normal; font-variant-caps: normal; font-weight: 400; letter-spacing: normal; orphans: 2; text-align: start; text-indent: 0px; text-transform: none; white-space: normal; widows: 2; word-spacing: 0px; -webkit-text-stroke-width: 0px; background-color: #ffffff; text-decoration-style: initial; text-decoration-color: initial;\" /><span style=\"color: #333333; font-family: \'Amazon Ember\', Arial, sans-serif; font-size: small; font-style: normal; font-variant-ligatures: normal; font-variant-caps: normal; font-weight: 400; letter-spacing: normal; orphans: 2; text-align: start; text-indent: 0px; text-transform: none; white-space: normal; widows: 2; word-spacing: 0px; -webkit-text-stroke-width: 0px; background-color: #ffffff; text-decoration-style: initial; text-decoration-color: initial; display: inline !important; float: none;\">2. Us and Canada only. English only.</span><br style=\"box-sizing: border-box; color: #333333; font-family: \'Amazon Ember\', Arial, sans-serif; font-size: small; font-style: normal; font-variant-ligatures: normal; font-variant-caps: normal; font-weight: 400; letter-spacing: normal; orphans: 2; text-align: start; text-indent: 0px; text-transform: none; white-space: normal; widows: 2; word-spacing: 0px; -webkit-text-stroke-width: 0px; background-color: #ffffff; text-decoration-style: initial; text-decoration-color: initial;\" /><br style=\"box-sizing: border-box; color: #333333; font-family: \'Amazon Ember\', Arial, sans-serif; font-size: small; font-style: normal; font-variant-ligatures: normal; font-variant-caps: normal; font-weight: 400; letter-spacing: normal; orphans: 2; text-align: start; text-indent: 0px; text-transform: none; white-space: normal; widows: 2; word-spacing: 0px; -webkit-text-stroke-width: 0px; background-color: #ffffff; text-decoration-style: initial; text-decoration-color: initial;\" /><span style=\"color: #333333; font-family: \'Amazon Ember\', Arial, sans-serif; font-size: small; font-style: normal; font-variant-ligatures: normal; font-variant-caps: normal; font-weight: 400; letter-spacing: normal; orphans: 2; text-align: start; text-indent: 0px; text-transform: none; white-space: normal; widows: 2; word-spacing: 0px; -webkit-text-stroke-width: 0px; background-color: #ffffff; text-decoration-style: initial; text-decoration-color: initial; display: inline !important; float: none;\">3. Approximate battery life based on a mix of talk, data, standby, mobile Hot-Spot and use of other features, with always on display off. An Active display or data usage will decrease battery life. Charging rates are based upon use of the included charger. Charging time performance Statistics are approximate. Actual results may vary.</span><br style=\"box-sizing: border-box; color: #333333; font-family: \'Amazon Ember\', Arial, sans-serif; font-size: small; font-style: normal; font-variant-ligatures: normal; font-variant-caps: normal; font-weight: 400; letter-spacing: normal; orphans: 2; text-align: start; text-indent: 0px; text-transform: none; white-space: normal; widows: 2; word-spacing: 0px; -webkit-text-stroke-width: 0px; background-color: #ffffff; text-decoration-style: initial; text-decoration-color: initial;\" /><br style=\"box-sizing: border-box; color: #333333; font-family: \'Amazon Ember\', Arial, sans-serif; font-size: small; font-style: normal; font-variant-ligatures: normal; font-variant-caps: normal; font-weight: 400; letter-spacing: normal; orphans: 2; text-align: start; text-indent: 0px; text-transform: none; white-space: normal; widows: 2; word-spacing: 0px; -webkit-text-stroke-width: 0px; background-color: #ffffff; text-decoration-style: initial; text-decoration-color: initial;\" /><span style=\"color: #333333; font-family: \'Amazon Ember\', Arial, sans-serif; font-size: small; font-style: normal; font-variant-ligatures: normal; font-variant-caps: normal; font-weight: 400; letter-spacing: normal; orphans: 2; text-align: start; text-indent: 0px; text-transform: none; white-space: normal; widows: 2; word-spacing: 0px; -webkit-text-stroke-width: 0px; background-color: #ffffff; text-decoration-style: initial; text-decoration-color: initial; display: inline !important; float: none;\">4. Android version updates for at least 3 years from when the device first became available on the Google store. See G.Co/Pixel/updates for details.</span><br style=\"box-sizing: border-box; color: #333333; font-family: \'Amazon Ember\', Arial, sans-serif; font-size: small; font-style: normal; font-variant-ligatures: normal; font-variant-caps: normal; font-weight: 400; letter-spacing: normal; orphans: 2; text-align: start; text-indent: 0px; text-transform: none; white-space: normal; widows: 2; word-spacing: 0px; -webkit-text-stroke-width: 0px; background-color: #ffffff; text-decoration-style: initial; text-decoration-color: initial;\" /><br style=\"box-sizing: border-box; color: #333333; font-family: \'Amazon Ember\', Arial, sans-serif; font-size: small; font-style: normal; font-variant-ligatures: normal; font-variant-caps: normal; font-weight: 400; letter-spacing: normal; orphans: 2; text-align: start; text-indent: 0px; text-transform: none; white-space: normal; widows: 2; word-spacing: 0px; -webkit-text-stroke-width: 0px; background-color: #ffffff; text-decoration-style: initial; text-decoration-color: initial;\" /><span style=\"color: #333333; font-family: \'Amazon Ember\', Arial, sans-serif; font-size: small; font-style: normal; font-variant-ligatures: normal; font-variant-caps: normal; font-weight: 400; letter-spacing: normal; orphans: 2; text-align: start; text-indent: 0px; text-transform: none; white-space: normal; widows: 2; word-spacing: 0px; -webkit-text-stroke-width: 0px; background-color: #ffffff; text-decoration-style: initial; text-decoration-color: initial; display: inline !important; float: none;\">5. See G.Co/Pixel/security for additional security information.</span><br style=\"box-sizing: border-box; color: #333333; font-family: \'Amazon Ember\', Arial, sans-serif; font-size: small; font-style: normal; font-variant-ligatures: normal; font-variant-caps: normal; font-weight: 400; letter-spacing: normal; orphans: 2; text-align: start; text-indent: 0px; text-transform: none; white-space: normal; widows: 2; word-spacing: 0px; -webkit-text-stroke-width: 0px; background-color: #ffffff; text-decoration-style: initial; text-decoration-color: initial;\" /><br style=\"box-sizing: border-box; color: #333333; font-family: \'Amazon Ember\', Arial, sans-serif; font-size: small; font-style: normal; font-variant-ligatures: normal; font-variant-caps: normal; font-weight: 400; letter-spacing: normal; orphans: 2; text-align: start; text-indent: 0px; text-transform: none; white-space: normal; widows: 2; word-spacing: 0px; -webkit-text-stroke-width: 0px; background-color: #ffffff; text-decoration-style: initial; text-decoration-color: initial;\" /><span style=\"color: #333333; font-family: \'Amazon Ember\', Arial, sans-serif; font-size: small; font-style: normal; font-variant-ligatures: normal; font-variant-caps: normal; font-weight: 400; letter-spacing: normal; orphans: 2; text-align: start; text-indent: 0px; text-transform: none; white-space: normal; widows: 2; word-spacing: 0px; -webkit-text-stroke-width: 0px; background-color: #ffffff; text-decoration-style: initial; text-decoration-color: initial; display: inline !important; float: none;\">6. Some third-party apps and data may not be transferred automatically. Visit G.Co/Pixel/help for information.</span><br style=\"box-sizing: border-box; color: #333333; font-family: \'Amazon Ember\', Arial, sans-serif; font-size: small; font-style: normal; font-variant-ligatures: normal; font-variant-caps: normal; font-weight: 400; letter-spacing: normal; orphans: 2; text-align: start; text-indent: 0px; text-transform: none; white-space: normal; widows: 2; word-spacing: 0px; -webkit-text-stroke-width: 0px; background-color: #ffffff; text-decoration-style: initial; text-decoration-color: initial;\" /><br style=\"box-sizing: border-box; color: #333333; font-family: \'Amazon Ember\', Arial, sans-serif; font-size: small; font-style: normal; font-variant-ligatures: normal; font-variant-caps: normal; font-weight: 400; letter-spacing: normal; orphans: 2; text-align: start; text-indent: 0px; text-transform: none; white-space: normal; widows: 2; word-spacing: 0px; -webkit-text-stroke-width: 0px; background-color: #ffffff; text-decoration-style: initial; text-decoration-color: initial;\" /><span style=\"color: #333333; font-family: \'Amazon Ember\', Arial, sans-serif; font-size: small; font-style: normal; font-variant-ligatures: normal; font-variant-caps: normal; font-weight: 400; letter-spacing: normal; orphans: 2; text-align: start; text-indent: 0px; text-transform: none; white-space: normal; widows: 2; word-spacing: 0px; -webkit-text-stroke-width: 0px; background-color: #ffffff; text-decoration-style: initial; text-decoration-color: initial; display: inline !important; float: none;\">7. Approximate battery life based on a mix of talk, data, standby, mobile Hot-Spot and use of other features, with always on display off. An Active display or data usage will decrease battery life. Charging rates are based upon use of the included charger. Charging time performance Statistics are approximate. Actual results may vary</span><br style=\"box-sizing: border-box; color: #333333; font-family: \'Amazon Ember\', Arial, sans-serif; font-size: small; font-style: normal; font-variant-ligatures: normal; font-variant-caps: normal; font-weight: 400; letter-spacing: normal; orphans: 2; text-align: start; text-indent: 0px; text-transform: none; white-space: normal; widows: 2; word-spacing: 0px; -webkit-text-stroke-width: 0px; background-color: #ffffff; text-decoration-style: initial; text-decoration-color: initial;\" /><br style=\"box-sizing: border-box; color: #333333; font-family: \'Amazon Ember\', Arial, sans-serif; font-size: small; font-style: normal; font-variant-ligatures: normal; font-variant-caps: normal; font-weight: 400; letter-spacing: normal; orphans: 2; text-align: start; text-indent: 0px; text-transform: none; white-space: normal; widows: 2; word-spacing: 0px; -webkit-text-stroke-width: 0px; background-color: #ffffff; text-decoration-style: initial; text-decoration-color: initial;\" /><span style=\"color: #333333; font-family: \'Amazon Ember\', Arial, sans-serif; font-size: small; font-style: normal; font-variant-ligatures: normal; font-variant-caps: normal; font-weight: 400; letter-spacing: normal; orphans: 2; text-align: start; text-indent: 0px; text-transform: none; white-space: normal; widows: 2; word-spacing: 0px; -webkit-text-stroke-width: 0px; background-color: #ffffff; text-decoration-style: initial; text-decoration-color: initial; display: inline !important; float: none;\">8. Android version updates for at least 3 years from when the device first became available on the Google store. See G.Co/Pixel/updates for details.</span></p>\r\n<p>&nbsp;</p>\r\n<p><span style=\"text-decoration: underline;\"><strong><span style=\"color: #333333; font-family: \'Amazon Ember\', Arial, sans-serif; font-size: small; font-style: normal; font-variant-ligatures: normal; font-variant-caps: normal; letter-spacing: normal; text-align: start; text-indent: 0px; text-transform: none; white-space: normal; word-spacing: 0px; -webkit-text-stroke-width: 0px; background-color: #ffffff; text-decoration: underline; display: inline !important; float: none;\">Specifications:</span></strong></span></p>\r\n<p>&nbsp;</p>\r\n<table id=\"productDetails_detailBullets_sections1\" class=\"a-keyvalue prodDetTable\" style=\"box-sizing: border-box; margin-bottom: 22px; border-collapse: collapse; width: 457px; border-bottom: 1px solid #e7e7e7; table-layout: fixed; border-spacing: 0px; padding: 0px; color: #111111; font-family: \'Amazon Ember\', Arial, sans-serif; font-size: 13px; font-style: normal; font-variant-ligatures: normal; font-variant-caps: normal; font-weight: 400; letter-spacing: normal; orphans: 2; text-align: start; text-indent: 0px; text-transform: none; white-space: normal; widows: 2; word-spacing: 0px; -webkit-text-stroke-width: 0px; background-color: #ffffff; text-decoration-style: initial; text-decoration-color: initial;\" role=\"presentation\">\r\n<tbody style=\"box-sizing: border-box;\">\r\n<tr style=\"box-sizing: border-box;\">\r\n<th class=\"a-color-secondary a-size-base prodDetSectionEntry\" style=\"box-sizing: border-box; vertical-align: top; padding: 7px 14px 6px; color: #111111; font-size: 13px !important; line-height: 19px !important; background-color: #f3f3f3; font-weight: 400; border-top: 1px solid #e7e7e7; white-space: normal; overflow-wrap: break-word; width: 228px; text-align: left;\">Product Dimensions</th>\r\n<td class=\"a-size-base\" style=\"box-sizing: border-box; vertical-align: top; padding: 7px 14px 6px; font-size: 13px !important; line-height: 19px !important; border-top: 1px solid #e7e7e7; color: #333333; font-family: Arial; text-align: right;\">6 x 2.8 x 0.3 inches</td>\r\n</tr>\r\n<tr style=\"box-sizing: border-box;\">\r\n<th class=\"a-color-secondary a-size-base prodDetSectionEntry\" style=\"box-sizing: border-box; vertical-align: top; padding: 7px 14px 6px; color: #111111; font-size: 13px !important; line-height: 19px !important; background-color: #f3f3f3; font-weight: 400; border-top: 1px solid #e7e7e7; white-space: normal; overflow-wrap: break-word; width: 228px; text-align: left;\">Item Weight</th>\r\n<td class=\"a-size-base\" style=\"box-sizing: border-box; vertical-align: top; padding: 7px 14px 6px; font-size: 13px !important; line-height: 19px !important; border-top: 1px solid #e7e7e7; color: #333333; font-family: Arial; text-align: right;\">5.1 ounces</td>\r\n</tr>\r\n<tr style=\"box-sizing: border-box;\">\r\n<th class=\"a-color-secondary a-size-base prodDetSectionEntry\" style=\"box-sizing: border-box; vertical-align: top; padding: 7px 14px 6px; color: #111111; font-size: 13px !important; line-height: 19px !important; background-color: #f3f3f3; font-weight: 400; border-top: 1px solid #e7e7e7; white-space: normal; overflow-wrap: break-word; width: 228px; text-align: left;\">Shipping Weight</th>\r\n<td class=\"a-size-base\" style=\"box-sizing: border-box; vertical-align: top; padding: 7px 14px 6px; font-size: 13px !important; line-height: 19px !important; border-top: 1px solid #e7e7e7; color: #333333; font-family: Arial; text-align: right;\">14.4 ounces</td>\r\n</tr>\r\n<tr style=\"box-sizing: border-box;\">\r\n<th class=\"a-color-secondary a-size-base prodDetSectionEntry\" style=\"box-sizing: border-box; vertical-align: top; padding: 7px 14px 6px; color: #111111; font-size: 13px !important; line-height: 19px !important; background-color: #f3f3f3; font-weight: 400; border-top: 1px solid #e7e7e7; white-space: normal; overflow-wrap: break-word; width: 228px; text-align: left;\">ASIN</th>\r\n<td class=\"a-size-base\" style=\"box-sizing: border-box; vertical-align: top; padding: 7px 14px 6px; font-size: 13px !important; line-height: 19px !important; border-top: 1px solid #e7e7e7; color: #333333; font-family: Arial; text-align: right;\">B07R7DY911</td>\r\n</tr>\r\n<tr style=\"box-sizing: border-box;\">\r\n<th class=\"a-color-secondary a-size-base prodDetSectionEntry\" style=\"box-sizing: border-box; vertical-align: top; padding: 7px 14px 6px; color: #111111; font-size: 13px !important; line-height: 19px !important; background-color: #f3f3f3; font-weight: 400; border-top: 1px solid #e7e7e7; white-space: normal; overflow-wrap: break-word; width: 228px; text-align: left;\">Item model number</th>\r\n<td class=\"a-size-base\" style=\"box-sizing: border-box; vertical-align: top; padding: 7px 14px 6px; font-size: 13px !important; line-height: 19px !important; border-top: 1px solid #e7e7e7; color: #333333; font-family: Arial; text-align: right;\">G020G</td>\r\n</tr>\r\n<tr style=\"box-sizing: border-box;\">\r\n<th class=\"a-color-secondary a-size-base prodDetSectionEntry\" style=\"box-sizing: border-box; vertical-align: top; padding: 7px 14px 6px; color: #111111; font-size: 13px !important; line-height: 19px !important; background-color: #f3f3f3; font-weight: 400; border-top: 1px solid #e7e7e7; white-space: normal; overflow-wrap: break-word; width: 228px; text-align: left;\">Batteries</th>\r\n<td class=\"a-size-base\" style=\"box-sizing: border-box; vertical-align: top; padding: 7px 14px 6px; font-size: 13px !important; line-height: 19px !important; border-top: 1px solid #e7e7e7; color: #333333; font-family: Arial; text-align: right;\">1 Lithium Polymer batteries required. (included)</td>\r\n</tr>\r\n</tbody>\r\n</table>', 'Capture stunning photos with features like night sight, portrait mode, and HDR+.\r\nSave every photo with free, unlimited storage at high quality through Google photos.\r\nThe Google assistant is the easiest way to get things done – including screening calls.'),
(34, 34, 'en', 'ZTE Axon M Z999 64GB Unlocked GSM Dual-Screen Phone w/ 20MP Camera - Black', '<p><span class=\"a-list-item\" style=\"box-sizing: border-box; color: #111111;\">Two identical foldable 5.2&rdquo; Gorilla Glass Gen 5 Display, 3 Modes - Dual, Extended &amp; Mirror, Two identical Full HD screens combine to give you a stunning 6.75&rdquo; Tablet-like Display</span></p>\r\n<p><span class=\"a-list-item\" style=\"box-sizing: border-box; color: #111111;\">RAM: 4GB, ROM: 64GB - Expandable up to 256GB MicroSD, Android 7.1.2 (Nougat), 2.15 GHz Quad-Core Qualcomm Snapdragon Integrated Qualcomm ARMv8</span></p>\r\n<p>&nbsp;</p>\r\n<p>&nbsp;</p>\r\n<p><span class=\"a-list-item\" style=\"box-sizing: border-box; color: #111111;\">20MP - Single Camera for both Rear and Front Facing, Auto focus, Video Capture: 4K, Fingerprint Sensor - Integrated with Power Button, Non-removable Li-Ion 3180 mAh battery</span></p>\r\n<p><span class=\"a-list-item\" style=\"box-sizing: border-box; color: #111111;\">2G bands: GSM 850 / 1900, 3G bands: HSDPA 850 / 1700(AWS) / 1900, 4G bands: LTE band 2(1900), 4(1700/2100), 5(850), 12(700), 29(700), 30(2300), 66(1700/2100)</span></p>\r\n<p>&nbsp;</p>\r\n<p>&nbsp;</p>\r\n<p><span class=\"a-list-item\" style=\"box-sizing: border-box; color: #111111;\">US warranty is Included. The phone is unlocked to work with all GSM Carriers like AT&amp;T, T-Mobile, Etc. Will NOT work with CDMA Carriers Such as Verizon, Sprint, Boost.</span></p>\r\n<p>&nbsp;</p>\r\n<p><span style=\"text-decoration: underline;\"><strong><span class=\"a-list-item\" style=\"box-sizing: border-box; color: #111111; text-decoration: underline;\">Products Details:</span></strong></span></p>\r\n<p>&nbsp;</p>\r\n<table id=\"productDetails_detailBullets_sections1\" class=\"a-keyvalue prodDetTable\" style=\"box-sizing: border-box; margin-bottom: 22px; border-collapse: collapse; width: 457px; border-bottom: 1px solid #e7e7e7; table-layout: fixed; border-spacing: 0px; padding: 0px; color: #111111; font-family: \'Amazon Ember\', Arial, sans-serif; font-size: 13px; font-style: normal; font-variant-ligatures: normal; font-variant-caps: normal; font-weight: 400; letter-spacing: normal; orphans: 2; text-align: start; text-indent: 0px; text-transform: none; white-space: normal; widows: 2; word-spacing: 0px; -webkit-text-stroke-width: 0px; background-color: #ffffff; text-decoration-style: initial; text-decoration-color: initial;\" role=\"presentation\">\r\n<tbody style=\"box-sizing: border-box;\">\r\n<tr style=\"box-sizing: border-box;\">\r\n<th class=\"a-color-secondary a-size-base prodDetSectionEntry\" style=\"box-sizing: border-box; vertical-align: top; text-align: left; padding: 7px 14px 6px; color: #111111; font-size: 13px !important; line-height: 19px !important; background-color: #f3f3f3; font-weight: 400; border-top: 1px solid #e7e7e7; white-space: normal; overflow-wrap: break-word; width: 228px;\">Package Dimensions</th>\r\n<td class=\"a-size-base\" style=\"box-sizing: border-box; vertical-align: top; padding: 7px 14px 6px; font-size: 13px !important; line-height: 19px !important; border-top: 1px solid #e7e7e7; color: #333333; font-family: Arial; text-align: right;\">7.6 x 4.1 x 2.8 inches</td>\r\n</tr>\r\n<tr style=\"box-sizing: border-box;\">\r\n<th class=\"a-color-secondary a-size-base prodDetSectionEntry\" style=\"box-sizing: border-box; vertical-align: top; text-align: left; padding: 7px 14px 6px; color: #111111; font-size: 13px !important; line-height: 19px !important; background-color: #f3f3f3; font-weight: 400; border-top: 1px solid #e7e7e7; white-space: normal; overflow-wrap: break-word; width: 228px;\">Item Weight</th>\r\n<td class=\"a-size-base\" style=\"box-sizing: border-box; vertical-align: top; padding: 7px 14px 6px; font-size: 13px !important; line-height: 19px !important; border-top: 1px solid #e7e7e7; color: #333333; font-family: Arial; text-align: right;\">7.8 ounces</td>\r\n</tr>\r\n<tr style=\"box-sizing: border-box;\">\r\n<th class=\"a-color-secondary a-size-base prodDetSectionEntry\" style=\"box-sizing: border-box; vertical-align: top; text-align: left; padding: 7px 14px 6px; color: #111111; font-size: 13px !important; line-height: 19px !important; background-color: #f3f3f3; font-weight: 400; border-top: 1px solid #e7e7e7; white-space: normal; overflow-wrap: break-word; width: 228px;\">Shipping Weight</th>\r\n<td class=\"a-size-base\" style=\"box-sizing: border-box; vertical-align: top; padding: 7px 14px 6px; font-size: 13px !important; line-height: 19px !important; border-top: 1px solid #e7e7e7; color: #333333; font-family: Arial; text-align: right;\">1.28 pounds</td>\r\n</tr>\r\n<tr style=\"box-sizing: border-box;\">\r\n<th class=\"a-color-secondary a-size-base prodDetSectionEntry\" style=\"box-sizing: border-box; vertical-align: top; text-align: left; padding: 7px 14px 6px; color: #111111; font-size: 13px !important; line-height: 19px !important; background-color: #f3f3f3; font-weight: 400; border-top: 1px solid #e7e7e7; white-space: normal; overflow-wrap: break-word; width: 228px;\">ASIN</th>\r\n<td class=\"a-size-base\" style=\"box-sizing: border-box; vertical-align: top; padding: 7px 14px 6px; font-size: 13px !important; line-height: 19px !important; border-top: 1px solid #e7e7e7; color: #333333; font-family: Arial; text-align: right;\">B07FXGHY1C</td>\r\n</tr>\r\n<tr style=\"box-sizing: border-box;\">\r\n<th class=\"a-color-secondary a-size-base prodDetSectionEntry\" style=\"box-sizing: border-box; vertical-align: top; text-align: left; padding: 7px 14px 6px; color: #111111; font-size: 13px !important; line-height: 19px !important; background-color: #f3f3f3; font-weight: 400; border-top: 1px solid #e7e7e7; white-space: normal; overflow-wrap: break-word; width: 228px;\">Item model number</th>\r\n<td class=\"a-size-base\" style=\"box-sizing: border-box; vertical-align: top; padding: 7px 14px 6px; font-size: 13px !important; line-height: 19px !important; border-top: 1px solid #e7e7e7; color: #333333; font-family: Arial; text-align: right;\">.</td>\r\n</tr>\r\n<tr style=\"box-sizing: border-box;\">\r\n<th class=\"a-color-secondary a-size-base prodDetSectionEntry\" style=\"box-sizing: border-box; vertical-align: top; text-align: left; padding: 7px 14px 6px; color: #111111; font-size: 13px !important; line-height: 19px !important; background-color: #f3f3f3; font-weight: 400; border-top: 1px solid #e7e7e7; white-space: normal; overflow-wrap: break-word; width: 228px;\">Batteries</th>\r\n<td class=\"a-size-base\" style=\"box-sizing: border-box; vertical-align: top; padding: 7px 14px 6px; font-size: 13px !important; line-height: 19px !important; border-top: 1px solid #e7e7e7; color: #333333; font-family: Arial; text-align: right;\">1 Lithium ion batteries required. (included)</td>\r\n</tr>\r\n</tbody>\r\n</table>', 'RAM: 4GB, ROM: 64GB - Expandable up to 256GB MicroSD, Android 7.1.2 (Nougat), 2.15 GHz Quad-Core Qualcomm Snapdragon Integrated Qualcomm ARMv8'),
(35, 35, 'en', 'Xiaomi Redmi Note 9S 6.67\" 48MP International Global Version (Aurora Blue, 6GB/128GB)', '<p><span class=\"a-list-item\" style=\"box-sizing: border-box; color: #111111;\">6.67\" Dot Display, Qualcomm Snapdragon 720G High-performance octa-core processor Frequency: up to 2.3GHz Adreno 618 graphics processor Qualcomm 5th generation AI engine</span></p>\r\n<p><span class=\"a-list-item\" style=\"box-sizing: border-box; color: #111111;\">Camera - 48MP AI quad camera 48MP ultra-high resolution primary camera, Front Camera 16MP In-Display</span></p>\r\n<p>&nbsp;</p>\r\n<p>&nbsp;</p>\r\n<p><span class=\"a-list-item\" style=\"box-sizing: border-box; color: #111111;\">Network &amp; Connectivity GSM: B2/3/5/8 WCDMA: B1/2/4/5/8 TDD LTE: B38/40 FDD LTE: B1/2/3/4/5/7/8/20/28</span></p>\r\n<p><span class=\"a-list-item\" style=\"box-sizing: border-box; color: #111111;\">Battery and Charging 5020mAh Built-In Non-removable Lithium Ion Polymer Battery USB Type-C reversible connector port Supports 18W wired fast charging Includes 22.5W wire charger (Foreign Wall Adapter)</span></p>\r\n<p><span class=\"a-list-item\" style=\"box-sizing: border-box; color: #111111;\">International Model - No Warranty in US. Compatible with Most GSM Carriers like T-Mobile, AT&amp;T, MetroPCS, etc. Will NOT work with CDMA Carriers Such as Verizon, Sprint, Boost. - FCC ID: 2AFZZJ6A1G</span></p>\r\n<p>&nbsp;</p>\r\n<p>&nbsp;</p>\r\n<p><br /><span style=\"text-decoration: underline;\"><strong>Products Details:</strong></span></p>\r\n<p>&nbsp;</p>\r\n<table id=\"productDetails_detailBullets_sections1\" class=\"a-keyvalue prodDetTable\" style=\"box-sizing: border-box; margin-bottom: 22px; border-collapse: collapse; width: 457px; border-bottom: 1px solid #e7e7e7; table-layout: fixed; border-spacing: 0px; padding: 0px; color: #111111; font-family: \'Amazon Ember\', Arial, sans-serif; font-size: 13px; font-style: normal; font-variant-ligatures: normal; font-variant-caps: normal; font-weight: 400; letter-spacing: normal; orphans: 2; text-align: start; text-indent: 0px; text-transform: none; white-space: normal; widows: 2; word-spacing: 0px; -webkit-text-stroke-width: 0px; background-color: #ffffff; text-decoration-style: initial; text-decoration-color: initial;\" role=\"presentation\">\r\n<tbody style=\"box-sizing: border-box;\">\r\n<tr style=\"box-sizing: border-box;\">\r\n<th class=\"a-color-secondary a-size-base prodDetSectionEntry\" style=\"box-sizing: border-box; vertical-align: top; text-align: left; padding: 7px 14px 6px; color: #111111; font-size: 13px !important; line-height: 19px !important; background-color: #f3f3f3; font-weight: 400; border-top: 1px solid #e7e7e7; white-space: normal; overflow-wrap: break-word; width: 228px;\">Product Dimensions</th>\r\n<td class=\"a-size-base\" style=\"box-sizing: border-box; vertical-align: top; padding: 7px 14px 6px; font-size: 13px !important; line-height: 19px !important; border-top: 1px solid #e7e7e7; color: #333333; font-family: Arial; text-align: right;\">3 x 0.3 x 6.5 inches</td>\r\n</tr>\r\n<tr style=\"box-sizing: border-box;\">\r\n<th class=\"a-color-secondary a-size-base prodDetSectionEntry\" style=\"box-sizing: border-box; vertical-align: top; text-align: left; padding: 7px 14px 6px; color: #111111; font-size: 13px !important; line-height: 19px !important; background-color: #f3f3f3; font-weight: 400; border-top: 1px solid #e7e7e7; white-space: normal; overflow-wrap: break-word; width: 228px;\">Item Weight</th>\r\n<td class=\"a-size-base\" style=\"box-sizing: border-box; vertical-align: top; padding: 7px 14px 6px; font-size: 13px !important; line-height: 19px !important; border-top: 1px solid #e7e7e7; color: #333333; font-family: Arial; text-align: right;\">0.64 ounces</td>\r\n</tr>\r\n<tr style=\"box-sizing: border-box;\">\r\n<th class=\"a-color-secondary a-size-base prodDetSectionEntry\" style=\"box-sizing: border-box; vertical-align: top; text-align: left; padding: 7px 14px 6px; color: #111111; font-size: 13px !important; line-height: 19px !important; background-color: #f3f3f3; font-weight: 400; border-top: 1px solid #e7e7e7; white-space: normal; overflow-wrap: break-word; width: 228px;\">Shipping Weight</th>\r\n<td class=\"a-size-base\" style=\"box-sizing: border-box; vertical-align: top; padding: 7px 14px 6px; font-size: 13px !important; line-height: 19px !important; border-top: 1px solid #e7e7e7; color: #333333; font-family: Arial; text-align: right;\">1.23 pounds</td>\r\n</tr>\r\n<tr style=\"box-sizing: border-box;\">\r\n<th class=\"a-color-secondary a-size-base prodDetSectionEntry\" style=\"box-sizing: border-box; vertical-align: top; text-align: left; padding: 7px 14px 6px; color: #111111; font-size: 13px !important; line-height: 19px !important; background-color: #f3f3f3; font-weight: 400; border-top: 1px solid #e7e7e7; white-space: normal; overflow-wrap: break-word; width: 228px;\">ASIN</th>\r\n<td class=\"a-size-base\" style=\"box-sizing: border-box; vertical-align: top; padding: 7px 14px 6px; font-size: 13px !important; line-height: 19px !important; border-top: 1px solid #e7e7e7; color: #333333; font-family: Arial; text-align: right;\">B085S45ZZS</td>\r\n</tr>\r\n<tr style=\"box-sizing: border-box;\">\r\n<th class=\"a-color-secondary a-size-base prodDetSectionEntry\" style=\"box-sizing: border-box; vertical-align: top; text-align: left; padding: 7px 14px 6px; color: #111111; font-size: 13px !important; line-height: 19px !important; background-color: #f3f3f3; font-weight: 400; border-top: 1px solid #e7e7e7; white-space: normal; overflow-wrap: break-word; width: 228px;\">Item model number</th>\r\n<td class=\"a-size-base\" style=\"box-sizing: border-box; vertical-align: top; padding: 7px 14px 6px; font-size: 13px !important; line-height: 19px !important; border-top: 1px solid #e7e7e7; color: #333333; font-family: Arial; text-align: right;\">27283</td>\r\n</tr>\r\n<tr style=\"box-sizing: border-box;\">\r\n<th class=\"a-color-secondary a-size-base prodDetSectionEntry\" style=\"box-sizing: border-box; vertical-align: top; text-align: left; padding: 7px 14px 6px; color: #111111; font-size: 13px !important; line-height: 19px !important; background-color: #f3f3f3; font-weight: 400; border-top: 1px solid #e7e7e7; white-space: normal; overflow-wrap: break-word; width: 228px;\">Batteries</th>\r\n<td class=\"a-size-base\" style=\"box-sizing: border-box; vertical-align: top; padding: 7px 14px 6px; font-size: 13px !important; line-height: 19px !important; border-top: 1px solid #e7e7e7; color: #333333; font-family: Arial; text-align: right;\">1 Lithium Polymer batteries required. (included)</td>\r\n</tr>\r\n</tbody>\r\n</table>', '6.67\" Dot Display, Qualcomm Snapdragon 720G High-performance octa-core processor Frequency: up to 2.3GHz Adreno 618 graphics processor Qualcomm 5th generation AI engine\r\nCamera - 48MP AI quad camera 48MP ultra-high resolution primary camera, Front Camera 16MP In-Display');
